[INFO] fetching crate mogwai-html-macro 0.2.2...
[INFO] checking mogwai-html-macro-0.2.2 against 1.55.0 for beta-1.56-3
[INFO] extracting crate mogwai-html-macro 0.2.2 into /workspace/builds/worker-2/source
[INFO] validating manifest of crates.io crate mogwai-html-macro 0.2.2 on toolchain 1.55.0
[INFO] running `Command { std: "/workspace/cargo-home/bin/cargo" "+1.55.0" "metadata" "--manifest-path" "Cargo.toml" "--no-deps", kill_on_drop: false }`
[INFO] started tweaking crates.io crate mogwai-html-macro 0.2.2
[INFO] finished tweaking crates.io crate mogwai-html-macro 0.2.2
[INFO] tweaked toml for crates.io crate mogwai-html-macro 0.2.2 written to /workspace/builds/worker-2/source/Cargo.toml
[INFO] running `Command { std: "/workspace/cargo-home/bin/cargo" "+1.55.0" "generate-lockfile" "--manifest-path" "Cargo.toml" "-Zno-index-update", kill_on_drop: false }`
[INFO] running `Command { std: "/workspace/cargo-home/bin/cargo" "+1.55.0" "fetch" "--manifest-path" "Cargo.toml", kill_on_drop: false }`
[INFO] running `Command { std: "docker" "create" "-v" "/var/lib/crater-agent-workspace/builds/worker-2/target:/opt/rustwide/target:rw,Z" "-v" "/var/lib/crater-agent-workspace/builds/worker-2/source:/opt/rustwide/workdir:ro,Z" "-v" "/var/lib/crater-agent-workspace/cargo-home:/opt/rustwide/cargo-home:ro,Z" "-v" "/var/lib/crater-agent-workspace/rustup-home:/opt/rustwide/rustup-home:ro,Z" "-e" "SOURCE_DIR=/opt/rustwide/workdir" "-e" "CARGO_TARGET_DIR=/opt/rustwide/target" "-e" "CARGO_HOME=/opt/rustwide/cargo-home" "-e" "RUSTUP_HOME=/opt/rustwide/rustup-home" "-w" "/opt/rustwide/workdir" "-m" "1610612736" "--user" "0:0" "--network" "none" "ghcr.io/rust-lang/crates-build-env/linux@sha256:a89201d6b5b9fd45c15d5952ece0a0129e7e80cb26ec023fd59cf09bc26f1604" "/opt/rustwide/cargo-home/bin/cargo" "+1.55.0" "metadata" "--no-deps" "--format-version=1", kill_on_drop: false }`
[INFO] [stdout] 130d8f6672889bc0b3486e94eed67d79d39d1e750c57652a1a486e118499398d
[INFO] [stderr] WARNING: Your kernel does not support swap limit capabilities or the cgroup is not mounted. Memory limited without swap.
[INFO] running `Command { std: "docker" "start" "-a" "130d8f6672889bc0b3486e94eed67d79d39d1e750c57652a1a486e118499398d", kill_on_drop: false }`
[INFO] running `Command { std: "docker" "inspect" "130d8f6672889bc0b3486e94eed67d79d39d1e750c57652a1a486e118499398d", kill_on_drop: false }`
[INFO] running `Command { std: "docker" "rm" "-f" "130d8f6672889bc0b3486e94eed67d79d39d1e750c57652a1a486e118499398d", kill_on_drop: false }`
[INFO] [stdout] 130d8f6672889bc0b3486e94eed67d79d39d1e750c57652a1a486e118499398d
[INFO] running `Command { std: "docker" "create" "-v" "/var/lib/crater-agent-workspace/builds/worker-2/target:/opt/rustwide/target:rw,Z" "-v" "/var/lib/crater-agent-workspace/builds/worker-2/source:/opt/rustwide/workdir:ro,Z" "-v" "/var/lib/crater-agent-workspace/cargo-home:/opt/rustwide/cargo-home:ro,Z" "-v" "/var/lib/crater-agent-workspace/rustup-home:/opt/rustwide/rustup-home:ro,Z" "-e" "SOURCE_DIR=/opt/rustwide/workdir" "-e" "CARGO_TARGET_DIR=/opt/rustwide/target" "-e" "CARGO_INCREMENTAL=0" "-e" "RUST_BACKTRACE=full" "-e" "RUSTFLAGS=--cap-lints=warn" "-e" "CARGO_HOME=/opt/rustwide/cargo-home" "-e" "RUSTUP_HOME=/opt/rustwide/rustup-home" "-w" "/opt/rustwide/workdir" "-m" "1610612736" "--user" "0:0" "--network" "none" "ghcr.io/rust-lang/crates-build-env/linux@sha256:a89201d6b5b9fd45c15d5952ece0a0129e7e80cb26ec023fd59cf09bc26f1604" "/opt/rustwide/cargo-home/bin/cargo" "+1.55.0" "check" "--frozen" "--all" "--all-targets" "--message-format=json", kill_on_drop: false }`
[INFO] [stderr] WARNING: Your kernel does not support swap limit capabilities or the cgroup is not mounted. Memory limited without swap.
[INFO] [stdout] 8ead6535b55c40983d110143eb37e7f63b770256d58d782a9227ff9f05a45d20
[INFO] running `Command { std: "docker" "start" "-a" "8ead6535b55c40983d110143eb37e7f63b770256d58d782a9227ff9f05a45d20", kill_on_drop: false }`
[INFO] [stderr]    Compiling proc-macro2 v1.0.30
[INFO] [stderr]     Checking quote v1.0.10
[INFO] [stderr]     Checking syn v1.0.80
[INFO] [stderr]    Compiling wasm-bindgen-test-macro v0.3.28
[INFO] [stderr]    Compiling wasm-bindgen-backend v0.2.78
[INFO] [stderr]    Compiling syn-rsx v0.7.3
[INFO] [stderr]     Checking mogwai-html-macro v0.2.2 (/opt/rustwide/workdir)
[INFO] [stderr]    Compiling wasm-bindgen-macro-support v0.2.78
[INFO] [stderr]    Compiling wasm-bindgen-macro v0.2.78
[INFO] [stderr]     Checking wasm-bindgen v0.2.78
[INFO] [stderr]     Checking js-sys v0.3.55
[INFO] [stderr]     Checking console_error_panic_hook v0.1.7
[INFO] [stderr]     Checking wasm-bindgen-futures v0.4.28
[INFO] [stderr]     Checking web-sys v0.3.55
[INFO] [stderr]     Checking wasm-bindgen-test v0.3.28
[INFO] [stdout] error[E0433]: failed to resolve: use of undeclared crate or module `mogwai`
[INFO] [stdout]  --> tests/integration_test.rs:2:5
[INFO] [stdout]   |
[INFO] [stdout] 2 | use mogwai::prelude::*;
[INFO] [stdout]   |     ^^^^^^ use of undeclared crate or module `mogwai`
[INFO] [stdout] 
[INFO] [stdout] 
[INFO] [stdout] error: cannot find macro `view` in this scope
[INFO] [stdout]  --> tests/integration_test.rs:7:23
[INFO] [stdout]   |
[INFO] [stdout] 7 |     let div: String = view! {
[INFO] [stdout]   |                       ^^^^
[INFO] [stdout]   |
[INFO] [stdout]   = note: consider importing this macro:
[INFO] [stdout]           mogwai_html_macro::view
[INFO] [stdout] 
[INFO] [stdout] 
[INFO] [stdout] error: cannot find macro `view` in this scope
[INFO] [stdout]   --> tests/integration_test.rs:13:23
[INFO] [stdout]    |
[INFO] [stdout] 13 |     let div: String = view! {
[INFO] [stdout]    |                       ^^^^
[INFO] [stdout]    |
[INFO] [stdout]    = note: consider importing this macro:
[INFO] [stdout]            mogwai_html_macro::view
[INFO] [stdout] 
[INFO] [stdout] 
[INFO] [stdout] error: cannot find macro `view` in this scope
[INFO] [stdout]   --> tests/integration_test.rs:24:23
[INFO] [stdout]    |
[INFO] [stdout] 24 |     let div: String = view! {<a href="http://zyghost.com" class="blah"/>}.html_string();
[INFO] [stdout]    |                       ^^^^
[INFO] [stdout]    |
[INFO] [stdout]    = note: consider importing this macro:
[INFO] [stdout]            mogwai_html_macro::view
[INFO] [stdout] 
[INFO] [stdout] 
[INFO] [stdout] error: cannot find macro `view` in this scope
[INFO] [stdout]   --> tests/integration_test.rs:27:23
[INFO] [stdout]    |
[INFO] [stdout] 27 |     let div: String = view! {<img src="http://zyghost.com/favicon.ico" class="blah"/>}.html_string();
[INFO] [stdout]    |                       ^^^^
[INFO] [stdout]    |
[INFO] [stdout]    = note: consider importing this macro:
[INFO] [stdout]            mogwai_html_macro::view
[INFO] [stdout] 
[INFO] [stdout] 
[INFO] [stdout] error: cannot find macro `view` in this scope
[INFO] [stdout]   --> tests/integration_test.rs:45:23
[INFO] [stdout]    |
[INFO] [stdout] 45 |     let div: String = view! {
[INFO] [stdout]    |                       ^^^^
[INFO] [stdout]    |
[INFO] [stdout]    = note: consider importing this macro:
[INFO] [stdout]            mogwai_html_macro::view
[INFO] [stdout] 
[INFO] [stdout] 
[INFO] [stdout] error: cannot find macro `view` in this scope
[INFO] [stdout]   --> tests/integration_test.rs:58:21
[INFO] [stdout]    |
[INFO] [stdout] 58 |     let s: String = view! {
[INFO] [stdout]    |                     ^^^^
[INFO] [stdout]    |
[INFO] [stdout]    = note: consider importing this macro:
[INFO] [stdout]            mogwai_html_macro::view
[INFO] [stdout] 
[INFO] [stdout] 
[INFO] [stdout] error: cannot find macro `view` in this scope
[INFO] [stdout]   --> tests/integration_test.rs:72:21
[INFO] [stdout]    |
[INFO] [stdout] 72 |     let s: String = view! {
[INFO] [stdout]    |                     ^^^^
[INFO] [stdout]    |
[INFO] [stdout]    = note: consider importing this macro:
[INFO] [stdout]            mogwai_html_macro::view
[INFO] [stdout] 
[INFO] [stdout] 
[INFO] [stdout] error: cannot find macro `view` in this scope
[INFO] [stdout]   --> tests/integration_test.rs:82:21
[INFO] [stdout]    |
[INFO] [stdout] 82 |     let s: String = view! {
[INFO] [stdout]    |                     ^^^^
[INFO] [stdout]    |
[INFO] [stdout]    = note: consider importing this macro:
[INFO] [stdout]            mogwai_html_macro::view
[INFO] [stdout] 
[INFO] [stdout] 
[INFO] [stdout] error: cannot find macro `view` in this scope
[INFO] [stdout]   --> tests/integration_test.rs:92:21
[INFO] [stdout]    |
[INFO] [stdout] 92 |     let _: String = view! {
[INFO] [stdout]    |                     ^^^^
[INFO] [stdout]    |
[INFO] [stdout]    = note: consider importing this macro:
[INFO] [stdout]            mogwai_html_macro::view
[INFO] [stdout] 
[INFO] [stdout] 
[INFO] [stdout] error[E0433]: failed to resolve: use of undeclared type `View`
[INFO] [stdout]   --> tests/integration_test.rs:33:38
[INFO] [stdout]    |
[INFO] [stdout] 33 |     let mut div: View<HtmlElement> = View::element("a");
[INFO] [stdout]    |                                      ^^^^ use of undeclared type `View`
[INFO] [stdout] 
[INFO] [stdout] 
[INFO] [stdout] error[E0433]: failed to resolve: use of undeclared type `View`
[INFO] [stdout]   --> tests/integration_test.rs:36:14
[INFO] [stdout]    |
[INFO] [stdout] 36 |     div.with(View::from("a text node"));
[INFO] [stdout]    |              ^^^^ use of undeclared type `View`
[INFO] [stdout] 
[INFO] [stdout] 
[INFO] [stdout] error[E0412]: cannot find type `View` in this scope
[INFO] [stdout]   --> tests/integration_test.rs:33:18
[INFO] [stdout]    |
[INFO] [stdout] 33 |     let mut div: View<HtmlElement> = View::element("a");
[INFO] [stdout]    |                  ^^^^ not found in this scope
[INFO] [stdout] 
[INFO] [stdout] 
[INFO] [stdout] error[E0412]: cannot find type `HtmlElement` in this scope
[INFO] [stdout]   --> tests/integration_test.rs:33:23
[INFO] [stdout]    |
[INFO] [stdout] 32 | fn by_hand() {
[INFO] [stdout]    |           - help: you might be missing a type parameter: `<HtmlElement>`
[INFO] [stdout] 33 |     let mut div: View<HtmlElement> = View::element("a");
[INFO] [stdout]    |                       ^^^^^^^^^^^ not found in this scope
[INFO] [stdout] 
[INFO] [stdout] 
[INFO] [stdout] error: aborting due to 14 previous errors
[INFO] [stdout] 
[INFO] [stdout] 
[INFO] [stdout] Some errors have detailed explanations: E0412, E0433.
[INFO] [stdout] 
[INFO] [stdout] For more information about an error, try `rustc --explain E0412`.
[INFO] [stdout] 
[INFO] [stderr] error: could not compile `mogwai-html-macro` due to 15 previous errors
[INFO] [stderr] warning: build failed, waiting for other jobs to finish...
[INFO] [stderr] error: build failed
[INFO] running `Command { std: "docker" "inspect" "8ead6535b55c40983d110143eb37e7f63b770256d58d782a9227ff9f05a45d20", kill_on_drop: false }`
[INFO] running `Command { std: "docker" "rm" "-f" "8ead6535b55c40983d110143eb37e7f63b770256d58d782a9227ff9f05a45d20", kill_on_drop: false }`
[INFO] [stdout] 8ead6535b55c40983d110143eb37e7f63b770256d58d782a9227ff9f05a45d20
