[INFO] fetching crate misskey-websocket 0.2.0...
[INFO] checking misskey-websocket-0.2.0 against beta-2021-10-15 for beta-1.56-3
[INFO] extracting crate misskey-websocket 0.2.0 into /workspace/builds/worker-66/source
[INFO] validating manifest of crates.io crate misskey-websocket 0.2.0 on toolchain beta-2021-10-15
[INFO] running `Command { std: "/workspace/cargo-home/bin/cargo" "+beta-2021-10-15" "metadata" "--manifest-path" "Cargo.toml" "--no-deps", kill_on_drop: false }`
[INFO] started tweaking crates.io crate misskey-websocket 0.2.0
[INFO] finished tweaking crates.io crate misskey-websocket 0.2.0
[INFO] tweaked toml for crates.io crate misskey-websocket 0.2.0 written to /workspace/builds/worker-66/source/Cargo.toml
[INFO] running `Command { std: "/workspace/cargo-home/bin/cargo" "+beta-2021-10-15" "generate-lockfile" "--manifest-path" "Cargo.toml" "-Zno-index-update", kill_on_drop: false }`
[INFO] [stderr]     Blocking waiting for file lock on package cache
[INFO] running `Command { std: "/workspace/cargo-home/bin/cargo" "+beta-2021-10-15" "fetch" "--manifest-path" "Cargo.toml", kill_on_drop: false }`
[INFO] [stderr]     Blocking waiting for file lock on package cache
[INFO] [stderr]     Blocking waiting for file lock on package cache
[INFO] running `Command { std: "docker" "create" "-v" "/var/lib/crater-agent-workspace/builds/worker-66/target:/opt/rustwide/target:rw,Z" "-v" "/var/lib/crater-agent-workspace/builds/worker-66/source:/opt/rustwide/workdir:ro,Z" "-v" "/var/lib/crater-agent-workspace/cargo-home:/opt/rustwide/cargo-home:ro,Z" "-v" "/var/lib/crater-agent-workspace/rustup-home:/opt/rustwide/rustup-home:ro,Z" "-e" "SOURCE_DIR=/opt/rustwide/workdir" "-e" "CARGO_TARGET_DIR=/opt/rustwide/target" "-e" "CARGO_HOME=/opt/rustwide/cargo-home" "-e" "RUSTUP_HOME=/opt/rustwide/rustup-home" "-w" "/opt/rustwide/workdir" "-m" "1610612736" "--user" "0:0" "--network" "none" "ghcr.io/rust-lang/crates-build-env/linux@sha256:a89201d6b5b9fd45c15d5952ece0a0129e7e80cb26ec023fd59cf09bc26f1604" "/opt/rustwide/cargo-home/bin/cargo" "+beta-2021-10-15" "metadata" "--no-deps" "--format-version=1", kill_on_drop: false }`
[INFO] [stdout] 8d3e60f1b7c17653962916ba143a92bd8edb341dba7bd69c52d636ffdf513c62
[INFO] running `Command { std: "docker" "start" "-a" "8d3e60f1b7c17653962916ba143a92bd8edb341dba7bd69c52d636ffdf513c62", kill_on_drop: false }`
[INFO] running `Command { std: "docker" "inspect" "8d3e60f1b7c17653962916ba143a92bd8edb341dba7bd69c52d636ffdf513c62", kill_on_drop: false }`
[INFO] running `Command { std: "docker" "rm" "-f" "8d3e60f1b7c17653962916ba143a92bd8edb341dba7bd69c52d636ffdf513c62", kill_on_drop: false }`
[INFO] [stdout] 8d3e60f1b7c17653962916ba143a92bd8edb341dba7bd69c52d636ffdf513c62
[INFO] running `Command { std: "docker" "create" "-v" "/var/lib/crater-agent-workspace/builds/worker-66/target:/opt/rustwide/target:rw,Z" "-v" "/var/lib/crater-agent-workspace/builds/worker-66/source:/opt/rustwide/workdir:ro,Z" "-v" "/var/lib/crater-agent-workspace/cargo-home:/opt/rustwide/cargo-home:ro,Z" "-v" "/var/lib/crater-agent-workspace/rustup-home:/opt/rustwide/rustup-home:ro,Z" "-e" "SOURCE_DIR=/opt/rustwide/workdir" "-e" "CARGO_TARGET_DIR=/opt/rustwide/target" "-e" "CARGO_INCREMENTAL=0" "-e" "RUST_BACKTRACE=full" "-e" "RUSTFLAGS=--cap-lints=warn" "-e" "CARGO_HOME=/opt/rustwide/cargo-home" "-e" "RUSTUP_HOME=/opt/rustwide/rustup-home" "-w" "/opt/rustwide/workdir" "-m" "1610612736" "--user" "0:0" "--network" "none" "ghcr.io/rust-lang/crates-build-env/linux@sha256:a89201d6b5b9fd45c15d5952ece0a0129e7e80cb26ec023fd59cf09bc26f1604" "/opt/rustwide/cargo-home/bin/cargo" "+beta-2021-10-15" "check" "--frozen" "--all" "--all-targets" "--message-format=json", kill_on_drop: false }`
[INFO] [stdout] 96410055543e7c71a35bfe6c7781f1facb37d973f15a9ec0d0c9808f3ca5502e
[INFO] running `Command { std: "docker" "start" "-a" "96410055543e7c71a35bfe6c7781f1facb37d973f15a9ec0d0c9808f3ca5502e", kill_on_drop: false }`
[INFO] [stderr]     Blocking waiting for file lock on package cache
[INFO] [stderr]    Compiling proc-macro2 v1.0.30
[INFO] [stderr]    Compiling unicode-xid v0.2.2
[INFO] [stderr]    Compiling syn v1.0.80
[INFO] [stderr]    Compiling libc v0.2.103
[INFO] [stderr]    Compiling version_check v0.9.3
[INFO] [stderr]     Checking cfg-if v1.0.0
[INFO] [stderr]    Compiling autocfg v1.0.1
[INFO] [stderr]    Compiling futures-core v0.3.17
[INFO] [stderr]    Compiling log v0.4.14
[INFO] [stderr]    Compiling memchr v2.4.1
[INFO] [stderr]     Checking once_cell v1.8.0
[INFO] [stderr]     Checking futures-io v0.3.17
[INFO] [stderr]     Checking pin-project-lite v0.2.7
[INFO] [stderr]     Checking slab v0.4.5
[INFO] [stderr]    Compiling cc v1.0.71
[INFO] [stderr]    Compiling typenum v1.14.0
[INFO] [stderr]     Checking spin v0.5.2
[INFO] [stderr]    Compiling proc-macro-hack v0.5.19
[INFO] [stderr]     Checking event-listener v2.5.1
[INFO] [stderr]    Compiling getrandom v0.1.16
[INFO] [stderr]     Checking untrusted v0.7.1
[INFO] [stderr]    Compiling serde_derive v1.0.130
[INFO] [stderr]    Compiling serde v1.0.130
[INFO] [stderr]     Checking futures-sink v0.3.17
[INFO] [stderr]     Checking tinyvec_macros v0.1.0
[INFO] [stderr]     Checking cache-padded v1.1.1
[INFO] [stderr]    Compiling futures-channel v0.3.17
[INFO] [stderr]    Compiling proc-macro-nested v0.1.7
[INFO] [stderr]    Compiling futures-task v0.3.17
[INFO] [stderr]     Checking parking v2.0.0
[INFO] [stderr]     Checking itoa v0.4.8
[INFO] [stderr]     Checking matches v0.1.9
[INFO] [stderr]     Checking pin-utils v0.1.0
[INFO] [stderr]     Checking waker-fn v1.1.0
[INFO] [stderr]     Checking fastrand v1.5.0
[INFO] [stderr]     Checking base64 v0.12.3
[INFO] [stderr]     Checking bytes v0.5.6
[INFO] [stderr]    Compiling ryu v1.0.5
[INFO] [stderr]     Checking unicode-bidi v0.3.7
[INFO] [stderr]    Compiling httparse v1.5.1
[INFO] [stderr]     Checking percent-encoding v2.1.0
[INFO] [stderr]     Checking ppv-lite86 v0.2.14
[INFO] [stderr]    Compiling serde_json v1.0.68
[INFO] [stderr]     Checking opaque-debug v0.3.0
[INFO] [stderr]     Checking fnv v1.0.7
[INFO] [stderr]     Checking bytes v1.1.0
[INFO] [stderr]     Checking async-task v4.0.3
[INFO] [stderr]     Checking cpufeatures v0.2.1
[INFO] [stderr]    Compiling crossbeam-utils v0.8.5
[INFO] [stderr]     Checking byteorder v1.4.3
[INFO] [stderr]     Checking atomic-waker v1.0.0
[INFO] [stderr]     Checking utf-8 v0.7.6
[INFO] [stderr]     Checking lazy_static v1.4.0
[INFO] [stderr]     Checking mime v0.3.16
[INFO] [stderr]     Checking pin-project-lite v0.1.12
[INFO] [stderr]    Compiling value-bag v1.0.0-alpha.7
[INFO] [stderr]    Compiling generic-array v0.14.4
[INFO] [stderr]     Checking concurrent-queue v1.2.2
[INFO] [stderr]     Checking tinyvec v1.5.0
[INFO] [stderr]     Checking async-mutex v1.4.0
[INFO] [stderr]     Checking async-lock v2.4.0
[INFO] [stderr]     Checking form_urlencoded v1.0.1
[INFO] [stderr]    Compiling futures-macro v0.3.17
[INFO] [stderr]    Compiling futures-util v0.3.17
[INFO] [stderr]    Compiling num-traits v0.2.14
[INFO] [stderr]    Compiling num-integer v0.1.44
[INFO] [stderr]    Compiling tokio v0.3.7
[INFO] [stderr]     Checking http v0.2.5
[INFO] [stderr]     Checking input_buffer v0.3.1
[INFO] [stderr]     Checking async-channel v1.6.1
[INFO] [stderr]    Compiling quote v1.0.10
[INFO] [stderr]     Checking futures-lite v1.12.0
[INFO] [stderr]     Checking socket2 v0.4.2
[INFO] [stderr]     Checking getrandom v0.2.3
[INFO] [stderr]     Checking time v0.1.43
[INFO] [stderr]     Checking num_cpus v1.13.0
[INFO] [stderr]     Checking async-rwlock v1.3.0
[INFO] [stderr]    Compiling ring v0.16.20
[INFO] [stderr]     Checking unicode-normalization v0.1.19
[INFO] [stderr]     Checking rand_core v0.5.1
[INFO] [stderr]     Checking rand_chacha v0.2.2
[INFO] [stderr]     Checking digest v0.9.0
[INFO] [stderr]     Checking block-buffer v0.9.0
[INFO] [stderr]     Checking rand v0.7.3
[INFO] [stderr]     Checking async-executor v1.4.1
[INFO] [stderr]     Checking blocking v1.0.2
[INFO] [stderr]     Checking sha-1 v0.9.8
[INFO] [stderr]     Checking idna v0.2.3
[INFO] [stderr]     Checking url v2.2.2
[INFO] [stderr]     Checking webpki v0.21.4
[INFO] [stderr]     Checking sct v0.6.1
[INFO] [stderr]     Checking webpki-roots v0.20.0
[INFO] [stderr]    Compiling ctor v0.1.21
[INFO] [stderr]    Compiling tokio-macros v0.3.2
[INFO] [stderr]    Compiling pin-project-internal v1.0.8
[INFO] [stderr]    Compiling thiserror-impl v1.0.30
[INFO] [stderr]    Compiling async-attributes v1.1.2
[INFO] [stderr]    Compiling tokio-macros v0.2.6
[INFO] [stderr]     Checking tokio v0.2.25
[INFO] [stderr]     Checking polling v2.1.0
[INFO] [stderr]     Checking mio v0.7.13
[INFO] [stderr]     Checking rustls v0.18.1
[INFO] [stderr]     Checking tungstenite v0.11.1
[INFO] [stderr]     Checking kv-log-macro v1.0.7
[INFO] [stderr]     Checking async-io v1.6.0
[INFO] [stderr]     Checking pin-project v1.0.8
[INFO] [stderr]     Checking thiserror v1.0.30
[INFO] [stderr]     Checking async-global-executor v2.0.2
[INFO] [stderr]     Checking async-std v1.10.0
[INFO] [stderr]     Checking async-tls v0.10.0
[INFO] [stderr]     Checking futures-executor v0.3.17
[INFO] [stderr]     Checking async-tungstenite v0.10.0
[INFO] [stderr]     Checking futures v0.3.17
[INFO] [stderr]     Checking chrono v0.4.19
[INFO] [stderr]     Checking uuid v0.8.2
[INFO] [stderr]     Checking misskey-core v0.2.0
[INFO] [stderr]     Checking misskey-websocket v0.2.0 (/opt/rustwide/workdir)
[INFO] [stdout] error[E0432]: unresolved import `misskey_test`
[INFO] [stdout]    --> src/client.rs:238:24
[INFO] [stdout]     |
[INFO] [stdout] 238 |     use misskey_test::{self, env};
[INFO] [stdout]     |                        ^^^^ no external crate `misskey_test`
[INFO] [stdout] 
[INFO] [stdout] 
[INFO] [stdout] error[E0433]: failed to resolve: use of undeclared crate or module `env`
[INFO] [stdout]    --> src/client.rs:246:37
[INFO] [stdout]     |
[INFO] [stdout] 246 |         WebSocketClientBuilder::new(env::websocket_url())
[INFO] [stdout]     |                                     ^^^ use of undeclared crate or module `env`
[INFO] [stdout] 
[INFO] [stdout] 
[INFO] [stdout] error[E0433]: failed to resolve: use of undeclared crate or module `env`
[INFO] [stdout]    --> src/client.rs:247:20
[INFO] [stdout]     |
[INFO] [stdout] 247 |             .token(env::token())
[INFO] [stdout]     |                    ^^^ use of undeclared crate or module `env`
[INFO] [stdout] 
[INFO] [stdout] 
[INFO] [stdout] error[E0433]: failed to resolve: use of undeclared crate or module `misskey_api`
[INFO] [stdout]    --> src/client.rs:299:24
[INFO] [stdout]     |
[INFO] [stdout] 299 |             .subnote::<misskey_api::streaming::note::NoteUpdateEvent, _>(note.id.to_string())
[INFO] [stdout]     |                        ^^^^^^^^^^^ use of undeclared crate or module `misskey_api`
[INFO] [stdout] 
[INFO] [stdout] 
[INFO] [stdout] error[E0433]: failed to resolve: use of undeclared crate or module `misskey_api`
[INFO] [stdout]    --> src/client.rs:306:30
[INFO] [stdout]     |
[INFO] [stdout] 306 |                     .request(misskey_api::endpoint::notes::delete::Request { note_id: note.id })
[INFO] [stdout]     |                              ^^^^^^^^^^^ use of undeclared crate or module `misskey_api`
[INFO] [stdout] 
[INFO] [stdout] 
[INFO] [stdout] error[E0433]: failed to resolve: use of undeclared crate or module `misskey_api`
[INFO] [stdout]    --> src/client.rs:273:55
[INFO] [stdout]     |
[INFO] [stdout] 273 |                 misskey_api::endpoint::notes::create::Request::builder()
[INFO] [stdout]     |                                                       ^^^^^^^ not found in `misskey_api::endpoint::notes::create`
[INFO] [stdout]     |
[INFO] [stdout] help: consider importing this trait
[INFO] [stdout]     |
[INFO] [stdout] 234 |     use misskey_core::Request;
[INFO] [stdout]     |
[INFO] [stdout] 
[INFO] [stdout] 
[INFO] [stdout] error[E0433]: failed to resolve: use of undeclared crate or module `misskey_api`
[INFO] [stdout]    --> src/client.rs:289:55
[INFO] [stdout]     |
[INFO] [stdout] 289 |                 misskey_api::endpoint::notes::create::Request::builder()
[INFO] [stdout]     |                                                       ^^^^^^^ not found in `misskey_api::endpoint::notes::create`
[INFO] [stdout]     |
[INFO] [stdout] help: consider importing this trait
[INFO] [stdout]     |
[INFO] [stdout] 234 |     use misskey_core::Request;
[INFO] [stdout]     |
[INFO] [stdout] 
[INFO] [stdout] 
[INFO] [stdout] warning: unused import: `futures::stream::StreamExt`
[INFO] [stdout]    --> src/client.rs:236:9
[INFO] [stdout]     |
[INFO] [stdout] 236 |     use futures::stream::StreamExt;
[INFO] [stdout]     |         ^^^^^^^^^^^^^^^^^^^^^^^^^^
[INFO] [stdout]     |
[INFO] [stdout]     = note: `#[warn(unused_imports)]` on by default
[INFO] [stdout] 
[INFO] [stdout] 
[INFO] [stdout] error: aborting due to 7 previous errors; 1 warning emitted
[INFO] [stdout] 
[INFO] [stdout] 
[INFO] [stdout] Some errors have detailed explanations: E0432, E0433.
[INFO] [stdout] 
[INFO] [stdout] For more information about an error, try `rustc --explain E0432`.
[INFO] [stdout] 
[INFO] [stderr] error: could not compile `misskey-websocket` due to 8 previous errors; 1 warning emitted
[INFO] [stderr] warning: build failed, waiting for other jobs to finish...
[INFO] [stderr] error: build failed
[INFO] running `Command { std: "docker" "inspect" "96410055543e7c71a35bfe6c7781f1facb37d973f15a9ec0d0c9808f3ca5502e", kill_on_drop: false }`
[INFO] running `Command { std: "docker" "rm" "-f" "96410055543e7c71a35bfe6c7781f1facb37d973f15a9ec0d0c9808f3ca5502e", kill_on_drop: false }`
[INFO] [stdout] 96410055543e7c71a35bfe6c7781f1facb37d973f15a9ec0d0c9808f3ca5502e
