[INFO] fetching crate mio_gloo_file 0.1.1...
[INFO] checking mio_gloo_file-0.1.1 against beta-2021-10-15 for beta-1.56-3
[INFO] extracting crate mio_gloo_file 0.1.1 into /workspace/builds/worker-88/source
[INFO] validating manifest of crates.io crate mio_gloo_file 0.1.1 on toolchain beta-2021-10-15
[INFO] running `Command { std: "/workspace/cargo-home/bin/cargo" "+beta-2021-10-15" "metadata" "--manifest-path" "Cargo.toml" "--no-deps", kill_on_drop: false }`
[INFO] started tweaking crates.io crate mio_gloo_file 0.1.1
[INFO] finished tweaking crates.io crate mio_gloo_file 0.1.1
[INFO] tweaked toml for crates.io crate mio_gloo_file 0.1.1 written to /workspace/builds/worker-88/source/Cargo.toml
[INFO] running `Command { std: "/workspace/cargo-home/bin/cargo" "+beta-2021-10-15" "generate-lockfile" "--manifest-path" "Cargo.toml" "-Zno-index-update", kill_on_drop: false }`
[INFO] [stderr]     Blocking waiting for file lock on package cache
[INFO] running `Command { std: "/workspace/cargo-home/bin/cargo" "+beta-2021-10-15" "fetch" "--manifest-path" "Cargo.toml", kill_on_drop: false }`
[INFO] [stderr]     Blocking waiting for file lock on package cache
[INFO] [stderr]     Blocking waiting for file lock on package cache
[INFO] running `Command { std: "docker" "create" "-v" "/var/lib/crater-agent-workspace/builds/worker-88/target:/opt/rustwide/target:rw,Z" "-v" "/var/lib/crater-agent-workspace/builds/worker-88/source:/opt/rustwide/workdir:ro,Z" "-v" "/var/lib/crater-agent-workspace/cargo-home:/opt/rustwide/cargo-home:ro,Z" "-v" "/var/lib/crater-agent-workspace/rustup-home:/opt/rustwide/rustup-home:ro,Z" "-e" "SOURCE_DIR=/opt/rustwide/workdir" "-e" "CARGO_TARGET_DIR=/opt/rustwide/target" "-e" "CARGO_HOME=/opt/rustwide/cargo-home" "-e" "RUSTUP_HOME=/opt/rustwide/rustup-home" "-w" "/opt/rustwide/workdir" "-m" "1610612736" "--user" "0:0" "--network" "none" "ghcr.io/rust-lang/crates-build-env/linux@sha256:a89201d6b5b9fd45c15d5952ece0a0129e7e80cb26ec023fd59cf09bc26f1604" "/opt/rustwide/cargo-home/bin/cargo" "+beta-2021-10-15" "metadata" "--no-deps" "--format-version=1", kill_on_drop: false }`
[INFO] [stdout] 2e6d17938c9a7466af85460fcc0514a695f6d049e8b4991e19e968ef0efabc96
[INFO] running `Command { std: "docker" "start" "-a" "2e6d17938c9a7466af85460fcc0514a695f6d049e8b4991e19e968ef0efabc96", kill_on_drop: false }`
[INFO] running `Command { std: "docker" "inspect" "2e6d17938c9a7466af85460fcc0514a695f6d049e8b4991e19e968ef0efabc96", kill_on_drop: false }`
[INFO] running `Command { std: "docker" "rm" "-f" "2e6d17938c9a7466af85460fcc0514a695f6d049e8b4991e19e968ef0efabc96", kill_on_drop: false }`
[INFO] [stdout] 2e6d17938c9a7466af85460fcc0514a695f6d049e8b4991e19e968ef0efabc96
[INFO] running `Command { std: "docker" "create" "-v" "/var/lib/crater-agent-workspace/builds/worker-88/target:/opt/rustwide/target:rw,Z" "-v" "/var/lib/crater-agent-workspace/builds/worker-88/source:/opt/rustwide/workdir:ro,Z" "-v" "/var/lib/crater-agent-workspace/cargo-home:/opt/rustwide/cargo-home:ro,Z" "-v" "/var/lib/crater-agent-workspace/rustup-home:/opt/rustwide/rustup-home:ro,Z" "-e" "SOURCE_DIR=/opt/rustwide/workdir" "-e" "CARGO_TARGET_DIR=/opt/rustwide/target" "-e" "CARGO_INCREMENTAL=0" "-e" "RUST_BACKTRACE=full" "-e" "RUSTFLAGS=--cap-lints=warn" "-e" "CARGO_HOME=/opt/rustwide/cargo-home" "-e" "RUSTUP_HOME=/opt/rustwide/rustup-home" "-w" "/opt/rustwide/workdir" "-m" "1610612736" "--user" "0:0" "--network" "none" "ghcr.io/rust-lang/crates-build-env/linux@sha256:a89201d6b5b9fd45c15d5952ece0a0129e7e80cb26ec023fd59cf09bc26f1604" "/opt/rustwide/cargo-home/bin/cargo" "+beta-2021-10-15" "check" "--frozen" "--all" "--all-targets" "--message-format=json", kill_on_drop: false }`
[INFO] [stdout] eef7eb1d4eabb0c7d027f0dbf32151bce8598faa94a1cede88171834b87ee127
[INFO] running `Command { std: "docker" "start" "-a" "eef7eb1d4eabb0c7d027f0dbf32151bce8598faa94a1cede88171834b87ee127", kill_on_drop: false }`
[INFO] [stderr]     Blocking waiting for file lock on package cache
[INFO] [stderr]    Compiling proc-macro2 v1.0.30
[INFO] [stderr]    Compiling unicode-xid v0.2.2
[INFO] [stderr]    Compiling syn v1.0.80
[INFO] [stderr]    Compiling autocfg v1.0.1
[INFO] [stderr]    Compiling log v0.4.14
[INFO] [stderr]    Compiling wasm-bindgen-shared v0.2.78
[INFO] [stderr]    Compiling cfg-if v1.0.0
[INFO] [stderr]    Compiling bumpalo v3.7.1
[INFO] [stderr]    Compiling lazy_static v1.4.0
[INFO] [stderr]    Compiling wasm-bindgen v0.2.78
[INFO] [stderr]    Compiling futures-core v0.3.17
[INFO] [stderr]    Compiling proc-macro-hack v0.5.19
[INFO] [stderr]    Compiling futures-channel v0.3.17
[INFO] [stderr]    Compiling futures-task v0.3.17
[INFO] [stderr]    Compiling proc-macro-nested v0.1.7
[INFO] [stderr]    Compiling memchr v2.4.1
[INFO] [stderr]    Compiling libc v0.2.103
[INFO] [stderr]     Checking futures-sink v0.3.17
[INFO] [stderr]     Checking slab v0.4.5
[INFO] [stderr]     Checking futures-io v0.3.17
[INFO] [stderr]     Checking pin-project-lite v0.2.7
[INFO] [stderr]     Checking pin-utils v0.1.0
[INFO] [stderr]     Checking scoped-tls v1.0.0
[INFO] [stderr]    Compiling futures-macro v0.3.17
[INFO] [stderr]    Compiling num-traits v0.2.14
[INFO] [stderr]    Compiling futures-util v0.3.17
[INFO] [stderr]    Compiling num-integer v0.1.44
[INFO] [stderr]    Compiling quote v1.0.10
[INFO] [stderr]     Checking time v0.1.44
[INFO] [stderr]    Compiling wasm-bindgen-test-macro v0.3.28
[INFO] [stderr]     Checking chrono v0.4.19
[INFO] [stderr]    Compiling wasm-bindgen-backend v0.2.78
[INFO] [stderr]    Compiling wasm-bindgen-macro-support v0.2.78
[INFO] [stderr]    Compiling wasm-bindgen-macro v0.2.78
[INFO] [stderr]     Checking js-sys v0.3.55
[INFO] [stderr]     Checking console_error_panic_hook v0.1.7
[INFO] [stderr]     Checking futures-executor v0.3.17
[INFO] [stderr]     Checking futures v0.3.17
[INFO] [stderr]     Checking web-sys v0.3.55
[INFO] [stderr]     Checking wasm-bindgen-futures v0.4.28
[INFO] [stderr]     Checking wasm-bindgen-test v0.3.28
[INFO] [stderr]     Checking gloo-events v0.1.1
[INFO] [stderr]     Checking mio_gloo_file v0.1.1 (/opt/rustwide/workdir)
[INFO] [stdout] error[E0433]: failed to resolve: use of undeclared crate or module `gloo_file`
[INFO] [stdout]  --> tests/web.rs:7:5
[INFO] [stdout]   |
[INFO] [stdout] 7 | use gloo_file::{callbacks::read_as_text, Blob, File};
[INFO] [stdout]   |     ^^^^^^^^^ use of undeclared crate or module `gloo_file`
[INFO] [stdout] 
[INFO] [stdout] 
[INFO] [stdout] error[E0432]: unresolved import `gloo_file`
[INFO] [stdout]  --> tests/web.rs:7:5
[INFO] [stdout]   |
[INFO] [stdout] 7 | use gloo_file::{callbacks::read_as_text, Blob, File};
[INFO] [stdout]   |     ^^^^^^^^^ use of undeclared crate or module `gloo_file`
[INFO] [stdout] 
[INFO] [stdout] 
[INFO] [stdout] error[E0425]: cannot find function `read_as_text` in this scope
[INFO] [stdout]   --> tests/web.rs:17:19
[INFO] [stdout]    |
[INFO] [stdout] 17 |     let _reader = read_as_text(&blob, move |res| {
[INFO] [stdout]    |                   ^^^^^^^^^^^^ not found in this scope
[INFO] [stdout]    |
[INFO] [stdout] help: consider importing this function
[INFO] [stdout]    |
[INFO] [stdout] 3  | use mio_gloo_file::callbacks::read_as_text;
[INFO] [stdout]    |
[INFO] [stdout] 
[INFO] [stdout] 
[INFO] [stdout] error[E0425]: cannot find function `read_as_text` in this scope
[INFO] [stdout]   --> tests/web.rs:31:19
[INFO] [stdout]    |
[INFO] [stdout] 31 |     let _reader = read_as_text(&file, move |res| {
[INFO] [stdout]    |                   ^^^^^^^^^^^^ not found in this scope
[INFO] [stdout]    |
[INFO] [stdout] help: consider importing this function
[INFO] [stdout]    |
[INFO] [stdout] 3  | use mio_gloo_file::callbacks::read_as_text;
[INFO] [stdout]    |
[INFO] [stdout] 
[INFO] [stdout] 
[INFO] [stdout] error: aborting due to 4 previous errors
[INFO] [stdout] 
[INFO] [stdout] 
[INFO] [stdout] Some errors have detailed explanations: E0425, E0432, E0433.
[INFO] [stdout] 
[INFO] [stdout] For more information about an error, try `rustc --explain E0425`.
[INFO] [stdout] 
[INFO] [stderr] error: could not compile `mio_gloo_file` due to 5 previous errors
[INFO] running `Command { std: "docker" "inspect" "eef7eb1d4eabb0c7d027f0dbf32151bce8598faa94a1cede88171834b87ee127", kill_on_drop: false }`
[INFO] running `Command { std: "docker" "rm" "-f" "eef7eb1d4eabb0c7d027f0dbf32151bce8598faa94a1cede88171834b87ee127", kill_on_drop: false }`
[INFO] [stdout] eef7eb1d4eabb0c7d027f0dbf32151bce8598faa94a1cede88171834b87ee127
