[INFO] fetching crate minime 0.2.0...
[INFO] checking minime-0.2.0 against 1.55.0 for beta-1.56-3
[INFO] extracting crate minime 0.2.0 into /workspace/builds/worker-118/source
[INFO] validating manifest of crates.io crate minime 0.2.0 on toolchain 1.55.0
[INFO] running `Command { std: "/workspace/cargo-home/bin/cargo" "+1.55.0" "metadata" "--manifest-path" "Cargo.toml" "--no-deps", kill_on_drop: false }`
[INFO] started tweaking crates.io crate minime 0.2.0
[INFO] finished tweaking crates.io crate minime 0.2.0
[INFO] tweaked toml for crates.io crate minime 0.2.0 written to /workspace/builds/worker-118/source/Cargo.toml
[INFO] crate crates.io crate minime 0.2.0 already has a lockfile, it will not be regenerated
[INFO] running `Command { std: "/workspace/cargo-home/bin/cargo" "+1.55.0" "fetch" "--manifest-path" "Cargo.toml", kill_on_drop: false }`
[INFO] [stderr]     Blocking waiting for file lock on package cache
[INFO] [stderr]  Downloading crates ...
[INFO] [stderr]   Downloaded crossterm v0.19.0
[INFO] [stderr]   Downloaded arboard v1.2.0
[INFO] [stderr]   Downloaded error-code v2.0.2
[INFO] [stderr]   Downloaded core-graphics v0.21.0
[INFO] [stderr]   Downloaded syn v1.0.68
[INFO] [stderr]   Downloaded crossterm_winapi v0.7.0
[INFO] [stderr]   Downloaded clipboard-win v4.0.3
[INFO] [stderr]   Downloaded ropey v1.2.0
[INFO] running `Command { std: "docker" "create" "-v" "/var/lib/crater-agent-workspace/builds/worker-118/target:/opt/rustwide/target:rw,Z" "-v" "/var/lib/crater-agent-workspace/builds/worker-118/source:/opt/rustwide/workdir:ro,Z" "-v" "/var/lib/crater-agent-workspace/cargo-home:/opt/rustwide/cargo-home:ro,Z" "-v" "/var/lib/crater-agent-workspace/rustup-home:/opt/rustwide/rustup-home:ro,Z" "-e" "SOURCE_DIR=/opt/rustwide/workdir" "-e" "CARGO_TARGET_DIR=/opt/rustwide/target" "-e" "CARGO_HOME=/opt/rustwide/cargo-home" "-e" "RUSTUP_HOME=/opt/rustwide/rustup-home" "-w" "/opt/rustwide/workdir" "-m" "1610612736" "--user" "0:0" "--network" "none" "ghcr.io/rust-lang/crates-build-env/linux@sha256:a89201d6b5b9fd45c15d5952ece0a0129e7e80cb26ec023fd59cf09bc26f1604" "/opt/rustwide/cargo-home/bin/cargo" "+1.55.0" "metadata" "--no-deps" "--format-version=1", kill_on_drop: false }`
[INFO] [stdout] 81456f8fdf017ea9c3c2f1f6bca1181c9aa2fcecb79b0d0f2100593d98cb10cd
[INFO] running `Command { std: "docker" "start" "-a" "81456f8fdf017ea9c3c2f1f6bca1181c9aa2fcecb79b0d0f2100593d98cb10cd", kill_on_drop: false }`
[INFO] running `Command { std: "docker" "inspect" "81456f8fdf017ea9c3c2f1f6bca1181c9aa2fcecb79b0d0f2100593d98cb10cd", kill_on_drop: false }`
[INFO] running `Command { std: "docker" "rm" "-f" "81456f8fdf017ea9c3c2f1f6bca1181c9aa2fcecb79b0d0f2100593d98cb10cd", kill_on_drop: false }`
[INFO] [stdout] 81456f8fdf017ea9c3c2f1f6bca1181c9aa2fcecb79b0d0f2100593d98cb10cd
[INFO] running `Command { std: "docker" "create" "-v" "/var/lib/crater-agent-workspace/builds/worker-118/target:/opt/rustwide/target:rw,Z" "-v" "/var/lib/crater-agent-workspace/builds/worker-118/source:/opt/rustwide/workdir:ro,Z" "-v" "/var/lib/crater-agent-workspace/cargo-home:/opt/rustwide/cargo-home:ro,Z" "-v" "/var/lib/crater-agent-workspace/rustup-home:/opt/rustwide/rustup-home:ro,Z" "-e" "SOURCE_DIR=/opt/rustwide/workdir" "-e" "CARGO_TARGET_DIR=/opt/rustwide/target" "-e" "CARGO_INCREMENTAL=0" "-e" "RUST_BACKTRACE=full" "-e" "RUSTFLAGS=--cap-lints=warn" "-e" "CARGO_HOME=/opt/rustwide/cargo-home" "-e" "RUSTUP_HOME=/opt/rustwide/rustup-home" "-w" "/opt/rustwide/workdir" "-m" "1610612736" "--user" "0:0" "--network" "none" "ghcr.io/rust-lang/crates-build-env/linux@sha256:a89201d6b5b9fd45c15d5952ece0a0129e7e80cb26ec023fd59cf09bc26f1604" "/opt/rustwide/cargo-home/bin/cargo" "+1.55.0" "check" "--frozen" "--all" "--all-targets" "--message-format=json", kill_on_drop: false }`
[INFO] [stdout] 786da3761bdc5fb4478cbc754e5062e1261b26c593da8404b844a6582e32ce6e
[INFO] running `Command { std: "docker" "start" "-a" "786da3761bdc5fb4478cbc754e5062e1261b26c593da8404b844a6582e32ce6e", kill_on_drop: false }`
[INFO] [stderr]    Compiling libc v0.2.92
[INFO] [stderr]    Compiling proc-macro2 v1.0.26
[INFO] [stderr]    Compiling unicode-xid v0.2.1
[INFO] [stderr]    Compiling log v0.4.14
[INFO] [stderr]    Compiling syn v1.0.68
[INFO] [stderr]     Checking smallvec v1.6.1
[INFO] [stderr]    Compiling bitflags v1.2.1
[INFO] [stderr]     Checking scopeguard v1.1.0
[INFO] [stderr]     Checking lazy_static v1.4.0
[INFO] [stderr]     Checking instant v0.1.9
[INFO] [stderr]     Checking lock_api v0.4.2
[INFO] [stderr]     Checking ropey v1.2.0
[INFO] [stderr]    Compiling quote v1.0.9
[INFO] [stderr]     Checking mio v0.7.11
[INFO] [stderr]     Checking parking_lot_core v0.8.3
[INFO] [stderr]     Checking signal-hook-registry v1.3.0
[INFO] [stderr]     Checking parking_lot v0.11.1
[INFO] [stderr]     Checking signal-hook v0.1.17
[INFO] [stderr]     Checking crossterm v0.19.0
[INFO] [stderr]    Compiling thiserror-impl v1.0.24
[INFO] [stderr]     Checking thiserror v1.0.24
[INFO] [stderr]     Checking minime v0.2.0 (/opt/rustwide/workdir)
[INFO] [stdout] error[E0433]: failed to resolve: use of undeclared type `App`
[INFO] [stdout]   --> src/main.rs:21:19
[INFO] [stdout]    |
[INFO] [stdout] 21 |     let matches = App::new("Mini-Me")
[INFO] [stdout]    |                   ^^^ use of undeclared type `App`
[INFO] [stdout] 
[INFO] [stdout] 
[INFO] [stdout] error[E0433]: failed to resolve: use of undeclared type `Arg`
[INFO] [stdout]   --> src/main.rs:26:13
[INFO] [stdout]    |
[INFO] [stdout] 26 |             Arg::with_name("height")
[INFO] [stdout]    |             ^^^ use of undeclared type `Arg`
[INFO] [stdout] 
[INFO] [stdout] 
[INFO] [stdout] error[E0433]: failed to resolve: use of undeclared type `Arg`
[INFO] [stdout]   --> src/main.rs:33:13
[INFO] [stdout]    |
[INFO] [stdout] 33 |             Arg::with_name("FILE")
[INFO] [stdout]    |             ^^^ use of undeclared type `Arg`
[INFO] [stdout] 
[INFO] [stdout] 
[INFO] [stdout] error: aborting due to 3 previous errors
[INFO] [stdout] 
[INFO] [stdout] 
[INFO] [stdout] For more information about this error, try `rustc --explain E0433`.
[INFO] [stdout] 
[INFO] [stdout] error[E0433]: failed to resolve: use of undeclared type `App`
[INFO] [stdout]   --> src/main.rs:21:19
[INFO] [stdout]    |
[INFO] [stdout] 21 |     let matches = App::new("Mini-Me")
[INFO] [stdout]    |                   ^^^ use of undeclared type `App`
[INFO] [stdout] 
[INFO] [stdout] 
[INFO] [stdout] error[E0433]: failed to resolve: use of undeclared type `Arg`
[INFO] [stdout]   --> src/main.rs:26:13
[INFO] [stdout]    |
[INFO] [stdout] 26 |             Arg::with_name("height")
[INFO] [stdout]    |             ^^^ use of undeclared type `Arg`
[INFO] [stdout] 
[INFO] [stdout] 
[INFO] [stdout] error[E0433]: failed to resolve: use of undeclared type `Arg`
[INFO] [stdout]   --> src/main.rs:33:13
[INFO] [stdout]    |
[INFO] [stdout] 33 |             Arg::with_name("FILE")
[INFO] [stdout]    |             ^^^ use of undeclared type `Arg`
[INFO] [stdout] 
[INFO] [stdout] 
[INFO] [stderr] error: could not compile `minime` due to 4 previous errors
[INFO] [stderr] warning: build failed, waiting for other jobs to finish...
[INFO] [stdout] error: aborting due to 3 previous errors
[INFO] [stdout] 
[INFO] [stdout] 
[INFO] [stdout] For more information about this error, try `rustc --explain E0433`.
[INFO] [stdout] 
[INFO] [stderr] error: build failed
[INFO] running `Command { std: "docker" "inspect" "786da3761bdc5fb4478cbc754e5062e1261b26c593da8404b844a6582e32ce6e", kill_on_drop: false }`
[INFO] running `Command { std: "docker" "rm" "-f" "786da3761bdc5fb4478cbc754e5062e1261b26c593da8404b844a6582e32ce6e", kill_on_drop: false }`
[INFO] [stdout] 786da3761bdc5fb4478cbc754e5062e1261b26c593da8404b844a6582e32ce6e
