[INFO] fetching crate mermaid-wasmbind 0.1.0...
[INFO] checking mermaid-wasmbind-0.1.0 against 1.55.0 for beta-1.56-3
[INFO] extracting crate mermaid-wasmbind 0.1.0 into /workspace/builds/worker-67/source
[INFO] validating manifest of crates.io crate mermaid-wasmbind 0.1.0 on toolchain 1.55.0
[INFO] running `Command { std: "/workspace/cargo-home/bin/cargo" "+1.55.0" "metadata" "--manifest-path" "Cargo.toml" "--no-deps", kill_on_drop: false }`
[INFO] started tweaking crates.io crate mermaid-wasmbind 0.1.0
[INFO] finished tweaking crates.io crate mermaid-wasmbind 0.1.0
[INFO] tweaked toml for crates.io crate mermaid-wasmbind 0.1.0 written to /workspace/builds/worker-67/source/Cargo.toml
[INFO] running `Command { std: "/workspace/cargo-home/bin/cargo" "+1.55.0" "generate-lockfile" "--manifest-path" "Cargo.toml" "-Zno-index-update", kill_on_drop: false }`
[INFO] running `Command { std: "/workspace/cargo-home/bin/cargo" "+1.55.0" "fetch" "--manifest-path" "Cargo.toml", kill_on_drop: false }`
[INFO] [stderr]     Blocking waiting for file lock on package cache
[INFO] running `Command { std: "docker" "create" "-v" "/var/lib/crater-agent-workspace/builds/worker-67/target:/opt/rustwide/target:rw,Z" "-v" "/var/lib/crater-agent-workspace/builds/worker-67/source:/opt/rustwide/workdir:ro,Z" "-v" "/var/lib/crater-agent-workspace/cargo-home:/opt/rustwide/cargo-home:ro,Z" "-v" "/var/lib/crater-agent-workspace/rustup-home:/opt/rustwide/rustup-home:ro,Z" "-e" "SOURCE_DIR=/opt/rustwide/workdir" "-e" "CARGO_TARGET_DIR=/opt/rustwide/target" "-e" "CARGO_HOME=/opt/rustwide/cargo-home" "-e" "RUSTUP_HOME=/opt/rustwide/rustup-home" "-w" "/opt/rustwide/workdir" "-m" "1610612736" "--user" "0:0" "--network" "none" "ghcr.io/rust-lang/crates-build-env/linux@sha256:a89201d6b5b9fd45c15d5952ece0a0129e7e80cb26ec023fd59cf09bc26f1604" "/opt/rustwide/cargo-home/bin/cargo" "+1.55.0" "metadata" "--no-deps" "--format-version=1", kill_on_drop: false }`
[INFO] [stdout] bcf556eb1ee5fb588a1f870437f75015001da775885e976234921f0fae30789b
[INFO] running `Command { std: "docker" "start" "-a" "bcf556eb1ee5fb588a1f870437f75015001da775885e976234921f0fae30789b", kill_on_drop: false }`
[INFO] running `Command { std: "docker" "inspect" "bcf556eb1ee5fb588a1f870437f75015001da775885e976234921f0fae30789b", kill_on_drop: false }`
[INFO] running `Command { std: "docker" "rm" "-f" "bcf556eb1ee5fb588a1f870437f75015001da775885e976234921f0fae30789b", kill_on_drop: false }`
[INFO] [stdout] bcf556eb1ee5fb588a1f870437f75015001da775885e976234921f0fae30789b
[INFO] running `Command { std: "docker" "create" "-v" "/var/lib/crater-agent-workspace/builds/worker-67/target:/opt/rustwide/target:rw,Z" "-v" "/var/lib/crater-agent-workspace/builds/worker-67/source:/opt/rustwide/workdir:ro,Z" "-v" "/var/lib/crater-agent-workspace/cargo-home:/opt/rustwide/cargo-home:ro,Z" "-v" "/var/lib/crater-agent-workspace/rustup-home:/opt/rustwide/rustup-home:ro,Z" "-e" "SOURCE_DIR=/opt/rustwide/workdir" "-e" "CARGO_TARGET_DIR=/opt/rustwide/target" "-e" "CARGO_INCREMENTAL=0" "-e" "RUST_BACKTRACE=full" "-e" "RUSTFLAGS=--cap-lints=warn" "-e" "CARGO_HOME=/opt/rustwide/cargo-home" "-e" "RUSTUP_HOME=/opt/rustwide/rustup-home" "-w" "/opt/rustwide/workdir" "-m" "1610612736" "--user" "0:0" "--network" "none" "ghcr.io/rust-lang/crates-build-env/linux@sha256:a89201d6b5b9fd45c15d5952ece0a0129e7e80cb26ec023fd59cf09bc26f1604" "/opt/rustwide/cargo-home/bin/cargo" "+1.55.0" "check" "--frozen" "--all" "--all-targets" "--message-format=json", kill_on_drop: false }`
[INFO] [stdout] 28bf3fd4ee98b6c5f90dcf7717855fdd4bfa7ed5cac280c9481f54a729a3441e
[INFO] running `Command { std: "docker" "start" "-a" "28bf3fd4ee98b6c5f90dcf7717855fdd4bfa7ed5cac280c9481f54a729a3441e", kill_on_drop: false }`
[INFO] [stderr]     Blocking waiting for file lock on package cache
[INFO] [stderr]    Compiling syn v1.0.80
[INFO] [stderr]    Compiling wasm-bindgen-shared v0.2.78
[INFO] [stderr]    Compiling cfg-if v1.0.0
[INFO] [stderr]    Compiling bumpalo v3.7.1
[INFO] [stderr]    Compiling serde v1.0.130
[INFO] [stderr]    Compiling lazy_static v1.4.0
[INFO] [stderr]    Compiling wasm-bindgen v0.2.78
[INFO] [stderr]     Checking itoa v0.4.8
[INFO] [stderr]     Checking scoped-tls v1.0.0
[INFO] [stderr]    Compiling wasm-bindgen-test-macro v0.3.28
[INFO] [stderr]    Compiling log v0.4.14
[INFO] [stderr]     Checking serde_json v1.0.68
[INFO] [stderr]    Compiling wasm-bindgen-backend v0.2.78
[INFO] [stderr]    Compiling wasm-bindgen-macro-support v0.2.78
[INFO] [stderr]    Compiling serde_derive v1.0.130
[INFO] [stderr]    Compiling wasm-bindgen-macro v0.2.78
[INFO] [stderr]     Checking js-sys v0.3.55
[INFO] [stderr]     Checking console_error_panic_hook v0.1.7
[INFO] [stderr]     Checking wasm-bindgen-futures v0.4.28
[INFO] [stderr]     Checking web-sys v0.3.55
[INFO] [stderr]     Checking wasm-bindgen-test v0.3.28
[INFO] [stderr]     Checking mermaid-wasmbind v0.1.0 (/opt/rustwide/workdir)
[INFO] [stdout] error[E0583]: file not found for module `sequence`
[INFO] [stdout]  --> src/options/mod.rs:7:1
[INFO] [stdout]   |
[INFO] [stdout] 7 | mod sequence;
[INFO] [stdout]   | ^^^^^^^^^^^^^
[INFO] [stdout]   |
[INFO] [stdout]   = help: to create the module `sequence`, create file "src/options/sequence.rs" or "src/options/sequence/mod.rs"
[INFO] [stdout] 
[INFO] [stdout] 
[INFO] [stdout] error[E0583]: file not found for module `sequence`
[INFO] [stdout]  --> src/options/mod.rs:7:1
[INFO] [stdout]   |
[INFO] [stdout] 7 | mod sequence;
[INFO] [stdout]   | ^^^^^^^^^^^^^
[INFO] [stdout]   |
[INFO] [stdout]   = help: to create the module `sequence`, create file "src/options/sequence.rs" or "src/options/sequence/mod.rs"
[INFO] [stdout] 
[INFO] [stdout] 
[INFO] [stdout] error[E0432]: unresolved import `sequence::SequenceDiagramConfig`
[INFO] [stdout]   --> src/options/mod.rs:11:9
[INFO] [stdout]    |
[INFO] [stdout] 11 | pub use sequence::SequenceDiagramConfig;
[INFO] [stdout]    |         ^^^^^^^^^^^^^^^^^^^^^^^^^^^^^^^ no `SequenceDiagramConfig` in `options::sequence`
[INFO] [stdout] 
[INFO] [stdout] 
[INFO] [stdout] error[E0432]: unresolved import `sequence::SequenceDiagramConfig`
[INFO] [stdout]   --> src/options/mod.rs:11:9
[INFO] [stdout]    |
[INFO] [stdout] 11 | pub use sequence::SequenceDiagramConfig;
[INFO] [stdout]    |         ^^^^^^^^^^^^^^^^^^^^^^^^^^^^^^^ no `SequenceDiagramConfig` in `options::sequence`
[INFO] [stdout] 
[INFO] [stdout] 
[INFO] [stdout] error[E0282]: type annotations needed
[INFO] [stdout]   --> src/options/mod.rs:72:23
[INFO] [stdout]    |
[INFO] [stdout] 72 |             sequence: None,
[INFO] [stdout]    |                       ^^^^ cannot infer type for type parameter `T` declared on the enum `Option`
[INFO] [stdout] 
[INFO] [stdout] 
[INFO] [stdout] error: aborting due to 3 previous errors
[INFO] [stdout] 
[INFO] [stdout] 
[INFO] [stdout] Some errors have detailed explanations: E0282, E0432, E0583.
[INFO] [stdout] 
[INFO] [stdout] For more information about an error, try `rustc --explain E0282`.
[INFO] [stdout] 
[INFO] [stderr] error: could not compile `mermaid-wasmbind` due to 4 previous errors
[INFO] [stderr] warning: build failed, waiting for other jobs to finish...
[INFO] [stdout] error[E0282]: type annotations needed
[INFO] [stdout]   --> src/options/mod.rs:72:23
[INFO] [stdout]    |
[INFO] [stdout] 72 |             sequence: None,
[INFO] [stdout]    |                       ^^^^ cannot infer type for type parameter `T` declared on the enum `Option`
[INFO] [stdout] 
[INFO] [stdout] 
[INFO] [stdout] error: aborting due to 3 previous errors
[INFO] [stdout] 
[INFO] [stdout] 
[INFO] [stdout] Some errors have detailed explanations: E0282, E0432, E0583.
[INFO] [stdout] 
[INFO] [stdout] For more information about an error, try `rustc --explain E0282`.
[INFO] [stdout] 
[INFO] [stderr] error: build failed
[INFO] running `Command { std: "docker" "inspect" "28bf3fd4ee98b6c5f90dcf7717855fdd4bfa7ed5cac280c9481f54a729a3441e", kill_on_drop: false }`
[INFO] running `Command { std: "docker" "rm" "-f" "28bf3fd4ee98b6c5f90dcf7717855fdd4bfa7ed5cac280c9481f54a729a3441e", kill_on_drop: false }`
[INFO] [stdout] 28bf3fd4ee98b6c5f90dcf7717855fdd4bfa7ed5cac280c9481f54a729a3441e
