[INFO] fetching crate merfolk_frontend_duplex 0.1.0...
[INFO] checking merfolk_frontend_duplex-0.1.0 against 1.55.0 for beta-1.56-3
[INFO] extracting crate merfolk_frontend_duplex 0.1.0 into /workspace/builds/worker-86/source
[INFO] validating manifest of crates.io crate merfolk_frontend_duplex 0.1.0 on toolchain 1.55.0
[INFO] running `Command { std: "/workspace/cargo-home/bin/cargo" "+1.55.0" "metadata" "--manifest-path" "Cargo.toml" "--no-deps", kill_on_drop: false }`
[INFO] started tweaking crates.io crate merfolk_frontend_duplex 0.1.0
[INFO] removed 0 missing tests
[INFO] finished tweaking crates.io crate merfolk_frontend_duplex 0.1.0
[INFO] tweaked toml for crates.io crate merfolk_frontend_duplex 0.1.0 written to /workspace/builds/worker-86/source/Cargo.toml
[INFO] running `Command { std: "/workspace/cargo-home/bin/cargo" "+1.55.0" "generate-lockfile" "--manifest-path" "Cargo.toml" "-Zno-index-update", kill_on_drop: false }`
[INFO] [stderr]     Blocking waiting for file lock on package cache
[INFO] running `Command { std: "/workspace/cargo-home/bin/cargo" "+1.55.0" "fetch" "--manifest-path" "Cargo.toml", kill_on_drop: false }`
[INFO] [stderr]     Blocking waiting for file lock on package cache
[INFO] [stderr]     Blocking waiting for file lock on package cache
[INFO] running `Command { std: "docker" "create" "-v" "/var/lib/crater-agent-workspace/builds/worker-86/target:/opt/rustwide/target:rw,Z" "-v" "/var/lib/crater-agent-workspace/builds/worker-86/source:/opt/rustwide/workdir:ro,Z" "-v" "/var/lib/crater-agent-workspace/cargo-home:/opt/rustwide/cargo-home:ro,Z" "-v" "/var/lib/crater-agent-workspace/rustup-home:/opt/rustwide/rustup-home:ro,Z" "-e" "SOURCE_DIR=/opt/rustwide/workdir" "-e" "CARGO_TARGET_DIR=/opt/rustwide/target" "-e" "CARGO_HOME=/opt/rustwide/cargo-home" "-e" "RUSTUP_HOME=/opt/rustwide/rustup-home" "-w" "/opt/rustwide/workdir" "-m" "1610612736" "--user" "0:0" "--network" "none" "ghcr.io/rust-lang/crates-build-env/linux@sha256:a89201d6b5b9fd45c15d5952ece0a0129e7e80cb26ec023fd59cf09bc26f1604" "/opt/rustwide/cargo-home/bin/cargo" "+1.55.0" "metadata" "--no-deps" "--format-version=1", kill_on_drop: false }`
[INFO] [stdout] 345a99fa70314d4cd9a357671e3f254daa24a8ae484b8db936389b3db236685f
[INFO] running `Command { std: "docker" "start" "-a" "345a99fa70314d4cd9a357671e3f254daa24a8ae484b8db936389b3db236685f", kill_on_drop: false }`
[INFO] running `Command { std: "docker" "inspect" "345a99fa70314d4cd9a357671e3f254daa24a8ae484b8db936389b3db236685f", kill_on_drop: false }`
[INFO] running `Command { std: "docker" "rm" "-f" "345a99fa70314d4cd9a357671e3f254daa24a8ae484b8db936389b3db236685f", kill_on_drop: false }`
[INFO] [stdout] 345a99fa70314d4cd9a357671e3f254daa24a8ae484b8db936389b3db236685f
[INFO] running `Command { std: "docker" "create" "-v" "/var/lib/crater-agent-workspace/builds/worker-86/target:/opt/rustwide/target:rw,Z" "-v" "/var/lib/crater-agent-workspace/builds/worker-86/source:/opt/rustwide/workdir:ro,Z" "-v" "/var/lib/crater-agent-workspace/cargo-home:/opt/rustwide/cargo-home:ro,Z" "-v" "/var/lib/crater-agent-workspace/rustup-home:/opt/rustwide/rustup-home:ro,Z" "-e" "SOURCE_DIR=/opt/rustwide/workdir" "-e" "CARGO_TARGET_DIR=/opt/rustwide/target" "-e" "CARGO_INCREMENTAL=0" "-e" "RUST_BACKTRACE=full" "-e" "RUSTFLAGS=--cap-lints=warn" "-e" "CARGO_HOME=/opt/rustwide/cargo-home" "-e" "RUSTUP_HOME=/opt/rustwide/rustup-home" "-w" "/opt/rustwide/workdir" "-m" "1610612736" "--user" "0:0" "--network" "none" "ghcr.io/rust-lang/crates-build-env/linux@sha256:a89201d6b5b9fd45c15d5952ece0a0129e7e80cb26ec023fd59cf09bc26f1604" "/opt/rustwide/cargo-home/bin/cargo" "+1.55.0" "check" "--frozen" "--all" "--all-targets" "--message-format=json", kill_on_drop: false }`
[INFO] [stdout] c9d139cdd12ee61ceec3b80bbef090d790260a77f37dbbf155ce20a7ed0bc9b3
[INFO] running `Command { std: "docker" "start" "-a" "c9d139cdd12ee61ceec3b80bbef090d790260a77f37dbbf155ce20a7ed0bc9b3", kill_on_drop: false }`
[INFO] [stderr]     Blocking waiting for file lock on package cache
[INFO] [stderr]    Compiling syn v1.0.80
[INFO] [stderr]    Compiling ident_case v1.0.1
[INFO] [stderr]    Compiling fnv v1.0.7
[INFO] [stderr]    Compiling strsim v0.10.0
[INFO] [stderr]    Compiling libc v0.2.103
[INFO] [stderr]    Compiling futures-core v0.3.17
[INFO] [stderr]    Compiling futures-task v0.3.17
[INFO] [stderr]    Compiling serde v1.0.130
[INFO] [stderr]    Compiling anyhow v1.0.44
[INFO] [stderr]    Compiling httparse v1.5.1
[INFO] [stderr]    Compiling futures-channel v0.3.17
[INFO] [stderr]     Checking spin v0.7.1
[INFO] [stderr]     Checking try-lock v0.2.3
[INFO] [stderr]     Checking httpdate v1.0.1
[INFO] [stderr]     Checking tower-service v0.3.1
[INFO] [stderr]    Compiling tokio v1.12.0
[INFO] [stderr]    Compiling futures-util v0.3.17
[INFO] [stderr]     Checking http-body v0.4.3
[INFO] [stderr]     Checking tracing v0.1.29
[INFO] [stderr]     Checking want v0.3.0
[INFO] [stderr]     Checking getrandom v0.2.3
[INFO] [stderr]     Checking rand_core v0.6.3
[INFO] [stderr]     Checking rand_chacha v0.3.1
[INFO] [stderr]     Checking rand v0.8.4
[INFO] [stderr]     Checking hyper v0.14.13
[INFO] [stderr]    Compiling darling_core v0.12.4
[INFO] [stderr]    Compiling thiserror-impl v1.0.30
[INFO] [stderr]    Compiling darling_macro v0.12.4
[INFO] [stderr]    Compiling darling v0.12.4
[INFO] [stderr]     Checking thiserror v1.0.30
[INFO] [stderr]    Compiling derive_builder_core v0.10.2
[INFO] [stderr]    Compiling derive_builder_macro v0.10.2
[INFO] [stderr]     Checking derive_builder v0.10.2
[INFO] [stderr]     Checking merfolk v0.1.4
[INFO] [stderr]     Checking merfolk_frontend_duplex v0.1.0 (/opt/rustwide/workdir)
[INFO] [stdout] error[E0433]: failed to resolve: use of undeclared crate or module `merfolk_frontend_register`
[INFO] [stdout]   --> test/tests.rs:18:31
[INFO] [stdout]    |
[INFO] [stdout] 18 |   let register_first_caller = merfolk_frontend_register::Register::builder().build().unwrap();
[INFO] [stdout]    |                               ^^^^^^^^^^^^^^^^^^^^^^^^^ use of undeclared crate or module `merfolk_frontend_register`
[INFO] [stdout] 
[INFO] [stdout] 
[INFO] [stderr] error: could not compile `merfolk_frontend_duplex` due to 11 previous errors
[INFO] [stdout] error[E0433]: failed to resolve: use of undeclared crate or module `merfolk_frontend_register`
[INFO] [stdout]   --> test/tests.rs:19:33
[INFO] [stdout]    |
[INFO] [stdout] 19 |   let register_first_receiver = merfolk_frontend_register::Register::builder().build().unwrap();
[INFO] [stdout]    |                                 ^^^^^^^^^^^^^^^^^^^^^^^^^ use of undeclared crate or module `merfolk_frontend_register`
[INFO] [stdout] 
[INFO] [stdout] 
[INFO] [stdout] error[E0433]: failed to resolve: use of undeclared crate or module `merfolk_frontend_register`
[INFO] [stdout]   --> test/tests.rs:24:32
[INFO] [stdout]    |
[INFO] [stdout] 24 |   let register_second_caller = merfolk_frontend_register::Register::builder().build().unwrap();
[INFO] [stdout]    |                                ^^^^^^^^^^^^^^^^^^^^^^^^^ use of undeclared crate or module `merfolk_frontend_register`
[INFO] [stdout] 
[INFO] [stdout] 
[INFO] [stdout] error[E0433]: failed to resolve: use of undeclared crate or module `merfolk_frontend_register`
[INFO] [stdout]   --> test/tests.rs:25:34
[INFO] [stdout]    |
[INFO] [stdout] 25 |   let register_second_receiver = merfolk_frontend_register::Register::builder().build().unwrap();
[INFO] [stdout]    |                                  ^^^^^^^^^^^^^^^^^^^^^^^^^ use of undeclared crate or module `merfolk_frontend_register`
[INFO] [stdout] 
[INFO] [stdout] 
[INFO] [stdout] error[E0433]: failed to resolve: use of undeclared crate or module `merfolk_backend_in_process`
[INFO] [stdout]   --> test/tests.rs:30:39
[INFO] [stdout]    |
[INFO] [stdout] 30 |   let (to_first, from_first): (Sender<merfolk_backend_in_process::InProcessChannel>, Receiver<merfolk_backend_in_process::InProcessChanne...
[INFO] [stdout]    |                                       ^^^^^^^^^^^^^^^^^^^^^^^^^^ use of undeclared crate or module `merfolk_backend_in_process`
[INFO] [stdout] 
[INFO] [stdout] 
[INFO] [stdout] error[E0433]: failed to resolve: use of undeclared crate or module `merfolk_backend_in_process`
[INFO] [stdout]   --> test/tests.rs:30:95
[INFO] [stdout]    |
[INFO] [stdout] 30 | ...essChannel>, Receiver<merfolk_backend_in_process::InProcessChannel>) = mpsc::channel(1);
[INFO] [stdout]    |                          ^^^^^^^^^^^^^^^^^^^^^^^^^^ use of undeclared crate or module `merfolk_backend_in_process`
[INFO] [stdout] 
[INFO] [stdout] 
[INFO] [stdout] error[E0433]: failed to resolve: use of undeclared crate or module `merfolk_backend_in_process`
[INFO] [stdout]   --> test/tests.rs:31:41
[INFO] [stdout]    |
[INFO] [stdout] 31 |   let (to_second, from_second): (Sender<merfolk_backend_in_process::InProcessChannel>, Receiver<merfolk_backend_in_process::InProcessChan...
[INFO] [stdout]    |                                         ^^^^^^^^^^^^^^^^^^^^^^^^^^ use of undeclared crate or module `merfolk_backend_in_process`
[INFO] [stdout] 
[INFO] [stdout] 
[INFO] [stdout] error[E0433]: failed to resolve: use of undeclared crate or module `merfolk_backend_in_process`
[INFO] [stdout]   --> test/tests.rs:31:97
[INFO] [stdout]    |
[INFO] [stdout] 31 | ...essChannel>, Receiver<merfolk_backend_in_process::InProcessChannel>) = mpsc::channel(1);
[INFO] [stdout]    |                          ^^^^^^^^^^^^^^^^^^^^^^^^^^ use of undeclared crate or module `merfolk_backend_in_process`
[INFO] [stdout] 
[INFO] [stdout] 
[INFO] [stdout] error[E0433]: failed to resolve: use of undeclared crate or module `merfolk_backend_in_process`
[INFO] [stdout]   --> test/tests.rs:34:14
[INFO] [stdout]    |
[INFO] [stdout] 34 |     .backend(merfolk_backend_in_process::InProcess::builder().to(to_first).from(from_second).build().unwrap())
[INFO] [stdout]    |              ^^^^^^^^^^^^^^^^^^^^^^^^^^ use of undeclared crate or module `merfolk_backend_in_process`
[INFO] [stdout] 
[INFO] [stdout] 
[INFO] [stdout] error[E0433]: failed to resolve: use of undeclared crate or module `merfolk_backend_in_process`
[INFO] [stdout]   --> test/tests.rs:40:14
[INFO] [stdout]    |
[INFO] [stdout] 40 |     .backend(merfolk_backend_in_process::InProcess::builder().to(to_second).from(from_first).build().unwrap())
[INFO] [stdout]    |              ^^^^^^^^^^^^^^^^^^^^^^^^^^ use of undeclared crate or module `merfolk_backend_in_process`
[INFO] [stdout] 
[INFO] [stdout] 
[INFO] [stdout] error: aborting due to 10 previous errors
[INFO] [stdout] 
[INFO] [stdout] 
[INFO] [stdout] For more information about this error, try `rustc --explain E0433`.
[INFO] [stdout] 
[INFO] running `Command { std: "docker" "inspect" "c9d139cdd12ee61ceec3b80bbef090d790260a77f37dbbf155ce20a7ed0bc9b3", kill_on_drop: false }`
[INFO] running `Command { std: "docker" "rm" "-f" "c9d139cdd12ee61ceec3b80bbef090d790260a77f37dbbf155ce20a7ed0bc9b3", kill_on_drop: false }`
[INFO] [stdout] c9d139cdd12ee61ceec3b80bbef090d790260a77f37dbbf155ce20a7ed0bc9b3
