[INFO] fetching crate memflow-win32 0.1.5...
[INFO] checking memflow-win32-0.1.5 against 1.55.0 for beta-1.56-3
[INFO] extracting crate memflow-win32 0.1.5 into /workspace/builds/worker-113/source
[INFO] validating manifest of crates.io crate memflow-win32 0.1.5 on toolchain 1.55.0
[INFO] running `Command { std: "/workspace/cargo-home/bin/cargo" "+1.55.0" "metadata" "--manifest-path" "Cargo.toml" "--no-deps", kill_on_drop: false }`
[INFO] started tweaking crates.io crate memflow-win32 0.1.5
[INFO] removed 0 missing examples
[INFO] finished tweaking crates.io crate memflow-win32 0.1.5
[INFO] tweaked toml for crates.io crate memflow-win32 0.1.5 written to /workspace/builds/worker-113/source/Cargo.toml
[INFO] crate crates.io crate memflow-win32 0.1.5 already has a lockfile, it will not be regenerated
[INFO] running `Command { std: "/workspace/cargo-home/bin/cargo" "+1.55.0" "fetch" "--manifest-path" "Cargo.toml", kill_on_drop: false }`
[INFO] [stderr]     Blocking waiting for file lock on package cache
[INFO] [stderr]     Blocking waiting for file lock on package cache
[INFO] [stderr]  Downloading crates ...
[INFO] [stderr]   Downloaded simple_logger v1.11.0
[INFO] [stderr]   Downloaded pbr v1.0.3
[INFO] [stderr]   Downloaded pelite-macros v0.1.1
[INFO] [stderr]   Downloaded darling_macro v0.10.3
[INFO] [stderr]   Downloaded coarsetime v0.1.18
[INFO] [stderr]   Downloaded win_key_codes v0.1.2
[INFO] [stderr]   Downloaded darling v0.10.3
[INFO] [stderr]   Downloaded ureq v1.5.4
[INFO] [stderr]   Downloaded darling_core v0.10.3
[INFO] [stderr]   Downloaded pelite v0.9.0
[INFO] [stderr]   Downloaded standback v0.2.13
[INFO] [stderr]   Downloaded dataview v0.1.1
[INFO] [stderr]   Downloaded derive_pod v0.1.0
[INFO] [stderr]   Downloaded progress-streams v1.1.0
[INFO] [stderr]   Downloaded time v0.2.23
[INFO] [stderr]   Downloaded x86_64 v0.12.3
[INFO] [stderr]   Downloaded pdb v0.6.0
[INFO] running `Command { std: "docker" "create" "-v" "/var/lib/crater-agent-workspace/builds/worker-113/target:/opt/rustwide/target:rw,Z" "-v" "/var/lib/crater-agent-workspace/builds/worker-113/source:/opt/rustwide/workdir:ro,Z" "-v" "/var/lib/crater-agent-workspace/cargo-home:/opt/rustwide/cargo-home:ro,Z" "-v" "/var/lib/crater-agent-workspace/rustup-home:/opt/rustwide/rustup-home:ro,Z" "-e" "SOURCE_DIR=/opt/rustwide/workdir" "-e" "CARGO_TARGET_DIR=/opt/rustwide/target" "-e" "CARGO_HOME=/opt/rustwide/cargo-home" "-e" "RUSTUP_HOME=/opt/rustwide/rustup-home" "-w" "/opt/rustwide/workdir" "-m" "1610612736" "--user" "0:0" "--network" "none" "ghcr.io/rust-lang/crates-build-env/linux@sha256:a89201d6b5b9fd45c15d5952ece0a0129e7e80cb26ec023fd59cf09bc26f1604" "/opt/rustwide/cargo-home/bin/cargo" "+1.55.0" "metadata" "--no-deps" "--format-version=1", kill_on_drop: false }`
[INFO] [stdout] de5b2647408e9607dc63a86a0ba36c8b0976358957f1dbbd6919ffc4a5edfab6
[INFO] running `Command { std: "docker" "start" "-a" "de5b2647408e9607dc63a86a0ba36c8b0976358957f1dbbd6919ffc4a5edfab6", kill_on_drop: false }`
[INFO] running `Command { std: "docker" "inspect" "de5b2647408e9607dc63a86a0ba36c8b0976358957f1dbbd6919ffc4a5edfab6", kill_on_drop: false }`
[INFO] running `Command { std: "docker" "rm" "-f" "de5b2647408e9607dc63a86a0ba36c8b0976358957f1dbbd6919ffc4a5edfab6", kill_on_drop: false }`
[INFO] [stdout] de5b2647408e9607dc63a86a0ba36c8b0976358957f1dbbd6919ffc4a5edfab6
[INFO] running `Command { std: "docker" "create" "-v" "/var/lib/crater-agent-workspace/builds/worker-113/target:/opt/rustwide/target:rw,Z" "-v" "/var/lib/crater-agent-workspace/builds/worker-113/source:/opt/rustwide/workdir:ro,Z" "-v" "/var/lib/crater-agent-workspace/cargo-home:/opt/rustwide/cargo-home:ro,Z" "-v" "/var/lib/crater-agent-workspace/rustup-home:/opt/rustwide/rustup-home:ro,Z" "-e" "SOURCE_DIR=/opt/rustwide/workdir" "-e" "CARGO_TARGET_DIR=/opt/rustwide/target" "-e" "CARGO_INCREMENTAL=0" "-e" "RUST_BACKTRACE=full" "-e" "RUSTFLAGS=--cap-lints=warn" "-e" "CARGO_HOME=/opt/rustwide/cargo-home" "-e" "RUSTUP_HOME=/opt/rustwide/rustup-home" "-w" "/opt/rustwide/workdir" "-m" "1610612736" "--user" "0:0" "--network" "none" "ghcr.io/rust-lang/crates-build-env/linux@sha256:a89201d6b5b9fd45c15d5952ece0a0129e7e80cb26ec023fd59cf09bc26f1604" "/opt/rustwide/cargo-home/bin/cargo" "+1.55.0" "check" "--frozen" "--all" "--all-targets" "--message-format=json", kill_on_drop: false }`
[INFO] [stdout] 6968401971e80505d319e37e0478115ce761421aeb26721e7f4bc0f450db1a7c
[INFO] running `Command { std: "docker" "start" "-a" "6968401971e80505d319e37e0478115ce761421aeb26721e7f4bc0f450db1a7c", kill_on_drop: false }`
[INFO] [stderr]     Blocking waiting for file lock on package cache
[INFO] [stderr]    Compiling libc v0.2.81
[INFO] [stderr]    Compiling proc-macro2 v1.0.24
[INFO] [stderr]    Compiling unicode-xid v0.2.1
[INFO] [stderr]    Compiling syn v1.0.54
[INFO] [stderr]    Compiling version_check v0.9.2
[INFO] [stderr]    Compiling serde_derive v1.0.118
[INFO] [stderr]    Compiling serde v1.0.118
[INFO] [stderr]     Checking once_cell v1.5.2
[INFO] [stderr]    Compiling cc v1.0.66
[INFO] [stderr]    Compiling log v0.4.11
[INFO] [stderr]     Checking matches v0.1.8
[INFO] [stderr]    Compiling memchr v2.3.4
[INFO] [stderr]    Compiling const_fn v0.4.4
[INFO] [stderr]     Checking untrusted v0.7.1
[INFO] [stderr]     Checking spin v0.5.2
[INFO] [stderr]    Compiling derive_pod v0.1.0
[INFO] [stderr]    Compiling getrandom v0.1.15
[INFO] [stderr]    Compiling strsim v0.10.0
[INFO] [stderr]    Compiling ident_case v1.0.1
[INFO] [stderr]    Compiling fnv v1.0.7
[INFO] [stderr]     Checking regex-syntax v0.6.21
[INFO] [stderr]    Compiling serde_json v1.0.60
[INFO] [stderr]    Compiling maybe-uninit v2.0.0
[INFO] [stderr]    Compiling x86_64 v0.12.3
[INFO] [stderr]     Checking itoa v0.4.6
[INFO] [stderr]     Checking bit_field v0.9.0
[INFO] [stderr]     Checking no-std-compat v0.4.1
[INFO] [stderr]     Checking either v1.6.1
[INFO] [stderr]     Checking ahash v0.3.8
[INFO] [stderr]     Checking bumpalo v3.4.0
[INFO] [stderr]     Checking scroll v0.10.2
[INFO] [stderr]    Compiling pelite-macros v0.1.1
[INFO] [stderr]     Checking chunked_transfer v1.3.0
[INFO] [stderr]     Checking fallible-iterator v0.2.0
[INFO] [stderr]     Checking unicode-width v0.1.8
[INFO] [stderr]     Checking uuid v0.8.1
[INFO] [stderr]     Checking smallvec v1.5.1
[INFO] [stderr]     Checking widestring v0.4.3
[INFO] [stderr]     Checking vec_map v0.8.2
[INFO] [stderr]     Checking progress-streams v1.1.0
[INFO] [stderr]     Checking win_key_codes v0.1.2
[INFO] [stderr]     Checking tinyvec v1.1.0
[INFO] [stderr]     Checking thread_local v1.0.1
[INFO] [stderr]    Compiling crossbeam-utils v0.7.2
[INFO] [stderr]    Compiling num-traits v0.2.14
[INFO] [stderr]    Compiling hashbrown v0.8.2
[INFO] [stderr]     Checking qstring v0.7.2
[INFO] [stderr]     Checking unicode-bidi v0.3.4
[INFO] [stderr]     Checking form_urlencoded v1.0.0
[INFO] [stderr]    Compiling standback v0.2.13
[INFO] [stderr]    Compiling time v0.2.23
[INFO] [stderr]    Compiling error-chain v0.12.4
[INFO] [stderr]    Compiling cookie v0.14.3
[INFO] [stderr]     Checking textwrap v0.11.0
[INFO] [stderr]     Checking itertools v0.9.0
[INFO] [stderr]     Checking pdb v0.6.0
[INFO] [stderr]     Checking aho-corasick v0.7.15
[INFO] [stderr]    Compiling dataview v0.1.1
[INFO] [stderr]     Checking vector-trees v0.1.0
[INFO] [stderr]     Checking unicode-normalization v0.1.16
[INFO] [stderr]    Compiling ring v0.16.19
[INFO] [stderr]    Compiling quote v1.0.7
[INFO] [stderr]     Checking time v0.1.44
[INFO] [stderr]     Checking atty v0.2.14
[INFO] [stderr]     Checking coarsetime v0.1.18
[INFO] [stderr]     Checking dirs-sys v0.3.5
[INFO] [stderr]     Checking num-integer v0.1.44
[INFO] [stderr]     Checking rand_core v0.5.1
[INFO] [stderr]     Checking colored v1.9.3
[INFO] [stderr]     Checking dirs v2.0.2
[INFO] [stderr]     Checking clap v2.33.3
[INFO] [stderr]     Checking colored v2.0.0
[INFO] [stderr]     Checking crossbeam-channel v0.4.4
[INFO] [stderr]     Checking chrono v0.4.19
[INFO] [stderr]     Checking rand_chacha v0.2.2
[INFO] [stderr]     Checking rand_xorshift v0.2.0
[INFO] [stderr]     Checking idna v0.2.0
[INFO] [stderr]     Checking rand v0.7.3
[INFO] [stderr]     Checking regex v1.4.2
[INFO] [stderr]     Checking pbr v1.0.3
[INFO] [stderr]     Checking url v2.2.0
[INFO] [stderr]     Checking simple_logger v1.11.0
[INFO] [stderr]     Checking publicsuffix v1.5.4
[INFO] [stderr]     Checking webpki v0.21.4
[INFO] [stderr]     Checking sct v0.6.0
[INFO] [stderr]     Checking webpki-roots v0.21.0
[INFO] [stderr]     Checking rustls v0.19.0
[INFO] [stderr]    Compiling darling_core v0.10.3
[INFO] [stderr]    Compiling time-macros-impl v0.1.1
[INFO] [stderr]    Compiling darling_macro v0.10.3
[INFO] [stderr]    Compiling darling v0.10.3
[INFO] [stderr]     Checking time-macros v0.1.1
[INFO] [stderr]    Compiling memflow-derive v0.1.5
[INFO] [stderr]     Checking pelite v0.9.0
[INFO] [stderr]     Checking memflow v0.1.5
[INFO] [stderr]     Checking toml v0.5.7
[INFO] [stderr]     Checking cookie_store v0.12.0
[INFO] [stderr]     Checking ureq v1.5.4
[INFO] [stderr]    Compiling memflow-win32 v0.1.5 (/opt/rustwide/workdir)
[INFO] [stdout] error[E0433]: failed to resolve: use of undeclared type `ConnectorInventory`
[INFO] [stdout]    --> examples/read_bench.rs:182:30
[INFO] [stdout]     |
[INFO] [stdout] 182 |     let inventory = unsafe { ConnectorInventory::scan() };
[INFO] [stdout]     |                              ^^^^^^^^^^^^^^^^^^ use of undeclared type `ConnectorInventory`
[INFO] [stdout] 
[INFO] [stdout] 
[INFO] [stdout] error[E0433]: failed to resolve: use of undeclared type `ConnectorInventory`
[INFO] [stdout]   --> examples/integration.rs:20:30
[INFO] [stdout]    |
[INFO] [stdout] 20 |     let inventory = unsafe { ConnectorInventory::scan() };
[INFO] [stdout]    |                              ^^^^^^^^^^^^^^^^^^ use of undeclared type `ConnectorInventory`
[INFO] [stdout] 
[INFO] [stdout] 
[INFO] [stdout] error[E0433]: failed to resolve: use of undeclared type `ConnectorInventory`
[INFO] [stdout]   --> examples/dump_offsets.rs:53:30
[INFO] [stdout]    |
[INFO] [stdout] 53 |     let inventory = unsafe { ConnectorInventory::scan() };
[INFO] [stdout]    |                              ^^^^^^^^^^^^^^^^^^ use of undeclared type `ConnectorInventory`
[INFO] [stdout] 
[INFO] [stdout] 
[INFO] [stdout] error[E0433]: failed to resolve: use of undeclared type `ConnectorInventory`
[INFO] [stdout]   --> examples/read_keys.rs:46:30
[INFO] [stdout]    |
[INFO] [stdout] 46 |     let inventory = unsafe { ConnectorInventory::scan() };
[INFO] [stdout]    |                              ^^^^^^^^^^^^^^^^^^ use of undeclared type `ConnectorInventory`
[INFO] [stdout] 
[INFO] [stdout] 
[INFO] [stdout] error: aborting due to previous error
[INFO] [stdout] 
[INFO] [stdout] 
[INFO] [stdout] For more information about this error, try `rustc --explain E0433`.
[INFO] [stdout] 
[INFO] [stdout] error: aborting due to previous error
[INFO] [stdout] 
[INFO] [stdout] 
[INFO] [stderr] error: could not compile `memflow-win32` due to 2 previous errors
[INFO] [stdout] error: aborting due to previous error
[INFO] [stdout] 
[INFO] [stdout] 
[INFO] [stderr] warning: build failed, waiting for other jobs to finish...
[INFO] [stdout] error[E0433]: failed to resolve: use of undeclared type `ConnectorInventory`
[INFO] [stdout]    --> examples/multithreading.rs:115:30
[INFO] [stdout]     |
[INFO] [stdout] 115 |     let inventory = unsafe { ConnectorInventory::scan() };
[INFO] [stdout]     |                              ^^^^^^^^^^^^^^^^^^ use of undeclared type `ConnectorInventory`
[INFO] [stdout] 
[INFO] [stdout] 
[INFO] [stdout] For more information about this error, try `rustc --explain E0433`.
[INFO] [stdout] 
[INFO] [stdout] For more information about this error, try `rustc --explain E0433`.
[INFO] [stdout] 
[INFO] [stdout] error: aborting due to previous error
[INFO] [stdout] 
[INFO] [stdout] 
[INFO] [stdout] For more information about this error, try `rustc --explain E0433`.
[INFO] [stdout] 
[INFO] [stdout] error: aborting due to previous error
[INFO] [stdout] 
[INFO] [stdout] 
[INFO] [stdout] For more information about this error, try `rustc --explain E0433`.
[INFO] [stdout] 
[INFO] [stderr] error: build failed
[INFO] running `Command { std: "docker" "inspect" "6968401971e80505d319e37e0478115ce761421aeb26721e7f4bc0f450db1a7c", kill_on_drop: false }`
[INFO] running `Command { std: "docker" "rm" "-f" "6968401971e80505d319e37e0478115ce761421aeb26721e7f4bc0f450db1a7c", kill_on_drop: false }`
[INFO] [stdout] 6968401971e80505d319e37e0478115ce761421aeb26721e7f4bc0f450db1a7c
