[INFO] fetching crate megaui-macroquad 0.1.4...
[INFO] checking megaui-macroquad-0.1.4 against beta-2021-10-15 for beta-1.56-3
[INFO] extracting crate megaui-macroquad 0.1.4 into /workspace/builds/worker-52/source
[INFO] validating manifest of crates.io crate megaui-macroquad 0.1.4 on toolchain beta-2021-10-15
[INFO] running `Command { std: "/workspace/cargo-home/bin/cargo" "+beta-2021-10-15" "metadata" "--manifest-path" "Cargo.toml" "--no-deps", kill_on_drop: false }`
[INFO] started tweaking crates.io crate megaui-macroquad 0.1.4
[INFO] finished tweaking crates.io crate megaui-macroquad 0.1.4
[INFO] tweaked toml for crates.io crate megaui-macroquad 0.1.4 written to /workspace/builds/worker-52/source/Cargo.toml
[INFO] running `Command { std: "/workspace/cargo-home/bin/cargo" "+beta-2021-10-15" "generate-lockfile" "--manifest-path" "Cargo.toml" "-Zno-index-update", kill_on_drop: false }`
[INFO] [stderr]     Blocking waiting for file lock on package cache
[INFO] running `Command { std: "/workspace/cargo-home/bin/cargo" "+beta-2021-10-15" "fetch" "--manifest-path" "Cargo.toml", kill_on_drop: false }`
[INFO] [stderr]     Blocking waiting for file lock on package cache
[INFO] [stderr]     Blocking waiting for file lock on package cache
[INFO] [stderr]  Downloading crates ...
[INFO] [stderr]   Downloaded color_quant v1.1.0
[INFO] [stderr]   Downloaded num-rational v0.3.2
[INFO] [stderr]   Downloaded adler32 v1.2.0
[INFO] [stderr]   Downloaded miniz_oxide v0.3.7
[INFO] [stderr]   Downloaded miniquad_text_rusttype v0.1.2
[INFO] [stderr]   Downloaded deflate v0.8.6
[INFO] [stderr]   Downloaded ttf-parser v0.12.3
[INFO] [stderr]   Downloaded stb_truetype v0.3.1
[INFO] [stderr]   Downloaded rusttype v0.8.3
[INFO] [stderr]   Downloaded hound v3.4.0
[INFO] [stderr]   Downloaded fontdue v0.5.2
[INFO] [stderr]   Downloaded bytemuck v1.7.2
[INFO] [stderr]   Downloaded png v0.16.8
[INFO] [stderr]   Downloaded lewton v0.9.4
[INFO] [stderr]   Downloaded sapp-linux v0.1.13
[INFO] [stderr]   Downloaded sapp-darwin v0.1.6
[INFO] [stderr]   Downloaded sapp-ios v0.1.2
[INFO] [stderr]   Downloaded quad-rand v0.2.1
[INFO] [stderr]   Downloaded image v0.23.14
[INFO] [stderr]   Downloaded macroquad_macro v0.1.7
[INFO] [stderr]   Downloaded glam v0.14.0
[INFO] [stderr]   Downloaded sapp-android v0.1.8
[INFO] [stderr]   Downloaded sapp-windows v0.2.18
[INFO] [stderr]   Downloaded dasp_frame v0.11.0
[INFO] [stderr]   Downloaded ogg v0.7.1
[INFO] [stderr]   Downloaded quad-snd v0.2.2
[INFO] [stderr]   Downloaded ndk-sys v0.2.1
[INFO] [stderr]   Downloaded megaui v0.2.18
[INFO] [stderr]   Downloaded macroquad v0.3.10
[INFO] [stderr]   Downloaded sapp-dummy v0.1.5
[INFO] [stderr]   Downloaded dasp_sample v0.11.0
[INFO] [stderr]   Downloaded sapp-wasm v0.1.26
[INFO] [stderr]   Downloaded miniquad v0.3.0-alpha.37
[INFO] [stderr]   Downloaded audir-sles v0.1.0
[INFO] [stderr]   Downloaded audrey v0.3.0
[INFO] [stderr]   Downloaded quad-alsa-sys v0.3.2
[INFO] [stderr]   Downloaded rusttype v0.7.9
[INFO] running `Command { std: "docker" "create" "-v" "/var/lib/crater-agent-workspace/builds/worker-52/target:/opt/rustwide/target:rw,Z" "-v" "/var/lib/crater-agent-workspace/builds/worker-52/source:/opt/rustwide/workdir:ro,Z" "-v" "/var/lib/crater-agent-workspace/cargo-home:/opt/rustwide/cargo-home:ro,Z" "-v" "/var/lib/crater-agent-workspace/rustup-home:/opt/rustwide/rustup-home:ro,Z" "-e" "SOURCE_DIR=/opt/rustwide/workdir" "-e" "CARGO_TARGET_DIR=/opt/rustwide/target" "-e" "CARGO_HOME=/opt/rustwide/cargo-home" "-e" "RUSTUP_HOME=/opt/rustwide/rustup-home" "-w" "/opt/rustwide/workdir" "-m" "1610612736" "--user" "0:0" "--network" "none" "ghcr.io/rust-lang/crates-build-env/linux@sha256:a89201d6b5b9fd45c15d5952ece0a0129e7e80cb26ec023fd59cf09bc26f1604" "/opt/rustwide/cargo-home/bin/cargo" "+beta-2021-10-15" "metadata" "--no-deps" "--format-version=1", kill_on_drop: false }`
[INFO] [stdout] c7b6a1256d57542209fb240861045afeede847b0035c96678be38c9028163588
[INFO] running `Command { std: "docker" "start" "-a" "c7b6a1256d57542209fb240861045afeede847b0035c96678be38c9028163588", kill_on_drop: false }`
[INFO] running `Command { std: "docker" "inspect" "c7b6a1256d57542209fb240861045afeede847b0035c96678be38c9028163588", kill_on_drop: false }`
[INFO] running `Command { std: "docker" "rm" "-f" "c7b6a1256d57542209fb240861045afeede847b0035c96678be38c9028163588", kill_on_drop: false }`
[INFO] [stdout] c7b6a1256d57542209fb240861045afeede847b0035c96678be38c9028163588
[INFO] running `Command { std: "docker" "create" "-v" "/var/lib/crater-agent-workspace/builds/worker-52/target:/opt/rustwide/target:rw,Z" "-v" "/var/lib/crater-agent-workspace/builds/worker-52/source:/opt/rustwide/workdir:ro,Z" "-v" "/var/lib/crater-agent-workspace/cargo-home:/opt/rustwide/cargo-home:ro,Z" "-v" "/var/lib/crater-agent-workspace/rustup-home:/opt/rustwide/rustup-home:ro,Z" "-e" "SOURCE_DIR=/opt/rustwide/workdir" "-e" "CARGO_TARGET_DIR=/opt/rustwide/target" "-e" "CARGO_INCREMENTAL=0" "-e" "RUST_BACKTRACE=full" "-e" "RUSTFLAGS=--cap-lints=warn" "-e" "CARGO_HOME=/opt/rustwide/cargo-home" "-e" "RUSTUP_HOME=/opt/rustwide/rustup-home" "-w" "/opt/rustwide/workdir" "-m" "1610612736" "--user" "0:0" "--network" "none" "ghcr.io/rust-lang/crates-build-env/linux@sha256:a89201d6b5b9fd45c15d5952ece0a0129e7e80cb26ec023fd59cf09bc26f1604" "/opt/rustwide/cargo-home/bin/cargo" "+beta-2021-10-15" "check" "--frozen" "--all" "--all-targets" "--message-format=json", kill_on_drop: false }`
[INFO] [stdout] eca0c0b6150157dc17583e135a1a030c1df76642d0b9b84d8c0d639452a85c60
[INFO] running `Command { std: "docker" "start" "-a" "eca0c0b6150157dc17583e135a1a030c1df76642d0b9b84d8c0d639452a85c60", kill_on_drop: false }`
[INFO] [stderr]     Blocking waiting for file lock on package cache
[INFO] [stderr]    Compiling autocfg v1.0.1
[INFO] [stderr]     Checking byteorder v1.4.3
[INFO] [stderr]    Compiling libc v0.2.103
[INFO] [stderr]    Compiling quad-alsa-sys v0.3.2
[INFO] [stderr]    Compiling crc32fast v1.2.1
[INFO] [stderr]     Checking adler32 v1.2.0
[INFO] [stderr]     Checking dasp_sample v0.11.0
[INFO] [stderr]    Compiling sapp-linux v0.1.13
[INFO] [stderr]     Checking hound v3.4.0
[INFO] [stderr]     Checking ahash v0.4.7
[INFO] [stderr]    Compiling quad-snd v0.2.2
[INFO] [stderr]     Checking ttf-parser v0.12.3
[INFO] [stderr]     Checking bytemuck v1.7.2
[INFO] [stderr]     Checking color_quant v1.1.0
[INFO] [stderr]    Compiling macroquad_macro v0.1.7
[INFO] [stderr]     Checking glam v0.14.0
[INFO] [stderr]     Checking quad-rand v0.2.1
[INFO] [stderr]     Checking bumpalo v3.7.1
[INFO] [stderr]     Checking smallvec v0.6.14
[INFO] [stderr]     Checking miniz_oxide v0.3.7
[INFO] [stderr]     Checking hashbrown v0.9.1
[INFO] [stderr]     Checking ogg v0.7.1
[INFO] [stderr]     Checking stb_truetype v0.3.1
[INFO] [stderr]     Checking deflate v0.8.6
[INFO] [stderr]     Checking dasp_frame v0.11.0
[INFO] [stderr]    Compiling num-traits v0.2.14
[INFO] [stderr]    Compiling num-integer v0.1.44
[INFO] [stderr]    Compiling num-iter v0.1.42
[INFO] [stderr]    Compiling num-rational v0.3.2
[INFO] [stderr]     Checking lewton v0.9.4
[INFO] [stderr]     Checking fontdue v0.5.2
[INFO] [stderr]     Checking png v0.16.8
[INFO] [stderr]     Checking audrey v0.3.0
[INFO] [stderr]     Checking approx v0.3.2
[INFO] [stderr]     Checking ordered-float v1.1.1
[INFO] [stderr]     Checking rusttype v0.8.3
[INFO] [stderr]     Checking rusttype v0.7.9
[INFO] [stderr]     Checking miniquad v0.3.0-alpha.37
[INFO] [stderr]     Checking miniquad_text_rusttype v0.1.2
[INFO] [stderr]     Checking image v0.23.14
[INFO] [stderr]     Checking megaui v0.2.18
[INFO] [stderr]     Checking macroquad v0.3.10
[INFO] [stderr]     Checking megaui-macroquad v0.1.4 (/opt/rustwide/workdir)
[INFO] [stdout] error[E0061]: this function takes 3 arguments but 4 arguments were supplied
[INFO] [stdout]    --> src/lib.rs:24:28
[INFO] [stdout]     |
[INFO] [stdout] 24  |         let font_texture = Texture2D::from_rgba8(
[INFO] [stdout]     |                            ^^^^^^^^^^^^^^^^^^^^^ expected 3 arguments
[INFO] [stdout] 25  |             ctx,
[INFO] [stdout]     |             ---
[INFO] [stdout] 26  |             texture_data.width as u16,
[INFO] [stdout]     |             -------------------------
[INFO] [stdout] 27  |             texture_data.height as u16,
[INFO] [stdout]     |             --------------------------
[INFO] [stdout] 28  |             &texture_data.data,
[INFO] [stdout]     |             ------------------ supplied 4 arguments
[INFO] [stdout]     |
[INFO] [stdout] note: associated function defined here
[INFO] [stdout]    --> /opt/rustwide/cargo-home/registry/src/github.com-1ecc6299db9ec823/macroquad-0.3.10/src/texture.rs:523:12
[INFO] [stdout]     |
[INFO] [stdout] 523 |     pub fn from_rgba8(width: u16, height: u16, bytes: &[u8]) -> Texture2D {
[INFO] [stdout]     |            ^^^^^^^^^^
[INFO] [stdout] 
[INFO] [stdout] 
[INFO] [stdout] error[E0061]: this function takes 1 argument but 2 arguments were supplied
[INFO] [stdout]    --> src/lib.rs:30:22
[INFO] [stdout]     |
[INFO] [stdout] 30  |         font_texture.set_filter(ctx, FilterMode::Nearest);
[INFO] [stdout]     |                      ^^^^^^^^^^ ---  ------------------- supplied 2 arguments
[INFO] [stdout]     |                      |
[INFO] [stdout]     |                      expected 1 argument
[INFO] [stdout]     |
[INFO] [stdout] note: associated function defined here
[INFO] [stdout]    --> /opt/rustwide/cargo-home/registry/src/github.com-1ecc6299db9ec823/macroquad-0.3.10/src/texture.rs:567:12
[INFO] [stdout]     |
[INFO] [stdout] 567 |     pub fn set_filter(&self, filter_mode: FilterMode) {
[INFO] [stdout]     |            ^^^^^^^^^^
[INFO] [stdout] 
[INFO] [stdout] 
[INFO] [stdout] error[E0061]: this function takes 3 arguments but 4 arguments were supplied
[INFO] [stdout]    --> src/lib.rs:24:28
[INFO] [stdout]     |
[INFO] [stdout] 24  |         let font_texture = Texture2D::from_rgba8(
[INFO] [stdout]     |                            ^^^^^^^^^^^^^^^^^^^^^ expected 3 arguments
[INFO] [stdout] 25  |             ctx,
[INFO] [stdout]     |             ---
[INFO] [stdout] 26  |             texture_data.width as u16,
[INFO] [stdout]     |             -------------------------
[INFO] [stdout] 27  |             texture_data.height as u16,
[INFO] [stdout]     |             --------------------------
[INFO] [stdout] 28  |             &texture_data.data,
[INFO] [stdout]     |             ------------------ supplied 4 arguments
[INFO] [stdout]     |
[INFO] [stdout] note: associated function defined here
[INFO] [stdout]    --> /opt/rustwide/cargo-home/registry/src/github.com-1ecc6299db9ec823/macroquad-0.3.10/src/texture.rs:523:12
[INFO] [stdout]     |
[INFO] [stdout] 523 |     pub fn from_rgba8(width: u16, height: u16, bytes: &[u8]) -> Texture2D {
[INFO] [stdout]     |            ^^^^^^^^^^
[INFO] [stdout] 
[INFO] [stdout] 
[INFO] [stdout] error[E0061]: this function takes 1 argument but 2 arguments were supplied
[INFO] [stdout]    --> src/lib.rs:30:22
[INFO] [stdout]     |
[INFO] [stdout] 30  |         font_texture.set_filter(ctx, FilterMode::Nearest);
[INFO] [stdout]     |                      ^^^^^^^^^^ ---  ------------------- supplied 2 arguments
[INFO] [stdout]     |                      |
[INFO] [stdout]     |                      expected 1 argument
[INFO] [stdout]     |
[INFO] [stdout] note: associated function defined here
[INFO] [stdout]    --> /opt/rustwide/cargo-home/registry/src/github.com-1ecc6299db9ec823/macroquad-0.3.10/src/texture.rs:567:12
[INFO] [stdout]     |
[INFO] [stdout] 567 |     pub fn set_filter(&self, filter_mode: FilterMode) {
[INFO] [stdout]     |            ^^^^^^^^^^
[INFO] [stdout] 
[INFO] [stdout] 
[INFO] [stdout] error[E0599]: no method named `x` found for struct `Vec2` in the current scope
[INFO] [stdout]    --> src/lib.rs:122:39
[INFO] [stdout]     |
[INFO] [stdout] 122 |         megaui::Vector2::new(position.x(), position.y()),
[INFO] [stdout]     |                                       ^-- help: remove the arguments
[INFO] [stdout]     |                                       |
[INFO] [stdout]     |                                       field, not a method
[INFO] [stdout] 
[INFO] [stdout] 
[INFO] [stdout] error[E0599]: no method named `y` found for struct `Vec2` in the current scope
[INFO] [stdout]    --> src/lib.rs:122:53
[INFO] [stdout]     |
[INFO] [stdout] 122 |         megaui::Vector2::new(position.x(), position.y()),
[INFO] [stdout]     |                                                     ^-- help: remove the arguments
[INFO] [stdout]     |                                                     |
[INFO] [stdout]     |                                                     field, not a method
[INFO] [stdout] 
[INFO] [stdout] 
[INFO] [stdout] error[E0599]: no method named `x` found for struct `Vec2` in the current scope
[INFO] [stdout]    --> src/lib.rs:122:39
[INFO] [stdout]     |
[INFO] [stdout] 122 |         megaui::Vector2::new(position.x(), position.y()),
[INFO] [stdout]     |                                       ^-- help: remove the arguments
[INFO] [stdout]     |                                       |
[INFO] [stdout]     |                                       field, not a method
[INFO] [stdout] 
[INFO] [stdout] 
[INFO] [stdout] error[E0599]: no method named `x` found for struct `Vec2` in the current scope
[INFO] [stdout]    --> src/lib.rs:123:35
[INFO] [stdout]     |
[INFO] [stdout] 123 |         megaui::Vector2::new(size.x(), size.y()),
[INFO] [stdout]     |                                   ^-- help: remove the arguments
[INFO] [stdout]     |                                   |
[INFO] [stdout]     |                                   field, not a method
[INFO] [stdout] 
[INFO] [stdout] 
[INFO] [stdout] error[E0599]: no method named `y` found for struct `Vec2` in the current scope
[INFO] [stdout]    --> src/lib.rs:122:53
[INFO] [stdout]     |
[INFO] [stdout] 122 |         megaui::Vector2::new(position.x(), position.y()),
[INFO] [stdout]     |                                                     ^-- help: remove the arguments
[INFO] [stdout]     |                                                     |
[INFO] [stdout]     |                                                     field, not a method
[INFO] [stdout] 
[INFO] [stdout] 
[INFO] [stdout] error[E0599]: no method named `y` found for struct `Vec2` in the current scope
[INFO] [stdout]    --> src/lib.rs:123:45
[INFO] [stdout]     |
[INFO] [stdout] 123 |         megaui::Vector2::new(size.x(), size.y()),
[INFO] [stdout]     |                                             ^-- help: remove the arguments
[INFO] [stdout]     |                                             |
[INFO] [stdout]     |                                             field, not a method
[INFO] [stdout] 
[INFO] [stdout] 
[INFO] [stdout] error[E0599]: no method named `x` found for struct `Vec2` in the current scope
[INFO] [stdout]    --> src/lib.rs:123:35
[INFO] [stdout]     |
[INFO] [stdout] 123 |         megaui::Vector2::new(size.x(), size.y()),
[INFO] [stdout]     |                                   ^-- help: remove the arguments
[INFO] [stdout]     |                                   |
[INFO] [stdout]     |                                   field, not a method
[INFO] [stdout] 
[INFO] [stdout] 
[INFO] [stdout] error[E0599]: no method named `y` found for struct `Vec2` in the current scope
[INFO] [stdout]    --> src/lib.rs:123:45
[INFO] [stdout]     |
[INFO] [stdout] 123 |         megaui::Vector2::new(size.x(), size.y()),
[INFO] [stdout]     |                                             ^-- help: remove the arguments
[INFO] [stdout]     |                                             |
[INFO] [stdout]     |                                             field, not a method
[INFO] [stdout] 
[INFO] [stdout] 
[INFO] [stdout] error: aborting due to 6 previous errors
[INFO] [stdout] 
[INFO] [stdout] 
[INFO] [stdout] Some errors have detailed explanations: E0061, E0599.
[INFO] [stdout] 
[INFO] [stdout] For more information about an error, try `rustc --explain E0061`.
[INFO] [stdout] 
[INFO] [stdout] error: aborting due to 6 previous errors
[INFO] [stdout] 
[INFO] [stdout] 
[INFO] [stdout] Some errors have detailed explanations: E0061, E0599.
[INFO] [stdout] 
[INFO] [stdout] For more information about an error, try `rustc --explain E0061`.
[INFO] [stdout] 
[INFO] [stderr] error: could not compile `megaui-macroquad` due to 7 previous errors
[INFO] [stderr] warning: build failed, waiting for other jobs to finish...
[INFO] [stderr] error: build failed
[INFO] running `Command { std: "docker" "inspect" "eca0c0b6150157dc17583e135a1a030c1df76642d0b9b84d8c0d639452a85c60", kill_on_drop: false }`
[INFO] running `Command { std: "docker" "rm" "-f" "eca0c0b6150157dc17583e135a1a030c1df76642d0b9b84d8c0d639452a85c60", kill_on_drop: false }`
[INFO] [stdout] eca0c0b6150157dc17583e135a1a030c1df76642d0b9b84d8c0d639452a85c60
