[INFO] fetching crate mediasoup 0.8.5...
[INFO] checking mediasoup-0.8.5 against 1.55.0 for beta-1.56-3
[INFO] extracting crate mediasoup 0.8.5 into /workspace/builds/worker-74/source
[INFO] validating manifest of crates.io crate mediasoup 0.8.5 on toolchain 1.55.0
[INFO] running `Command { std: "/workspace/cargo-home/bin/cargo" "+1.55.0" "metadata" "--manifest-path" "Cargo.toml" "--no-deps", kill_on_drop: false }`
[INFO] started tweaking crates.io crate mediasoup 0.8.5
[INFO] finished tweaking crates.io crate mediasoup 0.8.5
[INFO] tweaked toml for crates.io crate mediasoup 0.8.5 written to /workspace/builds/worker-74/source/Cargo.toml
[INFO] crate crates.io crate mediasoup 0.8.5 already has a lockfile, it will not be regenerated
[INFO] running `Command { std: "/workspace/cargo-home/bin/cargo" "+1.55.0" "fetch" "--manifest-path" "Cargo.toml", kill_on_drop: false }`
[INFO] [stderr]     Blocking waiting for file lock on package cache
[INFO] [stderr]     Blocking waiting for file lock on package cache
[INFO] [stderr]  Downloading crates ...
[INFO] [stderr]   Downloaded actix-macros v0.2.1
[INFO] [stderr]   Downloaded tracing v0.1.26
[INFO] [stderr]   Downloaded serde_json v1.0.67
[INFO] [stderr]   Downloaded paste-impl v0.1.18
[INFO] [stderr]   Downloaded zstd-safe v3.1.0+zstd.1.4.9
[INFO] [stderr]   Downloaded flate2 v1.0.21
[INFO] [stderr]   Downloaded bumpalo v3.7.0
[INFO] [stderr]   Downloaded local-waker v0.1.1
[INFO] [stderr]   Downloaded ahash v0.7.4
[INFO] [stderr]   Downloaded paste v1.0.5
[INFO] [stderr]   Downloaded actix-utils v3.0.0
[INFO] [stderr]   Downloaded actix v0.12.0
[INFO] [stderr]   Downloaded actix_derive v0.6.0
[INFO] [stderr]   Downloaded actix-tls v3.0.0-beta.5
[INFO] [stderr]   Downloaded actix-rt v2.2.0
[INFO] [stderr]   Downloaded local-channel v0.1.2
[INFO] [stderr]   Downloaded const_fn v0.4.8
[INFO] [stderr]   Downloaded jobserver v0.1.24
[INFO] [stderr]   Downloaded actix-service v2.0.0
[INFO] [stderr]   Downloaded thiserror v1.0.29
[INFO] [stderr]   Downloaded unicode-bidi v0.3.6
[INFO] [stderr]   Downloaded paste v0.1.18
[INFO] [stderr]   Downloaded async-oneshot v0.5.0
[INFO] [stderr]   Downloaded actix-router v0.2.7
[INFO] [stderr]   Downloaded language-tags v0.3.2
[INFO] [stderr]   Downloaded wasm-bindgen-macro v0.2.76
[INFO] [stderr]   Downloaded bytestring v1.0.0
[INFO] [stderr]   Downloaded lru v0.6.6
[INFO] [stderr]   Downloaded bitpattern v0.1.0
[INFO] [stderr]   Downloaded actix-codec v0.4.0
[INFO] [stderr]   Downloaded wasm-bindgen-macro-support v0.2.76
[INFO] [stderr]   Downloaded h2 v0.3.4
[INFO] [stderr]   Downloaded wasm-bindgen-backend v0.2.76
[INFO] [stderr]   Downloaded actix-server v2.0.0-beta.5
[INFO] [stderr]   Downloaded wasm-bindgen-shared v0.2.76
[INFO] [stderr]   Downloaded tinyvec v1.3.1
[INFO] [stderr]   Downloaded actix-web-actors v4.0.0-beta.6
[INFO] [stderr]   Downloaded instant v0.1.10
[INFO] [stderr]   Downloaded socket2 v0.4.1
[INFO] [stderr]   Downloaded futures-micro v0.5.0
[INFO] [stderr]   Downloaded time v0.2.27
[INFO] [stderr]   Downloaded tokio v1.11.0
[INFO] [stderr]   Downloaded actix-web v4.0.0-beta.8
[INFO] [stderr]   Downloaded cc v1.0.70
[INFO] [stderr]   Downloaded syn v1.0.76
[INFO] [stderr]   Downloaded actix-http v3.0.0-beta.9
[INFO] [stderr]   Downloaded zstd-sys v1.5.0+zstd.1.4.9
[INFO] [stderr]   Downloaded tracing-core v0.1.19
[INFO] [stderr]   Downloaded event-listener-primitives v1.0.0
[INFO] [stderr]   Downloaded h264-profile-level-id v0.1.1
[INFO] [stderr]   Downloaded libc v0.2.101
[INFO] [stderr]   Downloaded wasm-bindgen v0.2.76
[INFO] [stderr]   Downloaded cookie v0.15.1
[INFO] [stderr]   Downloaded serde_repr v0.1.7
[INFO] [stderr]   Downloaded actix-web-codegen v0.5.0-beta.3
[INFO] [stderr]   Downloaded standback v0.2.17
[INFO] [stderr]   Downloaded time-macros-impl v0.1.2
[INFO] [stderr]   Downloaded thiserror-impl v1.0.29
[INFO] [stderr]   Downloaded zstd v0.7.0+zstd.1.4.9
[INFO] [stderr]   Downloaded http v0.2.4
[INFO] [stderr]   Downloaded mediasoup-sys v0.2.5
[INFO] running `Command { std: "docker" "create" "-v" "/var/lib/crater-agent-workspace/builds/worker-74/target:/opt/rustwide/target:rw,Z" "-v" "/var/lib/crater-agent-workspace/builds/worker-74/source:/opt/rustwide/workdir:ro,Z" "-v" "/var/lib/crater-agent-workspace/cargo-home:/opt/rustwide/cargo-home:ro,Z" "-v" "/var/lib/crater-agent-workspace/rustup-home:/opt/rustwide/rustup-home:ro,Z" "-e" "SOURCE_DIR=/opt/rustwide/workdir" "-e" "CARGO_TARGET_DIR=/opt/rustwide/target" "-e" "CARGO_HOME=/opt/rustwide/cargo-home" "-e" "RUSTUP_HOME=/opt/rustwide/rustup-home" "-w" "/opt/rustwide/workdir" "-m" "1610612736" "--user" "0:0" "--network" "none" "ghcr.io/rust-lang/crates-build-env/linux@sha256:a89201d6b5b9fd45c15d5952ece0a0129e7e80cb26ec023fd59cf09bc26f1604" "/opt/rustwide/cargo-home/bin/cargo" "+1.55.0" "metadata" "--no-deps" "--format-version=1", kill_on_drop: false }`
[INFO] [stdout] d0be28a3926f3476fbd9807eef5a724962eb3e2781d105263e0e6518ad3dd291
[INFO] running `Command { std: "docker" "start" "-a" "d0be28a3926f3476fbd9807eef5a724962eb3e2781d105263e0e6518ad3dd291", kill_on_drop: false }`
[INFO] running `Command { std: "docker" "inspect" "d0be28a3926f3476fbd9807eef5a724962eb3e2781d105263e0e6518ad3dd291", kill_on_drop: false }`
[INFO] running `Command { std: "docker" "rm" "-f" "d0be28a3926f3476fbd9807eef5a724962eb3e2781d105263e0e6518ad3dd291", kill_on_drop: false }`
[INFO] [stdout] d0be28a3926f3476fbd9807eef5a724962eb3e2781d105263e0e6518ad3dd291
[INFO] running `Command { std: "docker" "create" "-v" "/var/lib/crater-agent-workspace/builds/worker-74/target:/opt/rustwide/target:rw,Z" "-v" "/var/lib/crater-agent-workspace/builds/worker-74/source:/opt/rustwide/workdir:ro,Z" "-v" "/var/lib/crater-agent-workspace/cargo-home:/opt/rustwide/cargo-home:ro,Z" "-v" "/var/lib/crater-agent-workspace/rustup-home:/opt/rustwide/rustup-home:ro,Z" "-e" "SOURCE_DIR=/opt/rustwide/workdir" "-e" "CARGO_TARGET_DIR=/opt/rustwide/target" "-e" "CARGO_INCREMENTAL=0" "-e" "RUST_BACKTRACE=full" "-e" "RUSTFLAGS=--cap-lints=warn" "-e" "CARGO_HOME=/opt/rustwide/cargo-home" "-e" "RUSTUP_HOME=/opt/rustwide/rustup-home" "-w" "/opt/rustwide/workdir" "-m" "1610612736" "--user" "0:0" "--network" "none" "ghcr.io/rust-lang/crates-build-env/linux@sha256:a89201d6b5b9fd45c15d5952ece0a0129e7e80cb26ec023fd59cf09bc26f1604" "/opt/rustwide/cargo-home/bin/cargo" "+1.55.0" "check" "--frozen" "--all" "--all-targets" "--message-format=json", kill_on_drop: false }`
[INFO] [stdout] a9aa86005ce965827f9431bc5bbd603515868979f81fab9370491338049ff224
[INFO] running `Command { std: "docker" "start" "-a" "a9aa86005ce965827f9431bc5bbd603515868979f81fab9370491338049ff224", kill_on_drop: false }`
[INFO] [stderr]     Blocking waiting for file lock on package cache
[INFO] [stderr]    Compiling libc v0.2.101
[INFO] [stderr]    Compiling proc-macro2 v1.0.29
[INFO] [stderr]    Compiling syn v1.0.76
[INFO] [stderr]    Compiling futures-core v0.3.17
[INFO] [stderr]     Checking once_cell v1.8.0
[INFO] [stderr]    Compiling proc-macro-hack v0.5.19
[INFO] [stderr]     Checking futures-sink v0.3.17
[INFO] [stderr]    Compiling typenum v1.14.0
[INFO] [stderr]    Compiling futures-task v0.3.17
[INFO] [stderr]     Checking slab v0.4.4
[INFO] [stderr]     Checking local-waker v0.1.1
[INFO] [stderr]     Checking cache-padded v1.1.1
[INFO] [stderr]     Checking fnv v1.0.7
[INFO] [stderr]    Compiling const_fn v0.4.8
[INFO] [stderr]     Checking waker-fn v1.1.0
[INFO] [stderr]     Checking futures-io v0.3.17
[INFO] [stderr]    Compiling paste v1.0.5
[INFO] [stderr]     Checking parking v2.0.0
[INFO] [stderr]    Compiling zstd-safe v3.1.0+zstd.1.4.9
[INFO] [stderr]     Checking fastrand v1.5.0
[INFO] [stderr]     Checking event-listener v2.5.1
[INFO] [stderr]     Checking adler v1.0.2
[INFO] [stderr]    Compiling convert_case v0.4.0
[INFO] [stderr]     Checking hashbrown v0.11.2
[INFO] [stderr]    Compiling serde_json v1.0.67
[INFO] [stderr]     Checking cpufeatures v0.2.1
[INFO] [stderr]     Checking unicode-bidi v0.3.6
[INFO] [stderr]     Checking opaque-debug v0.3.0
[INFO] [stderr]     Checking async-task v4.0.3
[INFO] [stderr]     Checking atomic-waker v1.0.0
[INFO] [stderr]     Checking language-tags v0.3.2
[INFO] [stderr]    Compiling async-trait v0.1.51
[INFO] [stderr]     Checking base64 v0.13.0
[INFO] [stderr]    Compiling mediasoup-sys v0.2.5
[INFO] [stderr]     Checking either v1.6.1
[INFO] [stderr]     Checking humantime v2.1.0
[INFO] [stderr]     Checking lru v0.6.6
[INFO] [stderr]     Checking instant v0.1.10
[INFO] [stderr]    Compiling tokio v1.11.0
[INFO] [stderr]    Compiling standback v0.2.17
[INFO] [stderr]    Compiling generic-array v0.14.4
[INFO] [stderr]    Compiling futures-util v0.3.17
[INFO] [stderr]    Compiling time v0.2.27
[INFO] [stderr]    Compiling ahash v0.7.4
[INFO] [stderr]     Checking bytestring v1.0.0
[INFO] [stderr]    Compiling cookie v0.15.1
[INFO] [stderr]     Checking futures-micro v0.5.0
[INFO] [stderr]     Checking tinyvec v1.3.1
[INFO] [stderr]     Checking tracing-core v0.1.19
[INFO] [stderr]     Checking form_urlencoded v1.0.1
[INFO] [stderr]     Checking crc32fast v1.2.1
[INFO] [stderr]     Checking httparse v1.5.1
[INFO] [stderr]     Checking encoding_rs v0.8.28
[INFO] [stderr]     Checking http v0.2.4
[INFO] [stderr]     Checking actix-utils v3.0.0
[INFO] [stderr]     Checking concurrent-queue v1.2.2
[INFO] [stderr]     Checking async-oneshot v0.5.0
[INFO] [stderr]     Checking miniz_oxide v0.4.4
[INFO] [stderr]     Checking async-lock v2.4.0
[INFO] [stderr]     Checking unicode-normalization v0.1.19
[INFO] [stderr]     Checking indexmap v1.7.0
[INFO] [stderr] error: failed to run custom build command for `mediasoup-sys v0.2.5`
[INFO] [stderr] 
[INFO] [stderr] Caused by:
[INFO] [stderr]   process didn't exit successfully: `/opt/rustwide/target/debug/build/mediasoup-sys-1fdccf38952a5127/build-script-build` (exit status: 101)
[INFO] [stderr]   --- stdout
[INFO] [stderr]   cargo:rustc-link-search=native=/usr/lib/gcc/x86_64-linux-gnu/9/
[INFO] [stderr]   cargo:rustc-link-lib=static=stdc++
[INFO] [stderr]   /usr/bin/python2 ./scripts/configure.py -R libmediasoup-worker
[INFO] [stderr]   ['-R', 'libmediasoup-worker', '/opt/rustwide/cargo-home/registry/src/github.com-1ecc6299db9ec823/mediasoup-sys-0.2.5/mediasoup-worker.gyp', '-I', '/opt/rustwide/cargo-home/registry/src/github.com-1ecc6299db9ec823/mediasoup-sys-0.2.5/common.gypi', '--depth=.', '-f', 'make', '-Goutput_dir=/opt/rustwide/cargo-home/registry/src/github.com-1ecc6299db9ec823/mediasoup-sys-0.2.5/out', '--generator-output', '/opt/rustwide/cargo-home/registry/src/github.com-1ecc6299db9ec823/mediasoup-sys-0.2.5/out', '-Dgcc_version=93', '-Dclang=0', '-Dhost_arch=x64', '-Dtarget_arch=x64', '-Dopenssl_fips=', '-Dmediasoup_asan=false', '-Dnode_byteorder=little']
[INFO] [stderr] 
[INFO] [stderr]   --- stderr
[INFO] [stderr]   Traceback (most recent call last):
[INFO] [stderr]     File "./scripts/configure.py", line 114, in <module>
[INFO] [stderr]       run_gyp(gyp_args)
[INFO] [stderr]     File "./scripts/configure.py", line 52, in run_gyp
[INFO] [stderr]       rc = gyp.main(args)
[INFO] [stderr]     File "./deps/gyp/pylib/gyp/__init__.py", line 545, in main
[INFO] [stderr]       return gyp_main(args)
[INFO] [stderr]     File "./deps/gyp/pylib/gyp/__init__.py", line 530, in gyp_main
[INFO] [stderr]       generator.GenerateOutput(flat_list, targets, data, params)
[INFO] [stderr]     File "./deps/gyp/pylib/gyp/generator/make.py", line 2147, in GenerateOutput
[INFO] [stderr]       root_makefile = open(makefile_path, 'w')
[INFO] [stderr]   IOError: [Errno 2] No such file or directory: '/opt/rustwide/cargo-home/registry/src/github.com-1ecc6299db9ec823/mediasoup-sys-0.2.5/out/Makefile'
[INFO] [stderr]   make: *** [Makefile:113: libmediasoup-worker] Error 1
[INFO] [stderr]   thread 'main' panicked at 'Failed to build libmediasoup-worker', /opt/rustwide/cargo-home/registry/src/github.com-1ecc6299db9ec823/mediasoup-sys-0.2.5/build.rs:129:13
[INFO] [stderr]   stack backtrace:
[INFO] [stderr]      0:     0x55abe785d710 - std::backtrace_rs::backtrace::libunwind::trace::ha0ad43e8a952bfe7
[INFO] [stderr]                                  at /rustc/c8dfcfe046a7680554bf4eb612bad840e7631c4b/library/std/src/../../backtrace/src/backtrace/libunwind.rs:90:5
[INFO] [stderr]      1:     0x55abe785d710 - std::backtrace_rs::backtrace::trace_unsynchronized::h6830419c0c4130dc
[INFO] [stderr]                                  at /rustc/c8dfcfe046a7680554bf4eb612bad840e7631c4b/library/std/src/../../backtrace/src/backtrace/mod.rs:66:5
[INFO] [stderr]      2:     0x55abe785d710 - std::sys_common::backtrace::_print_fmt::h8f3516631ffa1ef5
[INFO] [stderr]                                  at /rustc/c8dfcfe046a7680554bf4eb612bad840e7631c4b/library/std/src/sys_common/backtrace.rs:67:5
[INFO] [stderr]      3:     0x55abe785d710 - <std::sys_common::backtrace::_print::DisplayBacktrace as core::fmt::Display>::fmt::he1640d5f0d93f618
[INFO] [stderr]                                  at /rustc/c8dfcfe046a7680554bf4eb612bad840e7631c4b/library/std/src/sys_common/backtrace.rs:46:22
[INFO] [stderr]      4:     0x55abe787b17c - core::fmt::write::h88012e1f01caeebf
[INFO] [stderr]                                  at /rustc/c8dfcfe046a7680554bf4eb612bad840e7631c4b/library/core/src/fmt/mod.rs:1115:17
[INFO] [stderr]      5:     0x55abe785b465 - std::io::Write::write_fmt::h360fa85b30182555
[INFO] [stderr]                                  at /rustc/c8dfcfe046a7680554bf4eb612bad840e7631c4b/library/std/src/io/mod.rs:1665:15
[INFO] [stderr]      6:     0x55abe785f59b - std::sys_common::backtrace::_print::ha1f00492f406a015
[INFO] [stderr]                                  at /rustc/c8dfcfe046a7680554bf4eb612bad840e7631c4b/library/std/src/sys_common/backtrace.rs:49:5
[INFO] [stderr]      7:     0x55abe785f59b - std::sys_common::backtrace::print::hd54561b13feb6af3
[INFO] [stderr]                                  at /rustc/c8dfcfe046a7680554bf4eb612bad840e7631c4b/library/std/src/sys_common/backtrace.rs:36:9
[INFO] [stderr]      8:     0x55abe785f59b - std::panicking::default_hook::{{closure}}::h84fe124cd0864662
[INFO] [stderr]                                  at /rustc/c8dfcfe046a7680554bf4eb612bad840e7631c4b/library/std/src/panicking.rs:208:50
[INFO] [stderr]      9:     0x55abe785f071 - std::panicking::default_hook::h5a8e74a76ce290a7
[INFO] [stderr]                                  at /rustc/c8dfcfe046a7680554bf4eb612bad840e7631c4b/library/std/src/panicking.rs:225:9
[INFO] [stderr]     10:     0x55abe785fc64 - std::panicking::rust_panic_with_hook::h67c812a4fe9d4c91
[INFO] [stderr]                                  at /rustc/c8dfcfe046a7680554bf4eb612bad840e7631c4b/library/std/src/panicking.rs:622:17
[INFO] [stderr]     11:     0x55abe784775f - std::panicking::begin_panic::{{closure}}::h7fa5ebc9ef9811c8
[INFO] [stderr]                                  at /rustc/c8dfcfe046a7680554bf4eb612bad840e7631c4b/library/std/src/panicking.rs:542:9
[INFO] [stderr]     12:     0x55abe7848c78 - std::sys_common::backtrace::__rust_end_short_backtrace::h7a4595f8625b6b64
[INFO] [stderr]                                  at /rustc/c8dfcfe046a7680554bf4eb612bad840e7631c4b/library/std/src/sys_common/backtrace.rs:141:18
[INFO] [stderr]     13:     0x55abe78476a5 - std::panicking::begin_panic::hfbd582d192959bdc
[INFO] [stderr]                                  at /rustc/c8dfcfe046a7680554bf4eb612bad840e7631c4b/library/std/src/panicking.rs:541:12
[INFO] [stderr]     14:     0x55abe784164d - build_script_build::main::h29b57d6fcc5eb935
[INFO] [stderr]                                  at /opt/rustwide/cargo-home/registry/src/github.com-1ecc6299db9ec823/mediasoup-sys-0.2.5/build.rs:129:13
[INFO] [stderr]     15:     0x55abe784449b - core::ops::function::FnOnce::call_once::h46ebbe1778959377
[INFO] [stderr]                                  at /rustc/c8dfcfe046a7680554bf4eb612bad840e7631c4b/library/core/src/ops/function.rs:227:5
[INFO] [stderr]     16:     0x55abe7848cbe - std::sys_common::backtrace::__rust_begin_short_backtrace::h642b1924728e9c44
[INFO] [stderr]                                  at /rustc/c8dfcfe046a7680554bf4eb612bad840e7631c4b/library/std/src/sys_common/backtrace.rs:125:18
[INFO] [stderr]     17:     0x55abe783eb21 - std::rt::lang_start::{{closure}}::hc36a72c0528a542a
[INFO] [stderr]                                  at /rustc/c8dfcfe046a7680554bf4eb612bad840e7631c4b/library/std/src/rt.rs:63:18
[INFO] [stderr]     18:     0x55abe786016a - core::ops::function::impls::<impl core::ops::function::FnOnce<A> for &F>::call_once::ha9408abe89f69dc4
[INFO] [stderr]                                  at /rustc/c8dfcfe046a7680554bf4eb612bad840e7631c4b/library/core/src/ops/function.rs:259:13
[INFO] [stderr]     19:     0x55abe786016a - std::panicking::try::do_call::h5b0cc9e9102acb65
[INFO] [stderr]                                  at /rustc/c8dfcfe046a7680554bf4eb612bad840e7631c4b/library/std/src/panicking.rs:401:40
[INFO] [stderr]     20:     0x55abe786016a - std::panicking::try::hddc7f8229138b3ba
[INFO] [stderr]                                  at /rustc/c8dfcfe046a7680554bf4eb612bad840e7631c4b/library/std/src/panicking.rs:365:19
[INFO] [stderr]     21:     0x55abe786016a - std::panic::catch_unwind::hfa401ff8bab2986e
[INFO] [stderr]                                  at /rustc/c8dfcfe046a7680554bf4eb612bad840e7631c4b/library/std/src/panic.rs:434:14
[INFO] [stderr]     22:     0x55abe786016a - std::rt::lang_start_internal::{{closure}}::h8163422320d11405
[INFO] [stderr]                                  at /rustc/c8dfcfe046a7680554bf4eb612bad840e7631c4b/library/std/src/rt.rs:45:48
[INFO] [stderr]     23:     0x55abe786016a - std::panicking::try::do_call::hc742cc7bb4f0fb20
[INFO] [stderr]                                  at /rustc/c8dfcfe046a7680554bf4eb612bad840e7631c4b/library/std/src/panicking.rs:401:40
[INFO] [stderr]     24:     0x55abe786016a - std::panicking::try::ha37d8d2dd1acf7d3
[INFO] [stderr]                                  at /rustc/c8dfcfe046a7680554bf4eb612bad840e7631c4b/library/std/src/panicking.rs:365:19
[INFO] [stderr]     25:     0x55abe786016a - std::panic::catch_unwind::h8a5381d5ecf437bc
[INFO] [stderr]                                  at /rustc/c8dfcfe046a7680554bf4eb612bad840e7631c4b/library/std/src/panic.rs:434:14
[INFO] [stderr]     26:     0x55abe786016a - std::rt::lang_start_internal::h7e2cee8c90d4a4d3
[INFO] [stderr]                                  at /rustc/c8dfcfe046a7680554bf4eb612bad840e7631c4b/library/std/src/rt.rs:45:20
[INFO] [stderr]     27:     0x55abe783eaf0 - std::rt::lang_start::h9ea707af42bda235
[INFO] [stderr]                                  at /rustc/c8dfcfe046a7680554bf4eb612bad840e7631c4b/library/std/src/rt.rs:62:5
[INFO] [stderr]     28:     0x55abe78421fc - main
[INFO] [stderr]     29:     0x7fd760f160b3 - __libc_start_main
[INFO] [stderr]     30:     0x55abe783d9fe - _start
[INFO] [stderr]     31:                0x0 - <unknown>
[INFO] [stderr] warning: build failed, waiting for other jobs to finish...
[INFO] [stderr] error: build failed
[INFO] running `Command { std: "docker" "inspect" "a9aa86005ce965827f9431bc5bbd603515868979f81fab9370491338049ff224", kill_on_drop: false }`
[INFO] running `Command { std: "docker" "rm" "-f" "a9aa86005ce965827f9431bc5bbd603515868979f81fab9370491338049ff224", kill_on_drop: false }`
[INFO] [stdout] a9aa86005ce965827f9431bc5bbd603515868979f81fab9370491338049ff224
