[INFO] fetching crate maskerad_memory_allocators 5.2.0...
[INFO] checking maskerad_memory_allocators-5.2.0 against beta-2021-10-15 for beta-1.56-3
[INFO] extracting crate maskerad_memory_allocators 5.2.0 into /workspace/builds/worker-106/source
[INFO] validating manifest of crates.io crate maskerad_memory_allocators 5.2.0 on toolchain beta-2021-10-15
[INFO] running `Command { std: "/workspace/cargo-home/bin/cargo" "+beta-2021-10-15" "metadata" "--manifest-path" "Cargo.toml" "--no-deps", kill_on_drop: false }`
[INFO] started tweaking crates.io crate maskerad_memory_allocators 5.2.0
[INFO] finished tweaking crates.io crate maskerad_memory_allocators 5.2.0
[INFO] tweaked toml for crates.io crate maskerad_memory_allocators 5.2.0 written to /workspace/builds/worker-106/source/Cargo.toml
[INFO] running `Command { std: "/workspace/cargo-home/bin/cargo" "+beta-2021-10-15" "generate-lockfile" "--manifest-path" "Cargo.toml" "-Zno-index-update", kill_on_drop: false }`
[INFO] running `Command { std: "/workspace/cargo-home/bin/cargo" "+beta-2021-10-15" "fetch" "--manifest-path" "Cargo.toml", kill_on_drop: false }`
[INFO] running `Command { std: "docker" "create" "-v" "/var/lib/crater-agent-workspace/builds/worker-106/target:/opt/rustwide/target:rw,Z" "-v" "/var/lib/crater-agent-workspace/builds/worker-106/source:/opt/rustwide/workdir:ro,Z" "-v" "/var/lib/crater-agent-workspace/cargo-home:/opt/rustwide/cargo-home:ro,Z" "-v" "/var/lib/crater-agent-workspace/rustup-home:/opt/rustwide/rustup-home:ro,Z" "-e" "SOURCE_DIR=/opt/rustwide/workdir" "-e" "CARGO_TARGET_DIR=/opt/rustwide/target" "-e" "CARGO_HOME=/opt/rustwide/cargo-home" "-e" "RUSTUP_HOME=/opt/rustwide/rustup-home" "-w" "/opt/rustwide/workdir" "-m" "1610612736" "--user" "0:0" "--network" "none" "ghcr.io/rust-lang/crates-build-env/linux@sha256:a89201d6b5b9fd45c15d5952ece0a0129e7e80cb26ec023fd59cf09bc26f1604" "/opt/rustwide/cargo-home/bin/cargo" "+beta-2021-10-15" "metadata" "--no-deps" "--format-version=1", kill_on_drop: false }`
[INFO] [stdout] 9209ece7b2946fe162c0a51b78c569a38da9e0bf7a0bed085b0d0a82700b7bd9
[INFO] running `Command { std: "docker" "start" "-a" "9209ece7b2946fe162c0a51b78c569a38da9e0bf7a0bed085b0d0a82700b7bd9", kill_on_drop: false }`
[INFO] running `Command { std: "docker" "inspect" "9209ece7b2946fe162c0a51b78c569a38da9e0bf7a0bed085b0d0a82700b7bd9", kill_on_drop: false }`
[INFO] running `Command { std: "docker" "rm" "-f" "9209ece7b2946fe162c0a51b78c569a38da9e0bf7a0bed085b0d0a82700b7bd9", kill_on_drop: false }`
[INFO] [stdout] 9209ece7b2946fe162c0a51b78c569a38da9e0bf7a0bed085b0d0a82700b7bd9
[INFO] running `Command { std: "docker" "create" "-v" "/var/lib/crater-agent-workspace/builds/worker-106/target:/opt/rustwide/target:rw,Z" "-v" "/var/lib/crater-agent-workspace/builds/worker-106/source:/opt/rustwide/workdir:ro,Z" "-v" "/var/lib/crater-agent-workspace/cargo-home:/opt/rustwide/cargo-home:ro,Z" "-v" "/var/lib/crater-agent-workspace/rustup-home:/opt/rustwide/rustup-home:ro,Z" "-e" "SOURCE_DIR=/opt/rustwide/workdir" "-e" "CARGO_TARGET_DIR=/opt/rustwide/target" "-e" "CARGO_INCREMENTAL=0" "-e" "RUST_BACKTRACE=full" "-e" "RUSTFLAGS=--cap-lints=warn" "-e" "CARGO_HOME=/opt/rustwide/cargo-home" "-e" "RUSTUP_HOME=/opt/rustwide/rustup-home" "-w" "/opt/rustwide/workdir" "-m" "1610612736" "--user" "0:0" "--network" "none" "ghcr.io/rust-lang/crates-build-env/linux@sha256:a89201d6b5b9fd45c15d5952ece0a0129e7e80cb26ec023fd59cf09bc26f1604" "/opt/rustwide/cargo-home/bin/cargo" "+beta-2021-10-15" "check" "--frozen" "--all" "--all-targets" "--message-format=json", kill_on_drop: false }`
[INFO] [stdout] 2420e91929fa7879e0253499af78077123331ebeed225da1004e9b35cbf154d5
[INFO] running `Command { std: "docker" "start" "-a" "2420e91929fa7879e0253499af78077123331ebeed225da1004e9b35cbf154d5", kill_on_drop: false }`
[INFO] [stderr]     Blocking waiting for file lock on package cache
[INFO] [stderr]     Checking maskerad_memory_allocators v5.2.0 (/opt/rustwide/workdir)
[INFO] [stdout] error[E0432]: unresolved import `std::raw`
[INFO] [stdout]   --> src/utils.rs:33:14
[INFO] [stdout]    |
[INFO] [stdout] 33 |     use std::raw::TraitObject;
[INFO] [stdout]    |              ^^^ could not find `raw` in `std`
[INFO] [stdout] 
[INFO] [stdout] 
[INFO] [stdout] error[E0432]: unresolved import `std::raw`
[INFO] [stdout]   --> src/utils.rs:33:14
[INFO] [stdout]    |
[INFO] [stdout] 33 |     use std::raw::TraitObject;
[INFO] [stdout]    |              ^^^ could not find `raw` in `std`
[INFO] [stdout] 
[INFO] [stdout] 
[INFO] [stdout] error[E0554]: `#![feature]` may not be used on the beta release channel
[INFO] [stdout]   --> src/lib.rs:92:1
[INFO] [stdout]    |
[INFO] [stdout] 92 | #![feature(alloc)]
[INFO] [stdout]    | ^^^^^^^^^^^^^^^^^^
[INFO] [stdout] 
[INFO] [stdout] 
[INFO] [stdout] error[E0554]: `#![feature]` may not be used on the beta release channel
[INFO] [stdout]   --> src/lib.rs:92:1
[INFO] [stdout]    |
[INFO] [stdout] 92 | #![feature(alloc)]
[INFO] [stdout]    | ^^^^^^^^^^^^^^^^^^
[INFO] [stdout] 
[INFO] [stdout] 
[INFO] [stdout] error[E0554]: `#![feature]` may not be used on the beta release channel
[INFO] [stdout]   --> src/lib.rs:93:1
[INFO] [stdout]    |
[INFO] [stdout] 93 | #![feature(raw)]
[INFO] [stdout]    | ^^^^^^^^^^^^^^^^
[INFO] [stdout] 
[INFO] [stdout] 
[INFO] [stdout] error[E0554]: `#![feature]` may not be used on the beta release channel
[INFO] [stdout]   --> src/lib.rs:94:1
[INFO] [stdout]    |
[INFO] [stdout] 94 | #![feature(core_intrinsics)]
[INFO] [stdout]    | ^^^^^^^^^^^^^^^^^^^^^^^^^^^^
[INFO] [stdout] 
[INFO] [stdout] 
[INFO] [stdout] error[E0554]: `#![feature]` may not be used on the beta release channel
[INFO] [stdout]   --> src/lib.rs:93:1
[INFO] [stdout]    |
[INFO] [stdout] 93 | #![feature(raw)]
[INFO] [stdout]    | ^^^^^^^^^^^^^^^^
[INFO] [stdout] 
[INFO] [stdout] 
[INFO] [stdout] error[E0554]: `#![feature]` may not be used on the beta release channel
[INFO] [stdout]   --> src/lib.rs:94:1
[INFO] [stdout]    |
[INFO] [stdout] 94 | #![feature(core_intrinsics)]
[INFO] [stdout]    | ^^^^^^^^^^^^^^^^^^^^^^^^^^^^
[INFO] [stdout] 
[INFO] [stdout] 
[INFO] [stdout] warning: trait objects without an explicit `dyn` are deprecated
[INFO] [stdout]   --> src/allocation_error.rs:43:32
[INFO] [stdout]    |
[INFO] [stdout] 43 |     fn cause(&self) -> Option<&Error> {
[INFO] [stdout]    |                                ^^^^^ help: use `dyn`: `dyn Error`
[INFO] [stdout]    |
[INFO] [stdout]    = note: `#[warn(bare_trait_objects)]` on by default
[INFO] [stdout]    = warning: this is accepted in the current edition (Rust 2015) but is a hard error in Rust 2021!
[INFO] [stdout]    = note: for more information, see <https://doc.rust-lang.org/nightly/edition-guide/rust-2021/warnings-promoted-to-error.html>
[INFO] [stdout] 
[INFO] [stdout] 
[INFO] [stdout] warning: trait objects without an explicit `dyn` are deprecated
[INFO] [stdout]   --> src/utils.rs:49:33
[INFO] [stdout]    |
[INFO] [stdout] 49 |     let obj = mem::transmute::<&AllTypes, TraitObject>(ptr);
[INFO] [stdout]    |                                 ^^^^^^^^ help: use `dyn`: `dyn AllTypes`
[INFO] [stdout]    |
[INFO] [stdout]    = warning: this is accepted in the current edition (Rust 2015) but is a hard error in Rust 2021!
[INFO] [stdout]    = note: for more information, see <https://doc.rust-lang.org/nightly/edition-guide/rust-2021/warnings-promoted-to-error.html>
[INFO] [stdout] 
[INFO] [stdout] 
[INFO] [stdout] warning: trait objects without an explicit `dyn` are deprecated
[INFO] [stdout]   --> src/allocation_error.rs:43:32
[INFO] [stdout]    |
[INFO] [stdout] 43 |     fn cause(&self) -> Option<&Error> {
[INFO] [stdout]    |                                ^^^^^ help: use `dyn`: `dyn Error`
[INFO] [stdout]    |
[INFO] [stdout]    = note: `#[warn(bare_trait_objects)]` on by default
[INFO] [stdout]    = warning: this is accepted in the current edition (Rust 2015) but is a hard error in Rust 2021!
[INFO] [stdout]    = note: for more information, see <https://doc.rust-lang.org/nightly/edition-guide/rust-2021/warnings-promoted-to-error.html>
[INFO] [stdout] 
[INFO] [stdout] 
[INFO] [stdout] warning: trait objects without an explicit `dyn` are deprecated
[INFO] [stdout]   --> src/utils.rs:49:33
[INFO] [stdout]    |
[INFO] [stdout] 49 |     let obj = mem::transmute::<&AllTypes, TraitObject>(ptr);
[INFO] [stdout]    |                                 ^^^^^^^^ help: use `dyn`: `dyn AllTypes`
[INFO] [stdout]    |
[INFO] [stdout]    = warning: this is accepted in the current edition (Rust 2015) but is a hard error in Rust 2021!
[INFO] [stdout]    = note: for more information, see <https://doc.rust-lang.org/nightly/edition-guide/rust-2021/warnings-promoted-to-error.html>
[INFO] [stdout] 
[INFO] [stdout] 
[INFO] [stdout] error[E0658]: use of unstable library feature 'raw_vec_internals': implementation detail
[INFO] [stdout]  --> src/memory_chunk.rs:8:5
[INFO] [stdout]   |
[INFO] [stdout] 8 | use alloc::raw_vec::RawVec;
[INFO] [stdout]   |     ^^^^^^^^^^^^^^^^^^^^^^
[INFO] [stdout] 
[INFO] [stdout] 
[INFO] [stdout] error[E0658]: use of unstable library feature 'raw_vec_internals': implementation detail
[INFO] [stdout]   --> src/memory_chunk.rs:33:14
[INFO] [stdout]    |
[INFO] [stdout] 33 |     storage: RawVec<u8>,
[INFO] [stdout]    |              ^^^^^^^^^^
[INFO] [stdout] 
[INFO] [stdout] 
[INFO] [stdout] error[E0658]: use of unstable library feature 'raw_vec_internals': implementation detail
[INFO] [stdout]   --> src/memory_chunk.rs:49:22
[INFO] [stdout]    |
[INFO] [stdout] 49 |             storage: RawVec::with_capacity(size),
[INFO] [stdout]    |                      ^^^^^^
[INFO] [stdout] 
[INFO] [stdout] 
[INFO] [stdout] error[E0658]: use of unstable library feature 'raw_vec_internals': implementation detail
[INFO] [stdout]  --> src/memory_chunk.rs:8:5
[INFO] [stdout]   |
[INFO] [stdout] 8 | use alloc::raw_vec::RawVec;
[INFO] [stdout]   |     ^^^^^^^^^^^^^^^^^^^^^^
[INFO] [stdout] 
[INFO] [stdout] 
[INFO] [stdout] error[E0658]: use of unstable library feature 'raw_vec_internals': implementation detail
[INFO] [stdout]   --> src/memory_chunk.rs:33:14
[INFO] [stdout]    |
[INFO] [stdout] 33 |     storage: RawVec<u8>,
[INFO] [stdout]    |              ^^^^^^^^^^
[INFO] [stdout] 
[INFO] [stdout] 
[INFO] [stdout] error[E0658]: use of unstable library feature 'raw_vec_internals': implementation detail
[INFO] [stdout]   --> src/memory_chunk.rs:49:22
[INFO] [stdout]    |
[INFO] [stdout] 49 |             storage: RawVec::with_capacity(size),
[INFO] [stdout]    |                      ^^^^^^
[INFO] [stdout] 
[INFO] [stdout] 
[INFO] [stdout] error[E0599]: no method named `cap` found for struct `RawVec` in the current scope
[INFO] [stdout]   --> src/memory_chunk.rs:40:95
[INFO] [stdout]    |
[INFO] [stdout] 40 |         write!(f, "MemoryChunk [Max capacity: {} bytes, Memory used: {} bytes]", self.storage.cap(), self.fill.get())
[INFO] [stdout]    |                                                                                               ^^^ private field, not a method
[INFO] [stdout] 
[INFO] [stdout] 
[INFO] [stdout] error[E0658]: use of unstable library feature 'raw_vec_internals': implementation detail
[INFO] [stdout]   --> src/memory_chunk.rs:49:22
[INFO] [stdout]    |
[INFO] [stdout] 49 |             storage: RawVec::with_capacity(size),
[INFO] [stdout]    |                      ^^^^^^^^^^^^^^^^^^^^^
[INFO] [stdout] 
[INFO] [stdout] 
[INFO] [stdout] error[E0599]: no method named `cap` found for struct `RawVec` in the current scope
[INFO] [stdout]   --> src/memory_chunk.rs:69:22
[INFO] [stdout]    |
[INFO] [stdout] 69 |         self.storage.cap()
[INFO] [stdout]    |                      ^^^ private field, not a method
[INFO] [stdout] 
[INFO] [stdout] 
[INFO] [stdout] error[E0658]: use of unstable library feature 'raw_vec_internals': implementation detail
[INFO] [stdout]   --> src/memory_chunk.rs:75:22
[INFO] [stdout]    |
[INFO] [stdout] 75 |         self.storage.ptr()
[INFO] [stdout]    |                      ^^^
[INFO] [stdout] 
[INFO] [stdout] 
[INFO] [stdout] error[E0599]: no method named `cap` found for struct `RawVec` in the current scope
[INFO] [stdout]   --> src/memory_chunk.rs:40:95
[INFO] [stdout]    |
[INFO] [stdout] 40 |         write!(f, "MemoryChunk [Max capacity: {} bytes, Memory used: {} bytes]", self.storage.cap(), self.fill.get())
[INFO] [stdout]    |                                                                                               ^^^ private field, not a method
[INFO] [stdout] 
[INFO] [stdout] 
[INFO] [stdout] error[E0658]: use of unstable library feature 'raw_vec_internals': implementation detail
[INFO] [stdout]   --> src/memory_chunk.rs:49:22
[INFO] [stdout]    |
[INFO] [stdout] 49 |             storage: RawVec::with_capacity(size),
[INFO] [stdout]    |                      ^^^^^^^^^^^^^^^^^^^^^
[INFO] [stdout] 
[INFO] [stdout] 
[INFO] [stdout] error[E0599]: no method named `cap` found for struct `RawVec` in the current scope
[INFO] [stdout]   --> src/memory_chunk.rs:69:22
[INFO] [stdout]    |
[INFO] [stdout] 69 |         self.storage.cap()
[INFO] [stdout]    |                      ^^^ private field, not a method
[INFO] [stdout] 
[INFO] [stdout] 
[INFO] [stdout] error[E0658]: use of unstable library feature 'raw_vec_internals': implementation detail
[INFO] [stdout]   --> src/memory_chunk.rs:75:22
[INFO] [stdout]    |
[INFO] [stdout] 75 |         self.storage.ptr()
[INFO] [stdout]    |                      ^^^
[INFO] [stdout] 
[INFO] [stdout] 
[INFO] [stdout] error: aborting due to 11 previous errors; 2 warnings emitted
[INFO] [stdout] 
[INFO] [stdout] 
[INFO] [stdout] Some errors have detailed explanations: E0432, E0554, E0599, E0658.
[INFO] [stdout] 
[INFO] [stdout] For more information about an error, try `rustc --explain E0432`.
[INFO] [stdout] 
[INFO] [stderr] error: could not compile `maskerad_memory_allocators` due to 12 previous errors; 2 warnings emitted
[INFO] [stderr] warning: build failed, waiting for other jobs to finish...
[INFO] [stdout] error: aborting due to 11 previous errors; 2 warnings emitted
[INFO] [stdout] 
[INFO] [stdout] 
[INFO] [stdout] Some errors have detailed explanations: E0432, E0554, E0599, E0658.
[INFO] [stdout] 
[INFO] [stdout] For more information about an error, try `rustc --explain E0432`.
[INFO] [stdout] 
[INFO] [stderr] error: build failed
[INFO] running `Command { std: "docker" "inspect" "2420e91929fa7879e0253499af78077123331ebeed225da1004e9b35cbf154d5", kill_on_drop: false }`
[INFO] running `Command { std: "docker" "rm" "-f" "2420e91929fa7879e0253499af78077123331ebeed225da1004e9b35cbf154d5", kill_on_drop: false }`
[INFO] [stdout] 2420e91929fa7879e0253499af78077123331ebeed225da1004e9b35cbf154d5
