[INFO] fetching crate market_types 0.1.0...
[INFO] checking market_types-0.1.0 against beta-2021-10-15 for beta-1.56-3
[INFO] extracting crate market_types 0.1.0 into /workspace/builds/worker-93/source
[INFO] validating manifest of crates.io crate market_types 0.1.0 on toolchain beta-2021-10-15
[INFO] running `Command { std: "/workspace/cargo-home/bin/cargo" "+beta-2021-10-15" "metadata" "--manifest-path" "Cargo.toml" "--no-deps", kill_on_drop: false }`
[INFO] started tweaking crates.io crate market_types 0.1.0
[INFO] finished tweaking crates.io crate market_types 0.1.0
[INFO] tweaked toml for crates.io crate market_types 0.1.0 written to /workspace/builds/worker-93/source/Cargo.toml
[INFO] running `Command { std: "/workspace/cargo-home/bin/cargo" "+beta-2021-10-15" "generate-lockfile" "--manifest-path" "Cargo.toml" "-Zno-index-update", kill_on_drop: false }`
[INFO] [stderr]     Blocking waiting for file lock on package cache
[INFO] running `Command { std: "/workspace/cargo-home/bin/cargo" "+beta-2021-10-15" "fetch" "--manifest-path" "Cargo.toml", kill_on_drop: false }`
[INFO] [stderr]     Blocking waiting for file lock on package cache
[INFO] [stderr]     Blocking waiting for file lock on package cache
[INFO] running `Command { std: "docker" "create" "-v" "/var/lib/crater-agent-workspace/builds/worker-93/target:/opt/rustwide/target:rw,Z" "-v" "/var/lib/crater-agent-workspace/builds/worker-93/source:/opt/rustwide/workdir:ro,Z" "-v" "/var/lib/crater-agent-workspace/cargo-home:/opt/rustwide/cargo-home:ro,Z" "-v" "/var/lib/crater-agent-workspace/rustup-home:/opt/rustwide/rustup-home:ro,Z" "-e" "SOURCE_DIR=/opt/rustwide/workdir" "-e" "CARGO_TARGET_DIR=/opt/rustwide/target" "-e" "CARGO_HOME=/opt/rustwide/cargo-home" "-e" "RUSTUP_HOME=/opt/rustwide/rustup-home" "-w" "/opt/rustwide/workdir" "-m" "1610612736" "--user" "0:0" "--network" "none" "ghcr.io/rust-lang/crates-build-env/linux@sha256:a89201d6b5b9fd45c15d5952ece0a0129e7e80cb26ec023fd59cf09bc26f1604" "/opt/rustwide/cargo-home/bin/cargo" "+beta-2021-10-15" "metadata" "--no-deps" "--format-version=1", kill_on_drop: false }`
[INFO] [stdout] 109c8c007a5b16dfb0c6bb5f3d3f762f24e9561fa7ccc3550e2bb77e787f28fe
[INFO] running `Command { std: "docker" "start" "-a" "109c8c007a5b16dfb0c6bb5f3d3f762f24e9561fa7ccc3550e2bb77e787f28fe", kill_on_drop: false }`
[INFO] running `Command { std: "docker" "inspect" "109c8c007a5b16dfb0c6bb5f3d3f762f24e9561fa7ccc3550e2bb77e787f28fe", kill_on_drop: false }`
[INFO] running `Command { std: "docker" "rm" "-f" "109c8c007a5b16dfb0c6bb5f3d3f762f24e9561fa7ccc3550e2bb77e787f28fe", kill_on_drop: false }`
[INFO] [stdout] 109c8c007a5b16dfb0c6bb5f3d3f762f24e9561fa7ccc3550e2bb77e787f28fe
[INFO] running `Command { std: "docker" "create" "-v" "/var/lib/crater-agent-workspace/builds/worker-93/target:/opt/rustwide/target:rw,Z" "-v" "/var/lib/crater-agent-workspace/builds/worker-93/source:/opt/rustwide/workdir:ro,Z" "-v" "/var/lib/crater-agent-workspace/cargo-home:/opt/rustwide/cargo-home:ro,Z" "-v" "/var/lib/crater-agent-workspace/rustup-home:/opt/rustwide/rustup-home:ro,Z" "-e" "SOURCE_DIR=/opt/rustwide/workdir" "-e" "CARGO_TARGET_DIR=/opt/rustwide/target" "-e" "CARGO_INCREMENTAL=0" "-e" "RUST_BACKTRACE=full" "-e" "RUSTFLAGS=--cap-lints=warn" "-e" "CARGO_HOME=/opt/rustwide/cargo-home" "-e" "RUSTUP_HOME=/opt/rustwide/rustup-home" "-w" "/opt/rustwide/workdir" "-m" "1610612736" "--user" "0:0" "--network" "none" "ghcr.io/rust-lang/crates-build-env/linux@sha256:a89201d6b5b9fd45c15d5952ece0a0129e7e80cb26ec023fd59cf09bc26f1604" "/opt/rustwide/cargo-home/bin/cargo" "+beta-2021-10-15" "check" "--frozen" "--all" "--all-targets" "--message-format=json", kill_on_drop: false }`
[INFO] [stdout] 9f6dd1342e4e31096fcfc0a963c4b5a2cf71146abbdb6d13f34ec831f96fe3c5
[INFO] running `Command { std: "docker" "start" "-a" "9f6dd1342e4e31096fcfc0a963c4b5a2cf71146abbdb6d13f34ec831f96fe3c5", kill_on_drop: false }`
[INFO] [stderr]     Blocking waiting for file lock on package cache
[INFO] [stderr]    Compiling syn v1.0.80
[INFO] [stderr]    Compiling winapi v0.3.9
[INFO] [stderr]     Checking never v0.1.0
[INFO] [stderr]    Compiling fehler-macros v1.0.0
[INFO] [stderr]     Checking fehler v1.0.0
[INFO] [stderr]     Checking market v0.30.1
[INFO] [stderr]     Checking market_types v0.1.0 (/opt/rustwide/workdir)
[INFO] [stdout] error[E0433]: failed to resolve: use of undeclared crate or module `markets`
[INFO] [stdout]  --> tests/compose.rs:9:5
[INFO] [stdout]   |
[INFO] [stdout] 9 |     markets::compose::{ComposeDefect, Composer, Composite},
[INFO] [stdout]   |     ^^^^^^^ use of undeclared crate or module `markets`
[INFO] [stdout] 
[INFO] [stdout] 
[INFO] [stdout] error[E0405]: cannot find trait `Composite` in this scope
[INFO] [stdout]   --> tests/compose.rs:58:6
[INFO] [stdout]    |
[INFO] [stdout] 58 | impl Composite<u8> for MockComposite {
[INFO] [stdout]    |      ^^^^^^^^^ not found in this scope
[INFO] [stdout]    |
[INFO] [stdout] help: consider importing this trait
[INFO] [stdout]    |
[INFO] [stdout] 1  | use market_types::compose::Composite;
[INFO] [stdout]    |
[INFO] [stdout] 
[INFO] [stdout] 
[INFO] [stdout] error[E0433]: failed to resolve: use of undeclared type `Composer`
[INFO] [stdout]   --> tests/compose.rs:97:20
[INFO] [stdout]    |
[INFO] [stdout] 97 |     let composer = Composer::new(consumer.clone());
[INFO] [stdout]    |                    ^^^^^^^^ not found in this scope
[INFO] [stdout]    |
[INFO] [stdout] help: consider importing this struct
[INFO] [stdout]    |
[INFO] [stdout] 1  | use market_types::compose::Composer;
[INFO] [stdout]    |
[INFO] [stdout] 
[INFO] [stdout] 
[INFO] [stdout] error[E0433]: failed to resolve: use of undeclared type `Composer`
[INFO] [stdout]    --> tests/compose.rs:116:20
[INFO] [stdout]     |
[INFO] [stdout] 116 |     let composer = Composer::new(consumer.clone());
[INFO] [stdout]     |                    ^^^^^^^^ not found in this scope
[INFO] [stdout]     |
[INFO] [stdout] help: consider importing this struct
[INFO] [stdout]     |
[INFO] [stdout] 1   | use market_types::compose::Composer;
[INFO] [stdout]     |
[INFO] [stdout] 
[INFO] [stdout] 
[INFO] [stdout] error[E0433]: failed to resolve: use of undeclared type `Composer`
[INFO] [stdout]    --> tests/compose.rs:141:20
[INFO] [stdout]     |
[INFO] [stdout] 141 |     let composer = Composer::new(consumer.clone());
[INFO] [stdout]     |                    ^^^^^^^^ not found in this scope
[INFO] [stdout]     |
[INFO] [stdout] help: consider importing this struct
[INFO] [stdout]     |
[INFO] [stdout] 1   | use market_types::compose::Composer;
[INFO] [stdout]     |
[INFO] [stdout] 
[INFO] [stdout] 
[INFO] [stdout] error[E0433]: failed to resolve: use of undeclared type `Composer`
[INFO] [stdout]    --> tests/compose.rs:161:20
[INFO] [stdout]     |
[INFO] [stdout] 161 |     let composer = Composer::new(consumer.clone());
[INFO] [stdout]     |                    ^^^^^^^^ not found in this scope
[INFO] [stdout]     |
[INFO] [stdout] help: consider importing this struct
[INFO] [stdout]     |
[INFO] [stdout] 1   | use market_types::compose::Composer;
[INFO] [stdout]     |
[INFO] [stdout] 
[INFO] [stdout] 
[INFO] [stdout] error[E0433]: failed to resolve: use of undeclared type `Composer`
[INFO] [stdout]    --> tests/compose.rs:179:20
[INFO] [stdout]     |
[INFO] [stdout] 179 |     let composer = Composer::new(consumer.clone());
[INFO] [stdout]     |                    ^^^^^^^^ not found in this scope
[INFO] [stdout]     |
[INFO] [stdout] help: consider importing this struct
[INFO] [stdout]     |
[INFO] [stdout] 1   | use market_types::compose::Composer;
[INFO] [stdout]     |
[INFO] [stdout] 
[INFO] [stdout] 
[INFO] [stdout] error[E0433]: failed to resolve: use of undeclared type `Composer`
[INFO] [stdout]    --> tests/compose.rs:197:20
[INFO] [stdout]     |
[INFO] [stdout] 197 |     let composer = Composer::new(consumer.clone());
[INFO] [stdout]     |                    ^^^^^^^^ not found in this scope
[INFO] [stdout]     |
[INFO] [stdout] help: consider importing this struct
[INFO] [stdout]     |
[INFO] [stdout] 1   | use market_types::compose::Composer;
[INFO] [stdout]     |
[INFO] [stdout] 
[INFO] [stdout] 
[INFO] [stdout] error[E0433]: failed to resolve: use of undeclared type `ComposeDefect`
[INFO] [stdout]    --> tests/compose.rs:201:44
[INFO] [stdout]     |
[INFO] [stdout] 201 |         Err(composer.failure(Fault::Defect(ComposeDefect::Compose(MockMisstep))))
[INFO] [stdout]     |                                            ^^^^^^^^^^^^^ not found in this scope
[INFO] [stdout]     |
[INFO] [stdout] help: consider importing this enum
[INFO] [stdout]     |
[INFO] [stdout] 1   | use market_types::compose::ComposeDefect;
[INFO] [stdout]     |
[INFO] [stdout] 
[INFO] [stdout] 
[INFO] [stdout] error[E0433]: failed to resolve: use of undeclared type `Composer`
[INFO] [stdout]    --> tests/compose.rs:215:20
[INFO] [stdout]     |
[INFO] [stdout] 215 |     let composer = Composer::new(consumer.clone());
[INFO] [stdout]     |                    ^^^^^^^^ not found in this scope
[INFO] [stdout]     |
[INFO] [stdout] help: consider importing this struct
[INFO] [stdout]     |
[INFO] [stdout] 1   | use market_types::compose::Composer;
[INFO] [stdout]     |
[INFO] [stdout] 
[INFO] [stdout] 
[INFO] [stdout] error[E0433]: failed to resolve: use of undeclared type `ComposeDefect`
[INFO] [stdout]    --> tests/compose.rs:219:44
[INFO] [stdout]     |
[INFO] [stdout] 219 |         Err(composer.failure(Fault::Defect(ComposeDefect::Compose(MockMisstep))))
[INFO] [stdout]     |                                            ^^^^^^^^^^^^^ not found in this scope
[INFO] [stdout]     |
[INFO] [stdout] help: consider importing this enum
[INFO] [stdout]     |
[INFO] [stdout] 1   | use market_types::compose::ComposeDefect;
[INFO] [stdout]     |
[INFO] [stdout] 
[INFO] [stdout] 
[INFO] [stdout] error[E0433]: failed to resolve: use of undeclared type `Composer`
[INFO] [stdout]    --> tests/compose.rs:233:20
[INFO] [stdout]     |
[INFO] [stdout] 233 |     let composer = Composer::new(consumer.clone());
[INFO] [stdout]     |                    ^^^^^^^^ not found in this scope
[INFO] [stdout]     |
[INFO] [stdout] help: consider importing this struct
[INFO] [stdout]     |
[INFO] [stdout] 1   | use market_types::compose::Composer;
[INFO] [stdout]     |
[INFO] [stdout] 
[INFO] [stdout] 
[INFO] [stdout] error: aborting due to 12 previous errors
[INFO] [stdout] 
[INFO] [stdout] 
[INFO] [stderr] error: could not compile `market_types` due to 13 previous errors
[INFO] [stdout] Some errors have detailed explanations: E0405, E0433.
[INFO] [stdout] 
[INFO] [stdout] For more information about an error, try `rustc --explain E0405`.
[INFO] [stdout] 
[INFO] running `Command { std: "docker" "inspect" "9f6dd1342e4e31096fcfc0a963c4b5a2cf71146abbdb6d13f34ec831f96fe3c5", kill_on_drop: false }`
[INFO] running `Command { std: "docker" "rm" "-f" "9f6dd1342e4e31096fcfc0a963c4b5a2cf71146abbdb6d13f34ec831f96fe3c5", kill_on_drop: false }`
[INFO] [stdout] 9f6dd1342e4e31096fcfc0a963c4b5a2cf71146abbdb6d13f34ec831f96fe3c5
