[INFO] fetching crate markdown-to-html 0.1.2...
[INFO] checking markdown-to-html-0.1.2 against beta-2021-10-15 for beta-1.56-3
[INFO] extracting crate markdown-to-html 0.1.2 into /workspace/builds/worker-41/source
[INFO] validating manifest of crates.io crate markdown-to-html 0.1.2 on toolchain beta-2021-10-15
[INFO] running `Command { std: "/workspace/cargo-home/bin/cargo" "+beta-2021-10-15" "metadata" "--manifest-path" "Cargo.toml" "--no-deps", kill_on_drop: false }`
[INFO] started tweaking crates.io crate markdown-to-html 0.1.2
[INFO] finished tweaking crates.io crate markdown-to-html 0.1.2
[INFO] tweaked toml for crates.io crate markdown-to-html 0.1.2 written to /workspace/builds/worker-41/source/Cargo.toml
[INFO] running `Command { std: "/workspace/cargo-home/bin/cargo" "+beta-2021-10-15" "generate-lockfile" "--manifest-path" "Cargo.toml" "-Zno-index-update", kill_on_drop: false }`
[INFO] [stderr]     Blocking waiting for file lock on package cache
[INFO] running `Command { std: "/workspace/cargo-home/bin/cargo" "+beta-2021-10-15" "fetch" "--manifest-path" "Cargo.toml", kill_on_drop: false }`
[INFO] [stderr]     Blocking waiting for file lock on package cache
[INFO] [stderr]     Blocking waiting for file lock on package cache
[INFO] running `Command { std: "docker" "create" "-v" "/var/lib/crater-agent-workspace/builds/worker-41/target:/opt/rustwide/target:rw,Z" "-v" "/var/lib/crater-agent-workspace/builds/worker-41/source:/opt/rustwide/workdir:ro,Z" "-v" "/var/lib/crater-agent-workspace/cargo-home:/opt/rustwide/cargo-home:ro,Z" "-v" "/var/lib/crater-agent-workspace/rustup-home:/opt/rustwide/rustup-home:ro,Z" "-e" "SOURCE_DIR=/opt/rustwide/workdir" "-e" "CARGO_TARGET_DIR=/opt/rustwide/target" "-e" "CARGO_HOME=/opt/rustwide/cargo-home" "-e" "RUSTUP_HOME=/opt/rustwide/rustup-home" "-w" "/opt/rustwide/workdir" "-m" "1610612736" "--user" "0:0" "--network" "none" "ghcr.io/rust-lang/crates-build-env/linux@sha256:a89201d6b5b9fd45c15d5952ece0a0129e7e80cb26ec023fd59cf09bc26f1604" "/opt/rustwide/cargo-home/bin/cargo" "+beta-2021-10-15" "metadata" "--no-deps" "--format-version=1", kill_on_drop: false }`
[INFO] [stdout] 96056d88655b015277bd150ab61c004ca0b1dca7c0d0cbf19c8f9f80f7e04040
[INFO] running `Command { std: "docker" "start" "-a" "96056d88655b015277bd150ab61c004ca0b1dca7c0d0cbf19c8f9f80f7e04040", kill_on_drop: false }`
[INFO] running `Command { std: "docker" "inspect" "96056d88655b015277bd150ab61c004ca0b1dca7c0d0cbf19c8f9f80f7e04040", kill_on_drop: false }`
[INFO] running `Command { std: "docker" "rm" "-f" "96056d88655b015277bd150ab61c004ca0b1dca7c0d0cbf19c8f9f80f7e04040", kill_on_drop: false }`
[INFO] [stdout] 96056d88655b015277bd150ab61c004ca0b1dca7c0d0cbf19c8f9f80f7e04040
[INFO] running `Command { std: "docker" "create" "-v" "/var/lib/crater-agent-workspace/builds/worker-41/target:/opt/rustwide/target:rw,Z" "-v" "/var/lib/crater-agent-workspace/builds/worker-41/source:/opt/rustwide/workdir:ro,Z" "-v" "/var/lib/crater-agent-workspace/cargo-home:/opt/rustwide/cargo-home:ro,Z" "-v" "/var/lib/crater-agent-workspace/rustup-home:/opt/rustwide/rustup-home:ro,Z" "-e" "SOURCE_DIR=/opt/rustwide/workdir" "-e" "CARGO_TARGET_DIR=/opt/rustwide/target" "-e" "CARGO_INCREMENTAL=0" "-e" "RUST_BACKTRACE=full" "-e" "RUSTFLAGS=--cap-lints=warn" "-e" "CARGO_HOME=/opt/rustwide/cargo-home" "-e" "RUSTUP_HOME=/opt/rustwide/rustup-home" "-w" "/opt/rustwide/workdir" "-m" "1610612736" "--user" "0:0" "--network" "none" "ghcr.io/rust-lang/crates-build-env/linux@sha256:a89201d6b5b9fd45c15d5952ece0a0129e7e80cb26ec023fd59cf09bc26f1604" "/opt/rustwide/cargo-home/bin/cargo" "+beta-2021-10-15" "check" "--frozen" "--all" "--all-targets" "--message-format=json", kill_on_drop: false }`
[INFO] [stdout] a1ebfd3d661d806e253cd0f1a1df0856389be8d83f6727770ab5b32d4b692b91
[INFO] running `Command { std: "docker" "start" "-a" "a1ebfd3d661d806e253cd0f1a1df0856389be8d83f6727770ab5b32d4b692b91", kill_on_drop: false }`
[INFO] [stderr]     Blocking waiting for file lock on package cache
[INFO] [stderr]    Compiling memchr v2.4.1
[INFO] [stderr]     Checking minimal-lexical v0.1.4
[INFO] [stderr]    Compiling nom v7.0.0
[INFO] [stderr]     Checking markdown-to-html v0.1.2 (/opt/rustwide/workdir)
[INFO] [stdout] warning: unused imports: `Err::Error`, `error::ErrorKind`
[INFO] [stdout]   --> src/parser.rs:10:5
[INFO] [stdout]    |
[INFO] [stdout] 10 |     error::ErrorKind,
[INFO] [stdout]    |     ^^^^^^^^^^^^^^^^
[INFO] [stdout] ...
[INFO] [stdout] 13 |     Err::Error,
[INFO] [stdout]    |     ^^^^^^^^^^
[INFO] [stdout]    |
[INFO] [stdout]    = note: `#[warn(unused_imports)]` on by default
[INFO] [stdout] 
[INFO] [stdout] 
[INFO] [stdout] warning: function is never used: `translate_code`
[INFO] [stdout]   --> src/translator.rs:58:4
[INFO] [stdout]    |
[INFO] [stdout] 58 | fn translate_code(code: MarkdownText) -> String {
[INFO] [stdout]    |    ^^^^^^^^^^^^^^
[INFO] [stdout]    |
[INFO] [stdout]    = note: `#[warn(dead_code)]` on by default
[INFO] [stdout] 
[INFO] [stdout] 
[INFO] [stdout] warning: 2 warnings emitted
[INFO] [stdout] 
[INFO] [stdout] 
[INFO] [stdout] error[E0308]: mismatched types
[INFO] [stdout]    --> src/parser.rs:147:9
[INFO] [stdout]     |
[INFO] [stdout] 147 | /         assert_eq!(
[INFO] [stdout] 148 | |             parse_italics("*here is italic"),
[INFO] [stdout] 149 | |             Err(Error(("", ErrorKind::Tag)))
[INFO] [stdout] 150 | |         );
[INFO] [stdout]     | |__________^ expected struct `nom::error::Error`, found tuple
[INFO] [stdout]     |
[INFO] [stdout]     = note: expected enum `Result<(&str, &str), nom::Err<nom::error::Error<&str>>>`
[INFO] [stdout]                found enum `Result<_, nom::Err<(&str, nom::error::ErrorKind)>>`
[INFO] [stdout]     = note: this error originates in the macro `assert_eq` (in Nightly builds, run with -Z macro-backtrace for more info)
[INFO] [stdout] 
[INFO] [stdout] 
[INFO] [stdout] error[E0308]: mismatched types
[INFO] [stdout]    --> src/parser.rs:151:9
[INFO] [stdout]     |
[INFO] [stdout] 151 | /         assert_eq!(
[INFO] [stdout] 152 | |             parse_italics("here is italic*"),
[INFO] [stdout] 153 | |             Err(Error(("here is italic*", ErrorKind::Tag)))
[INFO] [stdout] 154 | |         );
[INFO] [stdout]     | |__________^ expected struct `nom::error::Error`, found tuple
[INFO] [stdout]     |
[INFO] [stdout]     = note: expected enum `Result<(&str, &str), nom::Err<nom::error::Error<&str>>>`
[INFO] [stdout]                found enum `Result<_, nom::Err<(&str, nom::error::ErrorKind)>>`
[INFO] [stdout]     = note: this error originates in the macro `assert_eq` (in Nightly builds, run with -Z macro-backtrace for more info)
[INFO] [stdout] 
[INFO] [stdout] 
[INFO] [stdout] error[E0308]: mismatched types
[INFO] [stdout]    --> src/parser.rs:155:9
[INFO] [stdout]     |
[INFO] [stdout] 155 | /         assert_eq!(
[INFO] [stdout] 156 | |             parse_italics("here is italic"),
[INFO] [stdout] 157 | |             Err(Error(("here is italic", ErrorKind::Tag)))
[INFO] [stdout] 158 | |         );
[INFO] [stdout]     | |__________^ expected struct `nom::error::Error`, found tuple
[INFO] [stdout]     |
[INFO] [stdout]     = note: expected enum `Result<(&str, &str), nom::Err<nom::error::Error<&str>>>`
[INFO] [stdout]                found enum `Result<_, nom::Err<(&str, nom::error::ErrorKind)>>`
[INFO] [stdout]     = note: this error originates in the macro `assert_eq` (in Nightly builds, run with -Z macro-backtrace for more info)
[INFO] [stdout] 
[INFO] [stdout] 
[INFO] [stdout] error[E0308]: mismatched types
[INFO] [stdout]    --> src/parser.rs:159:9
[INFO] [stdout]     |
[INFO] [stdout] 159 |         assert_eq!(parse_italics("*"), Err(Error(("", ErrorKind::IsNot))));
[INFO] [stdout]     |         ^^^^^^^^^^^^^^^^^^^^^^^^^^^^^^^^^^^^^^^^^^^^^^^^^^^^^^^^^^^^^^^^^^^ expected struct `nom::error::Error`, found tuple
[INFO] [stdout]     |
[INFO] [stdout]     = note: expected enum `Result<(&str, &str), nom::Err<nom::error::Error<&str>>>`
[INFO] [stdout]                found enum `Result<_, nom::Err<(&str, nom::error::ErrorKind)>>`
[INFO] [stdout]     = note: this error originates in the macro `assert_eq` (in Nightly builds, run with -Z macro-backtrace for more info)
[INFO] [stdout] 
[INFO] [stdout] 
[INFO] [stdout] error[E0308]: mismatched types
[INFO] [stdout]    --> src/parser.rs:160:9
[INFO] [stdout]     |
[INFO] [stdout] 160 |         assert_eq!(parse_italics("**"), Err(Error(("*", ErrorKind::IsNot))));
[INFO] [stdout]     |         ^^^^^^^^^^^^^^^^^^^^^^^^^^^^^^^^^^^^^^^^^^^^^^^^^^^^^^^^^^^^^^^^^^^^^ expected struct `nom::error::Error`, found tuple
[INFO] [stdout]     |
[INFO] [stdout]     = note: expected enum `Result<(&str, &str), nom::Err<nom::error::Error<&str>>>`
[INFO] [stdout]                found enum `Result<_, nom::Err<(&str, nom::error::ErrorKind)>>`
[INFO] [stdout]     = note: this error originates in the macro `assert_eq` (in Nightly builds, run with -Z macro-backtrace for more info)
[INFO] [stdout] 
[INFO] [stdout] 
[INFO] [stdout] error[E0308]: mismatched types
[INFO] [stdout]    --> src/parser.rs:161:9
[INFO] [stdout]     |
[INFO] [stdout] 161 |         assert_eq!(parse_italics(""), Err(Error(("", ErrorKind::Tag))));
[INFO] [stdout]     |         ^^^^^^^^^^^^^^^^^^^^^^^^^^^^^^^^^^^^^^^^^^^^^^^^^^^^^^^^^^^^^^^^ expected struct `nom::error::Error`, found tuple
[INFO] [stdout]     |
[INFO] [stdout]     = note: expected enum `Result<(&str, &str), nom::Err<nom::error::Error<&str>>>`
[INFO] [stdout]                found enum `Result<_, nom::Err<(&str, nom::error::ErrorKind)>>`
[INFO] [stdout]     = note: this error originates in the macro `assert_eq` (in Nightly builds, run with -Z macro-backtrace for more info)
[INFO] [stdout] 
[INFO] [stdout] 
[INFO] [stdout] error[E0308]: mismatched types
[INFO] [stdout]    --> src/parser.rs:162:9
[INFO] [stdout]     |
[INFO] [stdout] 162 | /         assert_eq!(
[INFO] [stdout] 163 | |             parse_italics("**we are doing bold**"),
[INFO] [stdout] 164 | |             Err(Error(("*we are doing bold**", ErrorKind::IsNot)))
[INFO] [stdout] 165 | |         );
[INFO] [stdout]     | |__________^ expected struct `nom::error::Error`, found tuple
[INFO] [stdout]     |
[INFO] [stdout]     = note: expected enum `Result<(&str, &str), nom::Err<nom::error::Error<&str>>>`
[INFO] [stdout]                found enum `Result<_, nom::Err<(&str, nom::error::ErrorKind)>>`
[INFO] [stdout]     = note: this error originates in the macro `assert_eq` (in Nightly builds, run with -Z macro-backtrace for more info)
[INFO] [stdout] 
[INFO] [stdout] 
[INFO] [stdout] error[E0308]: mismatched types
[INFO] [stdout]    --> src/parser.rs:171:9
[INFO] [stdout]     |
[INFO] [stdout] 171 | /         assert_eq!(
[INFO] [stdout] 172 | |             parse_boldtext("**here is bold"),
[INFO] [stdout] 173 | |             Err(Error(("", ErrorKind::Tag)))
[INFO] [stdout] 174 | |         );
[INFO] [stdout]     | |__________^ expected struct `nom::error::Error`, found tuple
[INFO] [stdout]     |
[INFO] [stdout]     = note: expected enum `Result<(&str, &str), nom::Err<nom::error::Error<&str>>>`
[INFO] [stdout]                found enum `Result<_, nom::Err<(&str, nom::error::ErrorKind)>>`
[INFO] [stdout]     = note: this error originates in the macro `assert_eq` (in Nightly builds, run with -Z macro-backtrace for more info)
[INFO] [stdout] 
[INFO] [stdout] 
[INFO] [stdout] error[E0308]: mismatched types
[INFO] [stdout]    --> src/parser.rs:175:9
[INFO] [stdout]     |
[INFO] [stdout] 175 | /         assert_eq!(
[INFO] [stdout] 176 | |             parse_boldtext("here is bold**"),
[INFO] [stdout] 177 | |             Err(Error(("here is bold**", ErrorKind::Tag)))
[INFO] [stdout] 178 | |         );
[INFO] [stdout]     | |__________^ expected struct `nom::error::Error`, found tuple
[INFO] [stdout]     |
[INFO] [stdout]     = note: expected enum `Result<(&str, &str), nom::Err<nom::error::Error<&str>>>`
[INFO] [stdout]                found enum `Result<_, nom::Err<(&str, nom::error::ErrorKind)>>`
[INFO] [stdout]     = note: this error originates in the macro `assert_eq` (in Nightly builds, run with -Z macro-backtrace for more info)
[INFO] [stdout] 
[INFO] [stdout] 
[INFO] [stdout] error[E0308]: mismatched types
[INFO] [stdout]    --> src/parser.rs:179:9
[INFO] [stdout]     |
[INFO] [stdout] 179 | /         assert_eq!(
[INFO] [stdout] 180 | |             parse_boldtext("here is bold"),
[INFO] [stdout] 181 | |             Err(Error(("here is bold", ErrorKind::Tag)))
[INFO] [stdout] 182 | |         );
[INFO] [stdout]     | |__________^ expected struct `nom::error::Error`, found tuple
[INFO] [stdout]     |
[INFO] [stdout]     = note: expected enum `Result<(&str, &str), nom::Err<nom::error::Error<&str>>>`
[INFO] [stdout]                found enum `Result<_, nom::Err<(&str, nom::error::ErrorKind)>>`
[INFO] [stdout]     = note: this error originates in the macro `assert_eq` (in Nightly builds, run with -Z macro-backtrace for more info)
[INFO] [stdout] 
[INFO] [stdout] 
[INFO] [stdout] error[E0308]: mismatched types
[INFO] [stdout]    --> src/parser.rs:183:9
[INFO] [stdout]     |
[INFO] [stdout] 183 |         assert_eq!(parse_boldtext("****"), Err(Error(("**", ErrorKind::IsNot))));
[INFO] [stdout]     |         ^^^^^^^^^^^^^^^^^^^^^^^^^^^^^^^^^^^^^^^^^^^^^^^^^^^^^^^^^^^^^^^^^^^^^^^^^ expected struct `nom::error::Error`, found tuple
[INFO] [stdout]     |
[INFO] [stdout]     = note: expected enum `Result<(&str, &str), nom::Err<nom::error::Error<&str>>>`
[INFO] [stdout]                found enum `Result<_, nom::Err<(&str, nom::error::ErrorKind)>>`
[INFO] [stdout]     = note: this error originates in the macro `assert_eq` (in Nightly builds, run with -Z macro-backtrace for more info)
[INFO] [stdout] 
[INFO] [stdout] 
[INFO] [stdout] error[E0308]: mismatched types
[INFO] [stdout]    --> src/parser.rs:184:9
[INFO] [stdout]     |
[INFO] [stdout] 184 |         assert_eq!(parse_boldtext("**"), Err(Error(("", ErrorKind::IsNot))));
[INFO] [stdout]     |         ^^^^^^^^^^^^^^^^^^^^^^^^^^^^^^^^^^^^^^^^^^^^^^^^^^^^^^^^^^^^^^^^^^^^^ expected struct `nom::error::Error`, found tuple
[INFO] [stdout]     |
[INFO] [stdout]     = note: expected enum `Result<(&str, &str), nom::Err<nom::error::Error<&str>>>`
[INFO] [stdout]                found enum `Result<_, nom::Err<(&str, nom::error::ErrorKind)>>`
[INFO] [stdout]     = note: this error originates in the macro `assert_eq` (in Nightly builds, run with -Z macro-backtrace for more info)
[INFO] [stdout] 
[INFO] [stdout] 
[INFO] [stdout] error[E0308]: mismatched types
[INFO] [stdout]    --> src/parser.rs:185:9
[INFO] [stdout]     |
[INFO] [stdout] 185 |         assert_eq!(parse_boldtext("*"), Err(Error(("*", ErrorKind::Tag))));
[INFO] [stdout]     |         ^^^^^^^^^^^^^^^^^^^^^^^^^^^^^^^^^^^^^^^^^^^^^^^^^^^^^^^^^^^^^^^^^^^ expected struct `nom::error::Error`, found tuple
[INFO] [stdout]     |
[INFO] [stdout]     = note: expected enum `Result<(&str, &str), nom::Err<nom::error::Error<&str>>>`
[INFO] [stdout]                found enum `Result<_, nom::Err<(&str, nom::error::ErrorKind)>>`
[INFO] [stdout]     = note: this error originates in the macro `assert_eq` (in Nightly builds, run with -Z macro-backtrace for more info)
[INFO] [stdout] 
[INFO] [stdout] 
[INFO] [stdout] error[E0308]: mismatched types
[INFO] [stdout]    --> src/parser.rs:186:9
[INFO] [stdout]     |
[INFO] [stdout] 186 |         assert_eq!(parse_boldtext(""), Err(Error(("", ErrorKind::Tag))));
[INFO] [stdout]     |         ^^^^^^^^^^^^^^^^^^^^^^^^^^^^^^^^^^^^^^^^^^^^^^^^^^^^^^^^^^^^^^^^^ expected struct `nom::error::Error`, found tuple
[INFO] [stdout]     |
[INFO] [stdout]     = note: expected enum `Result<(&str, &str), nom::Err<nom::error::Error<&str>>>`
[INFO] [stdout]                found enum `Result<_, nom::Err<(&str, nom::error::ErrorKind)>>`
[INFO] [stdout]     = note: this error originates in the macro `assert_eq` (in Nightly builds, run with -Z macro-backtrace for more info)
[INFO] [stdout] 
[INFO] [stdout] 
[INFO] [stdout] error[E0308]: mismatched types
[INFO] [stdout]    --> src/parser.rs:187:9
[INFO] [stdout]     |
[INFO] [stdout] 187 | /         assert_eq!(
[INFO] [stdout] 188 | |             parse_boldtext("*this is italic*"),
[INFO] [stdout] 189 | |             Err(Error(("*this is italic*", ErrorKind::Tag)))
[INFO] [stdout] 190 | |         );
[INFO] [stdout]     | |__________^ expected struct `nom::error::Error`, found tuple
[INFO] [stdout]     |
[INFO] [stdout]     = note: expected enum `Result<(&str, &str), nom::Err<nom::error::Error<&str>>>`
[INFO] [stdout]                found enum `Result<_, nom::Err<(&str, nom::error::ErrorKind)>>`
[INFO] [stdout]     = note: this error originates in the macro `assert_eq` (in Nightly builds, run with -Z macro-backtrace for more info)
[INFO] [stdout] 
[INFO] [stdout] 
[INFO] [stdout] error[E0308]: mismatched types
[INFO] [stdout]    --> src/parser.rs:199:9
[INFO] [stdout]     |
[INFO] [stdout] 199 | /         assert_eq!(
[INFO] [stdout] 200 | |             parse_inline_code("`here is code"),
[INFO] [stdout] 201 | |             Err(Error(("", ErrorKind::Tag)))
[INFO] [stdout] 202 | |         );
[INFO] [stdout]     | |__________^ expected struct `nom::error::Error`, found tuple
[INFO] [stdout]     |
[INFO] [stdout]     = note: expected enum `Result<(&str, &str), nom::Err<nom::error::Error<&str>>>`
[INFO] [stdout]                found enum `Result<_, nom::Err<(&str, nom::error::ErrorKind)>>`
[INFO] [stdout]     = note: this error originates in the macro `assert_eq` (in Nightly builds, run with -Z macro-backtrace for more info)
[INFO] [stdout] 
[INFO] [stdout] 
[INFO] [stdout] error[E0308]: mismatched types
[INFO] [stdout]    --> src/parser.rs:203:9
[INFO] [stdout]     |
[INFO] [stdout] 203 | /         assert_eq!(
[INFO] [stdout] 204 | |             parse_inline_code("here is code`"),
[INFO] [stdout] 205 | |             Err(Error(("here is code`", ErrorKind::Tag)))
[INFO] [stdout] 206 | |         );
[INFO] [stdout]     | |__________^ expected struct `nom::error::Error`, found tuple
[INFO] [stdout]     |
[INFO] [stdout]     = note: expected enum `Result<(&str, &str), nom::Err<nom::error::Error<&str>>>`
[INFO] [stdout]                found enum `Result<_, nom::Err<(&str, nom::error::ErrorKind)>>`
[INFO] [stdout]     = note: this error originates in the macro `assert_eq` (in Nightly builds, run with -Z macro-backtrace for more info)
[INFO] [stdout] 
[INFO] [stdout] 
[INFO] [stdout] error[E0308]: mismatched types
[INFO] [stdout]    --> src/parser.rs:207:9
[INFO] [stdout]     |
[INFO] [stdout] 207 |         assert_eq!(parse_inline_code("``"), Err(Error(("`", ErrorKind::IsNot))));
[INFO] [stdout]     |         ^^^^^^^^^^^^^^^^^^^^^^^^^^^^^^^^^^^^^^^^^^^^^^^^^^^^^^^^^^^^^^^^^^^^^^^^^ expected struct `nom::error::Error`, found tuple
[INFO] [stdout]     |
[INFO] [stdout]     = note: expected enum `Result<(&str, &str), nom::Err<nom::error::Error<&str>>>`
[INFO] [stdout]                found enum `Result<_, nom::Err<(&str, nom::error::ErrorKind)>>`
[INFO] [stdout]     = note: this error originates in the macro `assert_eq` (in Nightly builds, run with -Z macro-backtrace for more info)
[INFO] [stdout] 
[INFO] [stdout] 
[INFO] [stdout] error[E0308]: mismatched types
[INFO] [stdout]    --> src/parser.rs:208:9
[INFO] [stdout]     |
[INFO] [stdout] 208 |         assert_eq!(parse_inline_code("`"), Err(Error(("", ErrorKind::IsNot))));
[INFO] [stdout]     |         ^^^^^^^^^^^^^^^^^^^^^^^^^^^^^^^^^^^^^^^^^^^^^^^^^^^^^^^^^^^^^^^^^^^^^^^ expected struct `nom::error::Error`, found tuple
[INFO] [stdout]     |
[INFO] [stdout]     = note: expected enum `Result<(&str, &str), nom::Err<nom::error::Error<&str>>>`
[INFO] [stdout]                found enum `Result<_, nom::Err<(&str, nom::error::ErrorKind)>>`
[INFO] [stdout]     = note: this error originates in the macro `assert_eq` (in Nightly builds, run with -Z macro-backtrace for more info)
[INFO] [stdout] 
[INFO] [stdout] 
[INFO] [stdout] error[E0308]: mismatched types
[INFO] [stdout]    --> src/parser.rs:209:9
[INFO] [stdout]     |
[INFO] [stdout] 209 |         assert_eq!(parse_inline_code(""), Err(Error(("", ErrorKind::Tag))));
[INFO] [stdout]     |         ^^^^^^^^^^^^^^^^^^^^^^^^^^^^^^^^^^^^^^^^^^^^^^^^^^^^^^^^^^^^^^^^^^^^ expected struct `nom::error::Error`, found tuple
[INFO] [stdout]     |
[INFO] [stdout]     = note: expected enum `Result<(&str, &str), nom::Err<nom::error::Error<&str>>>`
[INFO] [stdout]                found enum `Result<_, nom::Err<(&str, nom::error::ErrorKind)>>`
[INFO] [stdout]     = note: this error originates in the macro `assert_eq` (in Nightly builds, run with -Z macro-backtrace for more info)
[INFO] [stdout] 
[INFO] [stdout] 
[INFO] [stdout] error[E0308]: mismatched types
[INFO] [stdout]    --> src/parser.rs:218:9
[INFO] [stdout]     |
[INFO] [stdout] 218 |         assert_eq!(parse_inline_code(""), Err(Error(("", ErrorKind::Tag))));
[INFO] [stdout]     |         ^^^^^^^^^^^^^^^^^^^^^^^^^^^^^^^^^^^^^^^^^^^^^^^^^^^^^^^^^^^^^^^^^^^^ expected struct `nom::error::Error`, found tuple
[INFO] [stdout]     |
[INFO] [stdout]     = note: expected enum `Result<(&str, &str), nom::Err<nom::error::Error<&str>>>`
[INFO] [stdout]                found enum `Result<_, nom::Err<(&str, nom::error::ErrorKind)>>`
[INFO] [stdout]     = note: this error originates in the macro `assert_eq` (in Nightly builds, run with -Z macro-backtrace for more info)
[INFO] [stdout] 
[INFO] [stdout] 
[INFO] [stdout] error[E0308]: mismatched types
[INFO] [stdout]    --> src/parser.rs:227:9
[INFO] [stdout]     |
[INFO] [stdout] 227 |         assert_eq!(parse_inline_code(""), Err(Error(("", ErrorKind::Tag))));
[INFO] [stdout]     |         ^^^^^^^^^^^^^^^^^^^^^^^^^^^^^^^^^^^^^^^^^^^^^^^^^^^^^^^^^^^^^^^^^^^^ expected struct `nom::error::Error`, found tuple
[INFO] [stdout]     |
[INFO] [stdout]     = note: expected enum `Result<(&str, &str), nom::Err<nom::error::Error<&str>>>`
[INFO] [stdout]                found enum `Result<_, nom::Err<(&str, nom::error::ErrorKind)>>`
[INFO] [stdout]     = note: this error originates in the macro `assert_eq` (in Nightly builds, run with -Z macro-backtrace for more info)
[INFO] [stdout] 
[INFO] [stdout] 
[INFO] [stdout] error[E0308]: mismatched types
[INFO] [stdout]    --> src/parser.rs:248:9
[INFO] [stdout]     |
[INFO] [stdout] 248 | /         assert_eq!(
[INFO] [stdout] 249 | |             parse_plaintext("*bold babey bold*"),
[INFO] [stdout] 250 | |             Err(Error(("*bold babey bold*", ErrorKind::Not)))
[INFO] [stdout] 251 | |         );
[INFO] [stdout]     | |__________^ expected struct `nom::error::Error`, found tuple
[INFO] [stdout]     |
[INFO] [stdout]     = note: expected enum `Result<(&str, String), nom::Err<nom::error::Error<&str>>>`
[INFO] [stdout]                found enum `Result<_, nom::Err<(&str, nom::error::ErrorKind)>>`
[INFO] [stdout]     = note: this error originates in the macro `assert_eq` (in Nightly builds, run with -Z macro-backtrace for more info)
[INFO] [stdout] 
[INFO] [stdout] 
[INFO] [stdout] error[E0308]: mismatched types
[INFO] [stdout]    --> src/parser.rs:252:9
[INFO] [stdout]     |
[INFO] [stdout] 252 | /         assert_eq!(
[INFO] [stdout] 253 | |             parse_plaintext("[link babey](and then somewhat)"),
[INFO] [stdout] 254 | |             Err(Error(("[link babey](and then somewhat)", ErrorKind::Not)))
[INFO] [stdout] 255 | |         );
[INFO] [stdout]     | |__________^ expected struct `nom::error::Error`, found tuple
[INFO] [stdout]     |
[INFO] [stdout]     = note: expected enum `Result<(&str, String), nom::Err<nom::error::Error<&str>>>`
[INFO] [stdout]                found enum `Result<_, nom::Err<(&str, nom::error::ErrorKind)>>`
[INFO] [stdout]     = note: this error originates in the macro `assert_eq` (in Nightly builds, run with -Z macro-backtrace for more info)
[INFO] [stdout] 
[INFO] [stdout] 
[INFO] [stdout] error[E0308]: mismatched types
[INFO] [stdout]    --> src/parser.rs:256:9
[INFO] [stdout]     |
[INFO] [stdout] 256 | /         assert_eq!(
[INFO] [stdout] 257 | |             parse_plaintext("`codeblock for bums`"),
[INFO] [stdout] 258 | |             Err(Error(("`codeblock for bums`", ErrorKind::Not)))
[INFO] [stdout] 259 | |         );
[INFO] [stdout]     | |__________^ expected struct `nom::error::Error`, found tuple
[INFO] [stdout]     |
[INFO] [stdout]     = note: expected enum `Result<(&str, String), nom::Err<nom::error::Error<&str>>>`
[INFO] [stdout]                found enum `Result<_, nom::Err<(&str, nom::error::ErrorKind)>>`
[INFO] [stdout]     = note: this error originates in the macro `assert_eq` (in Nightly builds, run with -Z macro-backtrace for more info)
[INFO] [stdout] 
[INFO] [stdout] 
[INFO] [stdout] error[E0308]: mismatched types
[INFO] [stdout]    --> src/parser.rs:260:9
[INFO] [stdout]     |
[INFO] [stdout] 260 | /         assert_eq!(
[INFO] [stdout] 261 | |             parse_plaintext("![ but wait theres more](jk)"),
[INFO] [stdout] 262 | |             Err(Error(("![ but wait theres more](jk)", ErrorKind::Not)))
[INFO] [stdout] 263 | |         );
[INFO] [stdout]     | |__________^ expected struct `nom::error::Error`, found tuple
[INFO] [stdout]     |
[INFO] [stdout]     = note: expected enum `Result<(&str, String), nom::Err<nom::error::Error<&str>>>`
[INFO] [stdout]                found enum `Result<_, nom::Err<(&str, nom::error::ErrorKind)>>`
[INFO] [stdout]     = note: this error originates in the macro `assert_eq` (in Nightly builds, run with -Z macro-backtrace for more info)
[INFO] [stdout] 
[INFO] [stdout] 
[INFO] [stdout] error[E0308]: mismatched types
[INFO] [stdout]    --> src/parser.rs:280:9
[INFO] [stdout]     |
[INFO] [stdout] 280 | /         assert_eq!(
[INFO] [stdout] 281 | |             parse_plaintext("*here is italic*"),
[INFO] [stdout] 282 | |             Err(Error(("*here is italic*", ErrorKind::Not)))
[INFO] [stdout] 283 | |         );
[INFO] [stdout]     | |__________^ expected struct `nom::error::Error`, found tuple
[INFO] [stdout]     |
[INFO] [stdout]     = note: expected enum `Result<(&str, String), nom::Err<nom::error::Error<&str>>>`
[INFO] [stdout]                found enum `Result<_, nom::Err<(&str, nom::error::ErrorKind)>>`
[INFO] [stdout]     = note: this error originates in the macro `assert_eq` (in Nightly builds, run with -Z macro-backtrace for more info)
[INFO] [stdout] 
[INFO] [stdout] 
[INFO] [stdout] error[E0308]: mismatched types
[INFO] [stdout]    --> src/parser.rs:284:9
[INFO] [stdout]     |
[INFO] [stdout] 284 | /         assert_eq!(
[INFO] [stdout] 285 | |             parse_plaintext("**here is bold**"),
[INFO] [stdout] 286 | |             Err(Error(("**here is bold**", ErrorKind::Not)))
[INFO] [stdout] 287 | |         );
[INFO] [stdout]     | |__________^ expected struct `nom::error::Error`, found tuple
[INFO] [stdout]     |
[INFO] [stdout]     = note: expected enum `Result<(&str, String), nom::Err<nom::error::Error<&str>>>`
[INFO] [stdout]                found enum `Result<_, nom::Err<(&str, nom::error::ErrorKind)>>`
[INFO] [stdout]     = note: this error originates in the macro `assert_eq` (in Nightly builds, run with -Z macro-backtrace for more info)
[INFO] [stdout] 
[INFO] [stdout] 
[INFO] [stdout] error[E0308]: mismatched types
[INFO] [stdout]    --> src/parser.rs:288:9
[INFO] [stdout]     |
[INFO] [stdout] 288 | /         assert_eq!(
[INFO] [stdout] 289 | |             parse_plaintext("`here is code`"),
[INFO] [stdout] 290 | |             Err(Error(("`here is code`", ErrorKind::Not)))
[INFO] [stdout] 291 | |         );
[INFO] [stdout]     | |__________^ expected struct `nom::error::Error`, found tuple
[INFO] [stdout]     |
[INFO] [stdout]     = note: expected enum `Result<(&str, String), nom::Err<nom::error::Error<&str>>>`
[INFO] [stdout]                found enum `Result<_, nom::Err<(&str, nom::error::ErrorKind)>>`
[INFO] [stdout]     = note: this error originates in the macro `assert_eq` (in Nightly builds, run with -Z macro-backtrace for more info)
[INFO] [stdout] 
[INFO] [stdout] 
[INFO] [stdout] error[E0308]: mismatched types
[INFO] [stdout]    --> src/parser.rs:292:9
[INFO] [stdout]     |
[INFO] [stdout] 292 | /         assert_eq!(
[INFO] [stdout] 293 | |             parse_plaintext("[title](https://www.example.com)"),
[INFO] [stdout] 294 | |             Err(Error(("[title](https://www.example.com)", ErrorKind::Not)))
[INFO] [stdout] 295 | |         );
[INFO] [stdout]     | |__________^ expected struct `nom::error::Error`, found tuple
[INFO] [stdout]     |
[INFO] [stdout]     = note: expected enum `Result<(&str, String), nom::Err<nom::error::Error<&str>>>`
[INFO] [stdout]                found enum `Result<_, nom::Err<(&str, nom::error::ErrorKind)>>`
[INFO] [stdout]     = note: this error originates in the macro `assert_eq` (in Nightly builds, run with -Z macro-backtrace for more info)
[INFO] [stdout] 
[INFO] [stdout] 
[INFO] [stdout] error[E0308]: mismatched types
[INFO] [stdout]    --> src/parser.rs:296:9
[INFO] [stdout]     |
[INFO] [stdout] 296 | /         assert_eq!(
[INFO] [stdout] 297 | |             parse_plaintext("![alt text](image.jpg)"),
[INFO] [stdout] 298 | |             Err(Error(("![alt text](image.jpg)", ErrorKind::Not)))
[INFO] [stdout] 299 | |         );
[INFO] [stdout]     | |__________^ expected struct `nom::error::Error`, found tuple
[INFO] [stdout]     |
[INFO] [stdout]     = note: expected enum `Result<(&str, String), nom::Err<nom::error::Error<&str>>>`
[INFO] [stdout]                found enum `Result<_, nom::Err<(&str, nom::error::ErrorKind)>>`
[INFO] [stdout]     = note: this error originates in the macro `assert_eq` (in Nightly builds, run with -Z macro-backtrace for more info)
[INFO] [stdout] 
[INFO] [stdout] 
[INFO] [stdout] error[E0308]: mismatched types
[INFO] [stdout]    --> src/parser.rs:300:9
[INFO] [stdout]     |
[INFO] [stdout] 300 |         assert_eq!(parse_plaintext(""), Err(Error(("", ErrorKind::Eof))));
[INFO] [stdout]     |         ^^^^^^^^^^^^^^^^^^^^^^^^^^^^^^^^^^^^^^^^^^^^^^^^^^^^^^^^^^^^^^^^^^ expected struct `nom::error::Error`, found tuple
[INFO] [stdout]     |
[INFO] [stdout]     = note: expected enum `Result<(&str, String), nom::Err<nom::error::Error<&str>>>`
[INFO] [stdout]                found enum `Result<_, nom::Err<(&str, nom::error::ErrorKind)>>`
[INFO] [stdout]     = note: this error originates in the macro `assert_eq` (in Nightly builds, run with -Z macro-backtrace for more info)
[INFO] [stdout] 
[INFO] [stdout] 
[INFO] [stdout] error[E0308]: mismatched types
[INFO] [stdout]    --> src/parser.rs:355:9
[INFO] [stdout]     |
[INFO] [stdout] 355 | /         assert_eq!(
[INFO] [stdout] 356 | |             parse_markdown_inline("\n"),
[INFO] [stdout] 357 | |             Err(Error(("\n", ErrorKind::Not)))
[INFO] [stdout] 358 | |         );
[INFO] [stdout]     | |__________^ expected struct `nom::error::Error`, found tuple
[INFO] [stdout]     |
[INFO] [stdout]     = note: expected enum `Result<(&str, MarkdownInline), nom::Err<nom::error::Error<&str>>>`
[INFO] [stdout]                found enum `Result<_, nom::Err<(&str, nom::error::ErrorKind)>>`
[INFO] [stdout]     = note: this error originates in the macro `assert_eq` (in Nightly builds, run with -Z macro-backtrace for more info)
[INFO] [stdout] 
[INFO] [stdout] 
[INFO] [stdout] error[E0308]: mismatched types
[INFO] [stdout]    --> src/parser.rs:359:9
[INFO] [stdout]     |
[INFO] [stdout] 359 |         assert_eq!(parse_markdown_inline(""), Err(Error(("", ErrorKind::Eof))));
[INFO] [stdout]     |         ^^^^^^^^^^^^^^^^^^^^^^^^^^^^^^^^^^^^^^^^^^^^^^^^^^^^^^^^^^^^^^^^^^^^^^^^ expected struct `nom::error::Error`, found tuple
[INFO] [stdout]     |
[INFO] [stdout]     = note: expected enum `Result<(&str, MarkdownInline), nom::Err<nom::error::Error<&str>>>`
[INFO] [stdout]                found enum `Result<_, nom::Err<(&str, nom::error::ErrorKind)>>`
[INFO] [stdout]     = note: this error originates in the macro `assert_eq` (in Nightly builds, run with -Z macro-backtrace for more info)
[INFO] [stdout] 
[INFO] [stdout] 
[INFO] [stdout] error[E0308]: mismatched types
[INFO] [stdout]    --> src/parser.rs:405:9
[INFO] [stdout]     |
[INFO] [stdout] 405 | / ...   assert_eq!(
[INFO] [stdout] 406 | | ...       parse_markdown_text("here is some plaintext *but what if we italicize?"),
[INFO] [stdout] 407 | | ...       Err(Error(("*but what if we italicize?", ErrorKind::Tag))) // Ok(("*but what if we italicize?", vec![MarkdownInline::Plaintext(...
[INFO] [stdout] 408 | | ...   );
[INFO] [stdout]     | |________^ expected struct `nom::error::Error`, found tuple
[INFO] [stdout]     |
[INFO] [stdout]     = note: expected enum `Result<(&str, Vec<MarkdownInline>), nom::Err<nom::error::Error<&str>>>`
[INFO] [stdout]                found enum `Result<_, nom::Err<(&str, nom::error::ErrorKind)>>`
[INFO] [stdout]     = note: this error originates in the macro `assert_eq` (in Nightly builds, run with -Z macro-backtrace for more info)
[INFO] [stdout] 
[INFO] [stdout] 
[INFO] [stdout] error[E0308]: mismatched types
[INFO] [stdout]    --> src/parser.rs:417:9
[INFO] [stdout]     |
[INFO] [stdout] 417 | /         assert_eq!(
[INFO] [stdout] 418 | |             parse_header_tag(" "),
[INFO] [stdout] 419 | |             Err(Error((" ", ErrorKind::TakeWhile1)))
[INFO] [stdout] 420 | |         );
[INFO] [stdout]     | |__________^ expected struct `nom::error::Error`, found tuple
[INFO] [stdout]     |
[INFO] [stdout]     = note: expected enum `Result<(&str, usize), nom::Err<nom::error::Error<&str>>>`
[INFO] [stdout]                found enum `Result<_, nom::Err<(&str, nom::error::ErrorKind)>>`
[INFO] [stdout]     = note: this error originates in the macro `assert_eq` (in Nightly builds, run with -Z macro-backtrace for more info)
[INFO] [stdout] 
[INFO] [stdout] 
[INFO] [stdout] error[E0308]: mismatched types
[INFO] [stdout]    --> src/parser.rs:421:9
[INFO] [stdout]     |
[INFO] [stdout] 421 |         assert_eq!(parse_header_tag("#"), Err(Error(("", ErrorKind::Tag))));
[INFO] [stdout]     |         ^^^^^^^^^^^^^^^^^^^^^^^^^^^^^^^^^^^^^^^^^^^^^^^^^^^^^^^^^^^^^^^^^^^^ expected struct `nom::error::Error`, found tuple
[INFO] [stdout]     |
[INFO] [stdout]     = note: expected enum `Result<(&str, usize), nom::Err<nom::error::Error<&str>>>`
[INFO] [stdout]                found enum `Result<_, nom::Err<(&str, nom::error::ErrorKind)>>`
[INFO] [stdout]     = note: this error originates in the macro `assert_eq` (in Nightly builds, run with -Z macro-backtrace for more info)
[INFO] [stdout] 
[INFO] [stdout] 
[INFO] [stdout] error[E0308]: mismatched types
[INFO] [stdout]    --> src/parser.rs:441:9
[INFO] [stdout]     |
[INFO] [stdout] 441 |         assert_eq!(parse_header("###h3"), Err(Error(("h3", ErrorKind::Tag))));
[INFO] [stdout]     |         ^^^^^^^^^^^^^^^^^^^^^^^^^^^^^^^^^^^^^^^^^^^^^^^^^^^^^^^^^^^^^^^^^^^^^^ expected struct `nom::error::Error`, found tuple
[INFO] [stdout]     |
[INFO] [stdout]     = note: expected enum `Result<(&str, (usize, Vec<MarkdownInline>)), nom::Err<nom::error::Error<&str>>>`
[INFO] [stdout]                found enum `Result<_, nom::Err<(&str, nom::error::ErrorKind)>>`
[INFO] [stdout]     = note: this error originates in the macro `assert_eq` (in Nightly builds, run with -Z macro-backtrace for more info)
[INFO] [stdout] 
[INFO] [stdout] 
[INFO] [stdout] error[E0308]: mismatched types
[INFO] [stdout]    --> src/parser.rs:442:9
[INFO] [stdout]     |
[INFO] [stdout] 442 |         assert_eq!(parse_header("###"), Err(Error(("", ErrorKind::Tag))));
[INFO] [stdout]     |         ^^^^^^^^^^^^^^^^^^^^^^^^^^^^^^^^^^^^^^^^^^^^^^^^^^^^^^^^^^^^^^^^^^ expected struct `nom::error::Error`, found tuple
[INFO] [stdout]     |
[INFO] [stdout]     = note: expected enum `Result<(&str, (usize, Vec<MarkdownInline>)), nom::Err<nom::error::Error<&str>>>`
[INFO] [stdout]                found enum `Result<_, nom::Err<(&str, nom::error::ErrorKind)>>`
[INFO] [stdout]     = note: this error originates in the macro `assert_eq` (in Nightly builds, run with -Z macro-backtrace for more info)
[INFO] [stdout] 
[INFO] [stdout] 
[INFO] [stdout] error[E0308]: mismatched types
[INFO] [stdout]    --> src/parser.rs:443:9
[INFO] [stdout]     |
[INFO] [stdout] 443 |         assert_eq!(parse_header(""), Err(Error(("", ErrorKind::TakeWhile1))));
[INFO] [stdout]     |         ^^^^^^^^^^^^^^^^^^^^^^^^^^^^^^^^^^^^^^^^^^^^^^^^^^^^^^^^^^^^^^^^^^^^^^ expected struct `nom::error::Error`, found tuple
[INFO] [stdout]     |
[INFO] [stdout]     = note: expected enum `Result<(&str, (usize, Vec<MarkdownInline>)), nom::Err<nom::error::Error<&str>>>`
[INFO] [stdout]                found enum `Result<_, nom::Err<(&str, nom::error::ErrorKind)>>`
[INFO] [stdout]     = note: this error originates in the macro `assert_eq` (in Nightly builds, run with -Z macro-backtrace for more info)
[INFO] [stdout] 
[INFO] [stdout] 
[INFO] [stdout] error[E0308]: mismatched types
[INFO] [stdout]    --> src/parser.rs:444:9
[INFO] [stdout]     |
[INFO] [stdout] 444 |         assert_eq!(parse_header("#"), Err(Error(("", ErrorKind::Tag))));
[INFO] [stdout]     |         ^^^^^^^^^^^^^^^^^^^^^^^^^^^^^^^^^^^^^^^^^^^^^^^^^^^^^^^^^^^^^^^^ expected struct `nom::error::Error`, found tuple
[INFO] [stdout]     |
[INFO] [stdout]     = note: expected enum `Result<(&str, (usize, Vec<MarkdownInline>)), nom::Err<nom::error::Error<&str>>>`
[INFO] [stdout]                found enum `Result<_, nom::Err<(&str, nom::error::ErrorKind)>>`
[INFO] [stdout]     = note: this error originates in the macro `assert_eq` (in Nightly builds, run with -Z macro-backtrace for more info)
[INFO] [stdout] 
[INFO] [stdout] 
[INFO] [stdout] error[E0308]: mismatched types
[INFO] [stdout]    --> src/parser.rs:446:9
[INFO] [stdout]     |
[INFO] [stdout] 446 |         assert_eq!(parse_header("# test"), Err(Error(("", ErrorKind::Tag))));
[INFO] [stdout]     |         ^^^^^^^^^^^^^^^^^^^^^^^^^^^^^^^^^^^^^^^^^^^^^^^^^^^^^^^^^^^^^^^^^^^^^ expected struct `nom::error::Error`, found tuple
[INFO] [stdout]     |
[INFO] [stdout]     = note: expected enum `Result<(&str, (usize, Vec<MarkdownInline>)), nom::Err<nom::error::Error<&str>>>`
[INFO] [stdout]                found enum `Result<_, nom::Err<(&str, nom::error::ErrorKind)>>`
[INFO] [stdout]     = note: this error originates in the macro `assert_eq` (in Nightly builds, run with -Z macro-backtrace for more info)
[INFO] [stdout] 
[INFO] [stdout] 
[INFO] [stdout] error[E0308]: mismatched types
[INFO] [stdout]    --> src/parser.rs:456:9
[INFO] [stdout]     |
[INFO] [stdout] 456 | /         assert_eq!(
[INFO] [stdout] 457 | |             parse_unordered_list_tag("-"),
[INFO] [stdout] 458 | |             Err(Error(("", ErrorKind::Tag)))
[INFO] [stdout] 459 | |         );
[INFO] [stdout]     | |__________^ expected struct `nom::error::Error`, found tuple
[INFO] [stdout]     |
[INFO] [stdout]     = note: expected enum `Result<(&str, &str), nom::Err<nom::error::Error<&str>>>`
[INFO] [stdout]                found enum `Result<_, nom::Err<(&str, nom::error::ErrorKind)>>`
[INFO] [stdout]     = note: this error originates in the macro `assert_eq` (in Nightly builds, run with -Z macro-backtrace for more info)
[INFO] [stdout] 
[INFO] [stdout] 
[INFO] [stdout] error[E0308]: mismatched types
[INFO] [stdout]    --> src/parser.rs:460:9
[INFO] [stdout]     |
[INFO] [stdout] 460 | /         assert_eq!(
[INFO] [stdout] 461 | |             parse_unordered_list_tag("-and some more"),
[INFO] [stdout] 462 | |             Err(Error(("and some more", ErrorKind::Tag)))
[INFO] [stdout] 463 | |         );
[INFO] [stdout]     | |__________^ expected struct `nom::error::Error`, found tuple
[INFO] [stdout]     |
[INFO] [stdout]     = note: expected enum `Result<(&str, &str), nom::Err<nom::error::Error<&str>>>`
[INFO] [stdout]                found enum `Result<_, nom::Err<(&str, nom::error::ErrorKind)>>`
[INFO] [stdout]     = note: this error originates in the macro `assert_eq` (in Nightly builds, run with -Z macro-backtrace for more info)
[INFO] [stdout] 
[INFO] [stdout] 
[INFO] [stdout] error[E0308]: mismatched types
[INFO] [stdout]    --> src/parser.rs:464:9
[INFO] [stdout]     |
[INFO] [stdout] 464 | /         assert_eq!(
[INFO] [stdout] 465 | |             parse_unordered_list_tag("--"),
[INFO] [stdout] 466 | |             Err(Error(("-", ErrorKind::Tag)))
[INFO] [stdout] 467 | |         );
[INFO] [stdout]     | |__________^ expected struct `nom::error::Error`, found tuple
[INFO] [stdout]     |
[INFO] [stdout]     = note: expected enum `Result<(&str, &str), nom::Err<nom::error::Error<&str>>>`
[INFO] [stdout]                found enum `Result<_, nom::Err<(&str, nom::error::ErrorKind)>>`
[INFO] [stdout]     = note: this error originates in the macro `assert_eq` (in Nightly builds, run with -Z macro-backtrace for more info)
[INFO] [stdout] 
[INFO] [stdout] 
[INFO] [stdout] error[E0308]: mismatched types
[INFO] [stdout]    --> src/parser.rs:468:9
[INFO] [stdout]     |
[INFO] [stdout] 468 | /         assert_eq!(
[INFO] [stdout] 469 | |             parse_unordered_list_tag(""),
[INFO] [stdout] 470 | |             Err(Error(("", ErrorKind::Tag)))
[INFO] [stdout] 471 | |         );
[INFO] [stdout]     | |__________^ expected struct `nom::error::Error`, found tuple
[INFO] [stdout]     |
[INFO] [stdout]     = note: expected enum `Result<(&str, &str), nom::Err<nom::error::Error<&str>>>`
[INFO] [stdout]                found enum `Result<_, nom::Err<(&str, nom::error::ErrorKind)>>`
[INFO] [stdout]     = note: this error originates in the macro `assert_eq` (in Nightly builds, run with -Z macro-backtrace for more info)
[INFO] [stdout] 
[INFO] [stdout] 
[INFO] [stdout] error[E0308]: mismatched types
[INFO] [stdout]    --> src/parser.rs:494:9
[INFO] [stdout]     |
[INFO] [stdout] 494 | /         assert_eq!(
[INFO] [stdout] 495 | |             parse_unordered_list_element(""),
[INFO] [stdout] 496 | |             Err(Error(("", ErrorKind::Tag)))
[INFO] [stdout] 497 | |         );
[INFO] [stdout]     | |__________^ expected struct `nom::error::Error`, found tuple
[INFO] [stdout]     |
[INFO] [stdout]     = note: expected enum `Result<(&str, Vec<MarkdownInline>), nom::Err<nom::error::Error<&str>>>`
[INFO] [stdout]                found enum `Result<_, nom::Err<(&str, nom::error::ErrorKind)>>`
[INFO] [stdout]     = note: this error originates in the macro `assert_eq` (in Nightly builds, run with -Z macro-backtrace for more info)
[INFO] [stdout] 
[INFO] [stdout] 
[INFO] [stdout] error[E0308]: mismatched types
[INFO] [stdout]    --> src/parser.rs:499:9
[INFO] [stdout]     |
[INFO] [stdout] 499 | /         assert_eq!(
[INFO] [stdout] 500 | |             parse_unordered_list_element("- "),
[INFO] [stdout] 501 | |             Err(Error(("", ErrorKind::Tag)))
[INFO] [stdout] 502 | |         );
[INFO] [stdout]     | |__________^ expected struct `nom::error::Error`, found tuple
[INFO] [stdout]     |
[INFO] [stdout]     = note: expected enum `Result<(&str, Vec<MarkdownInline>), nom::Err<nom::error::Error<&str>>>`
[INFO] [stdout]                found enum `Result<_, nom::Err<(&str, nom::error::ErrorKind)>>`
[INFO] [stdout]     = note: this error originates in the macro `assert_eq` (in Nightly builds, run with -Z macro-backtrace for more info)
[INFO] [stdout] 
[INFO] [stdout] 
[INFO] [stdout] error[E0308]: mismatched types
[INFO] [stdout]    --> src/parser.rs:503:9
[INFO] [stdout]     |
[INFO] [stdout] 503 | /         assert_eq!(
[INFO] [stdout] 504 | |             parse_unordered_list_element("- test"),
[INFO] [stdout] 505 | |             Err(Error(("", ErrorKind::Tag)))
[INFO] [stdout] 506 | |         );
[INFO] [stdout]     | |__________^ expected struct `nom::error::Error`, found tuple
[INFO] [stdout]     |
[INFO] [stdout]     = note: expected enum `Result<(&str, Vec<MarkdownInline>), nom::Err<nom::error::Error<&str>>>`
[INFO] [stdout]                found enum `Result<_, nom::Err<(&str, nom::error::ErrorKind)>>`
[INFO] [stdout]     = note: this error originates in the macro `assert_eq` (in Nightly builds, run with -Z macro-backtrace for more info)
[INFO] [stdout] 
[INFO] [stdout] 
[INFO] [stdout] error[E0308]: mismatched types
[INFO] [stdout]    --> src/parser.rs:507:9
[INFO] [stdout]     |
[INFO] [stdout] 507 | /         assert_eq!(
[INFO] [stdout] 508 | |             parse_unordered_list_element("-"),
[INFO] [stdout] 509 | |             Err(Error(("", ErrorKind::Tag)))
[INFO] [stdout] 510 | |         );
[INFO] [stdout]     | |__________^ expected struct `nom::error::Error`, found tuple
[INFO] [stdout]     |
[INFO] [stdout]     = note: expected enum `Result<(&str, Vec<MarkdownInline>), nom::Err<nom::error::Error<&str>>>`
[INFO] [stdout]                found enum `Result<_, nom::Err<(&str, nom::error::ErrorKind)>>`
[INFO] [stdout]     = note: this error originates in the macro `assert_eq` (in Nightly builds, run with -Z macro-backtrace for more info)
[INFO] [stdout] 
[INFO] [stdout] 
[INFO] [stdout] error[E0308]: mismatched types
[INFO] [stdout]    --> src/parser.rs:515:9
[INFO] [stdout]     |
[INFO] [stdout] 515 | /         assert_eq!(
[INFO] [stdout] 516 | |             parse_unordered_list("- this is an element"),
[INFO] [stdout] 517 | |             Err(Error(("", ErrorKind::Tag)))
[INFO] [stdout] 518 | |         );
[INFO] [stdout]     | |__________^ expected struct `nom::error::Error`, found tuple
[INFO] [stdout]     |
[INFO] [stdout]     = note: expected enum `Result<(&str, Vec<Vec<MarkdownInline>>), nom::Err<nom::error::Error<&str>>>`
[INFO] [stdout]                found enum `Result<_, nom::Err<(&str, nom::error::ErrorKind)>>`
[INFO] [stdout]     = note: this error originates in the macro `assert_eq` (in Nightly builds, run with -Z macro-backtrace for more info)
[INFO] [stdout] 
[INFO] [stdout] 
[INFO] [stdout] error[E0308]: mismatched types
[INFO] [stdout]    --> src/parser.rs:550:9
[INFO] [stdout]     |
[INFO] [stdout] 550 | /         assert_eq!(
[INFO] [stdout] 551 | |             parse_ordered_list_tag("1"),
[INFO] [stdout] 552 | |             Err(Error(("", ErrorKind::Tag)))
[INFO] [stdout] 553 | |         );
[INFO] [stdout]     | |__________^ expected struct `nom::error::Error`, found tuple
[INFO] [stdout]     |
[INFO] [stdout]     = note: expected enum `Result<(&str, &str), nom::Err<nom::error::Error<&str>>>`
[INFO] [stdout]                found enum `Result<_, nom::Err<(&str, nom::error::ErrorKind)>>`
[INFO] [stdout]     = note: this error originates in the macro `assert_eq` (in Nightly builds, run with -Z macro-backtrace for more info)
[INFO] [stdout] 
[INFO] [stdout] 
[INFO] [stdout] error[E0308]: mismatched types
[INFO] [stdout]    --> src/parser.rs:554:9
[INFO] [stdout]     |
[INFO] [stdout] 554 | /         assert_eq!(
[INFO] [stdout] 555 | |             parse_ordered_list_tag("1.and some more"),
[INFO] [stdout] 556 | |             Err(Error(("and some more", ErrorKind::Tag)))
[INFO] [stdout] 557 | |         );
[INFO] [stdout]     | |__________^ expected struct `nom::error::Error`, found tuple
[INFO] [stdout]     |
[INFO] [stdout]     = note: expected enum `Result<(&str, &str), nom::Err<nom::error::Error<&str>>>`
[INFO] [stdout]                found enum `Result<_, nom::Err<(&str, nom::error::ErrorKind)>>`
[INFO] [stdout]     = note: this error originates in the macro `assert_eq` (in Nightly builds, run with -Z macro-backtrace for more info)
[INFO] [stdout] 
[INFO] [stdout] 
[INFO] [stdout] error[E0308]: mismatched types
[INFO] [stdout]    --> src/parser.rs:558:9
[INFO] [stdout]     |
[INFO] [stdout] 558 | /         assert_eq!(
[INFO] [stdout] 559 | |             parse_ordered_list_tag("1111."),
[INFO] [stdout] 560 | |             Err(Error(("", ErrorKind::Tag)))
[INFO] [stdout] 561 | |         );
[INFO] [stdout]     | |__________^ expected struct `nom::error::Error`, found tuple
[INFO] [stdout]     |
[INFO] [stdout]     = note: expected enum `Result<(&str, &str), nom::Err<nom::error::Error<&str>>>`
[INFO] [stdout]                found enum `Result<_, nom::Err<(&str, nom::error::ErrorKind)>>`
[INFO] [stdout]     = note: this error originates in the macro `assert_eq` (in Nightly builds, run with -Z macro-backtrace for more info)
[INFO] [stdout] 
[INFO] [stdout] 
[INFO] [stdout] error[E0308]: mismatched types
[INFO] [stdout]    --> src/parser.rs:562:9
[INFO] [stdout]     |
[INFO] [stdout] 562 | /         assert_eq!(
[INFO] [stdout] 563 | |             parse_ordered_list_tag(""),
[INFO] [stdout] 564 | |             Err(Error(("", ErrorKind::TakeWhile1)))
[INFO] [stdout] 565 | |         );
[INFO] [stdout]     | |__________^ expected struct `nom::error::Error`, found tuple
[INFO] [stdout]     |
[INFO] [stdout]     = note: expected enum `Result<(&str, &str), nom::Err<nom::error::Error<&str>>>`
[INFO] [stdout]                found enum `Result<_, nom::Err<(&str, nom::error::ErrorKind)>>`
[INFO] [stdout]     = note: this error originates in the macro `assert_eq` (in Nightly builds, run with -Z macro-backtrace for more info)
[INFO] [stdout] 
[INFO] [stdout] 
[INFO] [stdout] error[E0308]: mismatched types
[INFO] [stdout]    --> src/parser.rs:588:9
[INFO] [stdout]     |
[INFO] [stdout] 588 | /         assert_eq!(
[INFO] [stdout] 589 | |             parse_ordered_list_element(""),
[INFO] [stdout] 590 | |             Err(Error(("", ErrorKind::TakeWhile1)))
[INFO] [stdout] 591 | |         );
[INFO] [stdout]     | |__________^ expected struct `nom::error::Error`, found tuple
[INFO] [stdout]     |
[INFO] [stdout]     = note: expected enum `Result<(&str, Vec<MarkdownInline>), nom::Err<nom::error::Error<&str>>>`
[INFO] [stdout]                found enum `Result<_, nom::Err<(&str, nom::error::ErrorKind)>>`
[INFO] [stdout]     = note: this error originates in the macro `assert_eq` (in Nightly builds, run with -Z macro-backtrace for more info)
[INFO] [stdout] 
[INFO] [stdout] 
[INFO] [stdout] error[E0308]: mismatched types
[INFO] [stdout]    --> src/parser.rs:592:9
[INFO] [stdout]     |
[INFO] [stdout] 592 | /         assert_eq!(
[INFO] [stdout] 593 | |             parse_ordered_list_element(""),
[INFO] [stdout] 594 | |             Err(Error(("", ErrorKind::TakeWhile1)))
[INFO] [stdout] 595 | |         );
[INFO] [stdout]     | |__________^ expected struct `nom::error::Error`, found tuple
[INFO] [stdout]     |
[INFO] [stdout]     = note: expected enum `Result<(&str, Vec<MarkdownInline>), nom::Err<nom::error::Error<&str>>>`
[INFO] [stdout]                found enum `Result<_, nom::Err<(&str, nom::error::ErrorKind)>>`
[INFO] [stdout]     = note: this error originates in the macro `assert_eq` (in Nightly builds, run with -Z macro-backtrace for more info)
[INFO] [stdout] 
[INFO] [stdout] 
[INFO] [stdout] error[E0308]: mismatched types
[INFO] [stdout]    --> src/parser.rs:597:9
[INFO] [stdout]     |
[INFO] [stdout] 597 | /         assert_eq!(
[INFO] [stdout] 598 | |             parse_ordered_list_element("1. test"),
[INFO] [stdout] 599 | |             Err(Error(("", ErrorKind::Tag)))
[INFO] [stdout] 600 | |         );
[INFO] [stdout]     | |__________^ expected struct `nom::error::Error`, found tuple
[INFO] [stdout]     |
[INFO] [stdout]     = note: expected enum `Result<(&str, Vec<MarkdownInline>), nom::Err<nom::error::Error<&str>>>`
[INFO] [stdout]                found enum `Result<_, nom::Err<(&str, nom::error::ErrorKind)>>`
[INFO] [stdout]     = note: this error originates in the macro `assert_eq` (in Nightly builds, run with -Z macro-backtrace for more info)
[INFO] [stdout] 
[INFO] [stdout] 
[INFO] [stdout] error[E0308]: mismatched types
[INFO] [stdout]    --> src/parser.rs:601:9
[INFO] [stdout]     |
[INFO] [stdout] 601 | /         assert_eq!(
[INFO] [stdout] 602 | |             parse_ordered_list_element("1. "),
[INFO] [stdout] 603 | |             Err(Error(("", ErrorKind::Tag)))
[INFO] [stdout] 604 | |         );
[INFO] [stdout]     | |__________^ expected struct `nom::error::Error`, found tuple
[INFO] [stdout]     |
[INFO] [stdout]     = note: expected enum `Result<(&str, Vec<MarkdownInline>), nom::Err<nom::error::Error<&str>>>`
[INFO] [stdout]                found enum `Result<_, nom::Err<(&str, nom::error::ErrorKind)>>`
[INFO] [stdout]     = note: this error originates in the macro `assert_eq` (in Nightly builds, run with -Z macro-backtrace for more info)
[INFO] [stdout] 
[INFO] [stdout] 
[INFO] [stdout] error[E0308]: mismatched types
[INFO] [stdout]    --> src/parser.rs:605:9
[INFO] [stdout]     |
[INFO] [stdout] 605 | /         assert_eq!(
[INFO] [stdout] 606 | |             parse_ordered_list_element("1."),
[INFO] [stdout] 607 | |             Err(Error(("", ErrorKind::Tag)))
[INFO] [stdout] 608 | |         );
[INFO] [stdout]     | |__________^ expected struct `nom::error::Error`, found tuple
[INFO] [stdout]     |
[INFO] [stdout]     = note: expected enum `Result<(&str, Vec<MarkdownInline>), nom::Err<nom::error::Error<&str>>>`
[INFO] [stdout]                found enum `Result<_, nom::Err<(&str, nom::error::ErrorKind)>>`
[INFO] [stdout]     = note: this error originates in the macro `assert_eq` (in Nightly builds, run with -Z macro-backtrace for more info)
[INFO] [stdout] 
[INFO] [stdout] 
[INFO] [stdout] error[E0308]: mismatched types
[INFO] [stdout]    --> src/parser.rs:622:9
[INFO] [stdout]     |
[INFO] [stdout] 622 | /         assert_eq!(
[INFO] [stdout] 623 | |             parse_ordered_list("1. test"),
[INFO] [stdout] 624 | |             Err(Error(("", ErrorKind::Tag)))
[INFO] [stdout] 625 | |         );
[INFO] [stdout]     | |__________^ expected struct `nom::error::Error`, found tuple
[INFO] [stdout]     |
[INFO] [stdout]     = note: expected enum `Result<(&str, Vec<Vec<MarkdownInline>>), nom::Err<nom::error::Error<&str>>>`
[INFO] [stdout]                found enum `Result<_, nom::Err<(&str, nom::error::ErrorKind)>>`
[INFO] [stdout]     = note: this error originates in the macro `assert_eq` (in Nightly builds, run with -Z macro-backtrace for more info)
[INFO] [stdout] 
[INFO] [stdout] 
[INFO] [stdout] error: aborting due to 61 previous errors
[INFO] [stdout] 
[INFO] [stdout] 
[INFO] [stdout] For more information about this error, try `rustc --explain E0308`.
[INFO] [stdout] 
[INFO] [stderr] error: could not compile `markdown-to-html` due to 62 previous errors
[INFO] running `Command { std: "docker" "inspect" "a1ebfd3d661d806e253cd0f1a1df0856389be8d83f6727770ab5b32d4b692b91", kill_on_drop: false }`
[INFO] running `Command { std: "docker" "rm" "-f" "a1ebfd3d661d806e253cd0f1a1df0856389be8d83f6727770ab5b32d4b692b91", kill_on_drop: false }`
[INFO] [stdout] a1ebfd3d661d806e253cd0f1a1df0856389be8d83f6727770ab5b32d4b692b91
