[INFO] fetching crate maidsafe_types 0.2.3...
[INFO] checking maidsafe_types-0.2.3 against 1.55.0 for beta-1.56-3
[INFO] extracting crate maidsafe_types 0.2.3 into /workspace/builds/worker-94/source
[INFO] validating manifest of crates.io crate maidsafe_types 0.2.3 on toolchain 1.55.0
[INFO] running `Command { std: "/workspace/cargo-home/bin/cargo" "+1.55.0" "metadata" "--manifest-path" "Cargo.toml" "--no-deps", kill_on_drop: false }`
[INFO] started tweaking crates.io crate maidsafe_types 0.2.3
[INFO] finished tweaking crates.io crate maidsafe_types 0.2.3
[INFO] tweaked toml for crates.io crate maidsafe_types 0.2.3 written to /workspace/builds/worker-94/source/Cargo.toml
[INFO] running `Command { std: "/workspace/cargo-home/bin/cargo" "+1.55.0" "generate-lockfile" "--manifest-path" "Cargo.toml" "-Zno-index-update", kill_on_drop: false }`
[INFO] [stderr]     Blocking waiting for file lock on package cache
[INFO] running `Command { std: "/workspace/cargo-home/bin/cargo" "+1.55.0" "fetch" "--manifest-path" "Cargo.toml", kill_on_drop: false }`
[INFO] [stderr]     Blocking waiting for file lock on package cache
[INFO] [stderr]     Blocking waiting for file lock on package cache
[INFO] running `Command { std: "docker" "create" "-v" "/var/lib/crater-agent-workspace/builds/worker-94/target:/opt/rustwide/target:rw,Z" "-v" "/var/lib/crater-agent-workspace/builds/worker-94/source:/opt/rustwide/workdir:ro,Z" "-v" "/var/lib/crater-agent-workspace/cargo-home:/opt/rustwide/cargo-home:ro,Z" "-v" "/var/lib/crater-agent-workspace/rustup-home:/opt/rustwide/rustup-home:ro,Z" "-e" "SOURCE_DIR=/opt/rustwide/workdir" "-e" "CARGO_TARGET_DIR=/opt/rustwide/target" "-e" "CARGO_HOME=/opt/rustwide/cargo-home" "-e" "RUSTUP_HOME=/opt/rustwide/rustup-home" "-w" "/opt/rustwide/workdir" "-m" "1610612736" "--user" "0:0" "--network" "none" "ghcr.io/rust-lang/crates-build-env/linux@sha256:a89201d6b5b9fd45c15d5952ece0a0129e7e80cb26ec023fd59cf09bc26f1604" "/opt/rustwide/cargo-home/bin/cargo" "+1.55.0" "metadata" "--no-deps" "--format-version=1", kill_on_drop: false }`
[INFO] [stdout] efb869d2bd4346c838f5ae5f0414484911ba2d1912184909a8ab467c61a5f7b9
[INFO] running `Command { std: "docker" "start" "-a" "efb869d2bd4346c838f5ae5f0414484911ba2d1912184909a8ab467c61a5f7b9", kill_on_drop: false }`
[INFO] running `Command { std: "docker" "inspect" "efb869d2bd4346c838f5ae5f0414484911ba2d1912184909a8ab467c61a5f7b9", kill_on_drop: false }`
[INFO] running `Command { std: "docker" "rm" "-f" "efb869d2bd4346c838f5ae5f0414484911ba2d1912184909a8ab467c61a5f7b9", kill_on_drop: false }`
[INFO] [stdout] efb869d2bd4346c838f5ae5f0414484911ba2d1912184909a8ab467c61a5f7b9
[INFO] running `Command { std: "docker" "create" "-v" "/var/lib/crater-agent-workspace/builds/worker-94/target:/opt/rustwide/target:rw,Z" "-v" "/var/lib/crater-agent-workspace/builds/worker-94/source:/opt/rustwide/workdir:ro,Z" "-v" "/var/lib/crater-agent-workspace/cargo-home:/opt/rustwide/cargo-home:ro,Z" "-v" "/var/lib/crater-agent-workspace/rustup-home:/opt/rustwide/rustup-home:ro,Z" "-e" "SOURCE_DIR=/opt/rustwide/workdir" "-e" "CARGO_TARGET_DIR=/opt/rustwide/target" "-e" "CARGO_INCREMENTAL=0" "-e" "RUST_BACKTRACE=full" "-e" "RUSTFLAGS=--cap-lints=warn" "-e" "CARGO_HOME=/opt/rustwide/cargo-home" "-e" "RUSTUP_HOME=/opt/rustwide/rustup-home" "-w" "/opt/rustwide/workdir" "-m" "1610612736" "--user" "0:0" "--network" "none" "ghcr.io/rust-lang/crates-build-env/linux@sha256:a89201d6b5b9fd45c15d5952ece0a0129e7e80cb26ec023fd59cf09bc26f1604" "/opt/rustwide/cargo-home/bin/cargo" "+1.55.0" "check" "--frozen" "--all" "--all-targets" "--message-format=json", kill_on_drop: false }`
[INFO] [stdout] d04e33c4fe00ec7814a77a3f2c5f7012da19aa55db4fe7acba6af5ffd703a101
[INFO] running `Command { std: "docker" "start" "-a" "d04e33c4fe00ec7814a77a3f2c5f7012da19aa55db4fe7acba6af5ffd703a101", kill_on_drop: false }`
[INFO] [stderr]    Compiling libc v0.2.103
[INFO] [stderr]     Checking cfg-if v1.0.0
[INFO] [stderr]    Compiling proc-macro2 v1.0.30
[INFO] [stderr]    Compiling winapi-build v0.1.1
[INFO] [stderr]    Compiling unicode-xid v0.2.2
[INFO] [stderr]    Compiling syn v1.0.80
[INFO] [stderr]     Checking winapi v0.2.8
[INFO] [stderr]    Compiling serde_derive v1.0.130
[INFO] [stderr]    Compiling autocfg v1.0.1
[INFO] [stderr]    Compiling log v0.4.14
[INFO] [stderr]    Compiling same-file v1.0.6
[INFO] [stderr]    Compiling serde v1.0.130
[INFO] [stderr]     Checking regex-syntax v0.3.9
[INFO] [stderr]    Compiling pkg-config v0.3.20
[INFO] [stderr]    Compiling cc v1.0.71
[INFO] [stderr]     Checking ppv-lite86 v0.2.14
[INFO] [stderr]     Checking utf8-ranges v0.1.3
[INFO] [stderr]     Checking regex-syntax v0.6.25
[INFO] [stderr]     Checking either v1.6.1
[INFO] [stderr]     Checking signature v1.3.1
[INFO] [stderr]     Checking rustc-serialize v0.3.24
[INFO] [stderr]     Checking byteorder v0.5.3
[INFO] [stderr]     Checking strsim v0.10.0
[INFO] [stderr]     Checking lazy_static v1.4.0
[INFO] [stderr]     Checking time v0.3.3
[INFO] [stderr]    Compiling walkdir v2.3.2
[INFO] [stderr]     Checking ed25519 v1.2.0
[INFO] [stderr]    Compiling kernel32-sys v0.2.2
[INFO] [stderr]     Checking itertools v0.10.1
[INFO] [stderr]    Compiling num-traits v0.2.14
[INFO] [stderr]     Checking log v0.3.9
[INFO] [stderr]    Compiling quote v1.0.10
[INFO] [stderr]     Checking getrandom v0.2.3
[INFO] [stderr]     Checking memchr v0.1.11
[INFO] [stderr]     Checking thread-id v2.0.0
[INFO] [stderr]     Checking time v0.1.44
[INFO] [stderr]     Checking dirs-sys-next v0.1.2
[INFO] [stderr]     Checking rand v0.4.6
[INFO] [stderr]     Checking num_cpus v0.2.13
[INFO] [stderr]     Checking asynchronous v0.4.5
[INFO] [stderr]     Checking aho-corasick v0.5.3
[INFO] [stderr]    Compiling libsodium-sys v0.2.7
[INFO] [stderr]     Checking thread_local v0.2.7
[INFO] [stderr]     Checking dirs-next v2.0.0
[INFO] [stderr]     Checking rand_core v0.6.3
[INFO] [stderr]     Checking term v0.7.0
[INFO] [stderr]     Checking lru_time_cache v0.2.7
[INFO] [stderr]     Checking message_filter v0.1.5
[INFO] [stderr]     Checking regex v0.1.80
[INFO] [stderr]     Checking rand_chacha v0.3.1
[INFO] [stderr]     Checking cbor v0.4.1
[INFO] [stderr]     Checking rand v0.3.23
[INFO] [stderr]     Checking rand v0.8.4
[INFO] [stderr]     Checking num-traits v0.1.43
[INFO] [stderr]     Checking regex v1.5.4
[INFO] [stderr]     Checking env_logger v0.3.5
[INFO] [stderr]     Checking accumulator v0.0.4
[INFO] [stderr]     Checking utp v0.7.0
[INFO] [stdout] error[E0599]: no method named `check` found for struct `LruCache` in the current scope
[INFO] [stdout]   --> /opt/rustwide/cargo-home/registry/src/github.com-1ecc6299db9ec823/accumulator-0.0.4/src/lib.rs:64:22
[INFO] [stdout]    |
[INFO] [stdout] 64 |         self.storage.check(name)
[INFO] [stdout]    |                      ^^^^^ method not found in `LruCache<K, Entry<V>>`
[INFO] [stdout] 
[INFO] [stdout] 
[INFO] [stdout] error[E0599]: no method named `add` found for struct `LruCache` in the current scope
[INFO] [stdout]   --> /opt/rustwide/cargo-home/registry/src/github.com-1ecc6299db9ec823/accumulator-0.0.4/src/lib.rs:82:26
[INFO] [stdout]    |
[INFO] [stdout] 82 |             self.storage.add(name.clone(), entry_in.clone());
[INFO] [stdout]    |                          ^^^ method not found in `LruCache<K, Entry<V>>`
[INFO] [stdout] 
[INFO] [stdout] 
[INFO] [stdout] error[E0599]: no method named `add` found for struct `LruCache` in the current scope
[INFO] [stdout]   --> /opt/rustwide/cargo-home/registry/src/github.com-1ecc6299db9ec823/accumulator-0.0.4/src/lib.rs:90:26
[INFO] [stdout]    |
[INFO] [stdout] 90 |             self.storage.add(name.clone(), tmp.clone());
[INFO] [stdout]    |                          ^^^ method not found in `LruCache<K, Entry<V>>`
[INFO] [stdout] 
[INFO] [stdout] 
[INFO] [stdout] error: aborting due to 3 previous errors
[INFO] [stdout] 
[INFO] [stdout] 
[INFO] [stdout] For more information about this error, try `rustc --explain E0599`.
[INFO] [stdout] 
[INFO] [stderr] error: could not compile `accumulator` due to 4 previous errors
[INFO] [stderr] warning: build failed, waiting for other jobs to finish...
[INFO] [stderr] error: build failed
[INFO] running `Command { std: "docker" "inspect" "d04e33c4fe00ec7814a77a3f2c5f7012da19aa55db4fe7acba6af5ffd703a101", kill_on_drop: false }`
[INFO] running `Command { std: "docker" "rm" "-f" "d04e33c4fe00ec7814a77a3f2c5f7012da19aa55db4fe7acba6af5ffd703a101", kill_on_drop: false }`
[INFO] [stdout] d04e33c4fe00ec7814a77a3f2c5f7012da19aa55db4fe7acba6af5ffd703a101
