[INFO] fetching crate macroquad 0.3.10...
[INFO] checking macroquad-0.3.10 against beta-2021-10-15 for beta-1.56-3
[INFO] extracting crate macroquad 0.3.10 into /workspace/builds/worker-11/source
[INFO] validating manifest of crates.io crate macroquad 0.3.10 on toolchain beta-2021-10-15
[INFO] running `Command { std: "/workspace/cargo-home/bin/cargo" "+beta-2021-10-15" "metadata" "--manifest-path" "Cargo.toml" "--no-deps", kill_on_drop: false }`
[INFO] started tweaking crates.io crate macroquad 0.3.10
[INFO] finished tweaking crates.io crate macroquad 0.3.10
[INFO] tweaked toml for crates.io crate macroquad 0.3.10 written to /workspace/builds/worker-11/source/Cargo.toml
[INFO] crate crates.io crate macroquad 0.3.10 already has a lockfile, it will not be regenerated
[INFO] running `Command { std: "/workspace/cargo-home/bin/cargo" "+beta-2021-10-15" "fetch" "--manifest-path" "Cargo.toml", kill_on_drop: false }`
[INFO] [stderr]  Downloading crates ...
[INFO] [stderr]   Downloaded quad-snd v0.2.0
[INFO] running `Command { std: "docker" "create" "-v" "/var/lib/crater-agent-workspace/builds/worker-11/target:/opt/rustwide/target:rw,Z" "-v" "/var/lib/crater-agent-workspace/builds/worker-11/source:/opt/rustwide/workdir:ro,Z" "-v" "/var/lib/crater-agent-workspace/cargo-home:/opt/rustwide/cargo-home:ro,Z" "-v" "/var/lib/crater-agent-workspace/rustup-home:/opt/rustwide/rustup-home:ro,Z" "-e" "SOURCE_DIR=/opt/rustwide/workdir" "-e" "CARGO_TARGET_DIR=/opt/rustwide/target" "-e" "CARGO_HOME=/opt/rustwide/cargo-home" "-e" "RUSTUP_HOME=/opt/rustwide/rustup-home" "-w" "/opt/rustwide/workdir" "-m" "1610612736" "--user" "0:0" "--network" "none" "ghcr.io/rust-lang/crates-build-env/linux@sha256:a89201d6b5b9fd45c15d5952ece0a0129e7e80cb26ec023fd59cf09bc26f1604" "/opt/rustwide/cargo-home/bin/cargo" "+beta-2021-10-15" "metadata" "--no-deps" "--format-version=1", kill_on_drop: false }`
[INFO] [stdout] fff471d8f8683387839f64385a3d360536fa6ca875316d8c6bb7137a36fdfe69
[INFO] [stderr] WARNING: Your kernel does not support swap limit capabilities or the cgroup is not mounted. Memory limited without swap.
[INFO] running `Command { std: "docker" "start" "-a" "fff471d8f8683387839f64385a3d360536fa6ca875316d8c6bb7137a36fdfe69", kill_on_drop: false }`
[INFO] running `Command { std: "docker" "inspect" "fff471d8f8683387839f64385a3d360536fa6ca875316d8c6bb7137a36fdfe69", kill_on_drop: false }`
[INFO] running `Command { std: "docker" "rm" "-f" "fff471d8f8683387839f64385a3d360536fa6ca875316d8c6bb7137a36fdfe69", kill_on_drop: false }`
[INFO] [stdout] fff471d8f8683387839f64385a3d360536fa6ca875316d8c6bb7137a36fdfe69
[INFO] running `Command { std: "docker" "create" "-v" "/var/lib/crater-agent-workspace/builds/worker-11/target:/opt/rustwide/target:rw,Z" "-v" "/var/lib/crater-agent-workspace/builds/worker-11/source:/opt/rustwide/workdir:ro,Z" "-v" "/var/lib/crater-agent-workspace/cargo-home:/opt/rustwide/cargo-home:ro,Z" "-v" "/var/lib/crater-agent-workspace/rustup-home:/opt/rustwide/rustup-home:ro,Z" "-e" "SOURCE_DIR=/opt/rustwide/workdir" "-e" "CARGO_TARGET_DIR=/opt/rustwide/target" "-e" "CARGO_INCREMENTAL=0" "-e" "RUST_BACKTRACE=full" "-e" "RUSTFLAGS=--cap-lints=warn" "-e" "CARGO_HOME=/opt/rustwide/cargo-home" "-e" "RUSTUP_HOME=/opt/rustwide/rustup-home" "-w" "/opt/rustwide/workdir" "-m" "1610612736" "--user" "0:0" "--network" "none" "ghcr.io/rust-lang/crates-build-env/linux@sha256:a89201d6b5b9fd45c15d5952ece0a0129e7e80cb26ec023fd59cf09bc26f1604" "/opt/rustwide/cargo-home/bin/cargo" "+beta-2021-10-15" "check" "--frozen" "--all" "--all-targets" "--message-format=json", kill_on_drop: false }`
[INFO] [stdout] 4b3e4738c3cc6e828d569c8d86f4af52e97c3923025972bc4401669c7db6f253
[INFO] [stderr] WARNING: Your kernel does not support swap limit capabilities or the cgroup is not mounted. Memory limited without swap.
[INFO] running `Command { std: "docker" "start" "-a" "4b3e4738c3cc6e828d569c8d86f4af52e97c3923025972bc4401669c7db6f253", kill_on_drop: false }`
[INFO] [stderr]    Compiling autocfg v1.0.1
[INFO] [stderr]     Checking byteorder v1.4.3
[INFO] [stderr]    Compiling maybe-uninit v2.0.0
[INFO] [stderr]    Compiling libc v0.2.98
[INFO] [stderr]    Compiling bitflags v1.2.1
[INFO] [stderr]    Compiling quad-alsa-sys v0.3.2
[INFO] [stderr]    Compiling crc32fast v1.2.1
[INFO] [stderr]     Checking adler32 v1.2.0
[INFO] [stderr]    Compiling sapp-linux v0.1.13
[INFO] [stderr]     Checking cfg-if v1.0.0
[INFO] [stderr]     Checking dasp_sample v0.11.0
[INFO] [stderr]    Compiling quad-snd v0.2.0
[INFO] [stderr]     Checking hound v3.4.0
[INFO] [stderr]     Checking ahash v0.4.7
[INFO] [stderr]     Checking bytemuck v1.7.2
[INFO] [stderr]     Checking ttf-parser v0.12.3
[INFO] [stderr]     Checking color_quant v1.1.0
[INFO] [stderr]     Checking bumpalo v3.7.0
[INFO] [stderr]     Checking glam v0.14.0
[INFO] [stderr]    Compiling macroquad_macro v0.1.7
[INFO] [stderr]     Checking quad-rand v0.2.1
[INFO] [stderr]     Checking hashbrown v0.9.1
[INFO] [stderr]     Checking miniz_oxide v0.3.7
[INFO] [stderr]     Checking ogg v0.7.1
[INFO] [stderr]     Checking deflate v0.8.6
[INFO] [stderr]     Checking dasp_frame v0.11.0
[INFO] [stderr]     Checking fontdue v0.5.2
[INFO] [stderr]     Checking png v0.16.8
[INFO] [stderr]     Checking smallvec v0.6.14
[INFO] [stderr]    Compiling num-traits v0.2.14
[INFO] [stderr]    Compiling num-integer v0.1.44
[INFO] [stderr]    Compiling num-rational v0.3.2
[INFO] [stderr]    Compiling num-iter v0.1.42
[INFO] [stderr]     Checking lewton v0.9.4
[INFO] [stderr]     Checking audrey v0.3.0
[INFO] [stderr]     Checking miniquad v0.3.0-alpha.37
[INFO] [stderr]     Checking image v0.23.14
[INFO] [stderr]     Checking macroquad v0.3.10 (/opt/rustwide/workdir)
[INFO] [stdout] error[E0432]: unresolved imports `macroquad_particles`, `macroquad_particles`
[INFO] [stdout]  --> examples/particles_example.rs:2:5
[INFO] [stdout]   |
[INFO] [stdout] 2 | use macroquad_particles::{self as particles, AtlasConfig, BlendMode, Emitter, EmitterConfig};
[INFO] [stdout]   |     ^^^^^^^^^^^^^^^^^^^   ^^^^^^^^^^^^^^^^^ no external crate `macroquad_particles`
[INFO] [stdout]   |     |
[INFO] [stdout]   |     use of undeclared crate or module `macroquad_particles`
[INFO] [stdout] 
[INFO] [stdout] 
[INFO] [stdout] error[E0432]: unresolved import `macroquad_platformer`
[INFO] [stdout]  --> examples/platformer.rs:5:5
[INFO] [stdout]   |
[INFO] [stdout] 5 | use macroquad_platformer::*;
[INFO] [stdout]   |     ^^^^^^^^^^^^^^^^^^^^ use of undeclared crate or module `macroquad_platformer`
[INFO] [stdout] 
[INFO] [stdout] 
[INFO] [stdout] error[E0432]: unresolved import `macroquad_tiled`
[INFO] [stdout]  --> examples/platformer.rs:3:5
[INFO] [stdout]   |
[INFO] [stdout] 3 | use macroquad_tiled as tiled;
[INFO] [stdout]   |     ^^^^^^^^^^^^^^^^^^^^^^^^ no external crate `macroquad_tiled`
[INFO] [stdout] 
[INFO] [stdout] 
[INFO] [stdout] error: aborting due to previous error
[INFO] [stdout] 
[INFO] [stdout] 
[INFO] [stdout] For more information about this error, try `rustc --explain E0432`.
[INFO] [stdout] 
[INFO] [stderr] error: could not compile `macroquad` due to 2 previous errors
[INFO] [stderr] warning: build failed, waiting for other jobs to finish...
[INFO] [stdout] error[E0433]: failed to resolve: use of undeclared type `Tile`
[INFO] [stdout]   --> examples/platformer.rs:28:13
[INFO] [stdout]    |
[INFO] [stdout] 28 |             Tile::Solid
[INFO] [stdout]    |             ^^^^ use of undeclared type `Tile`
[INFO] [stdout] 
[INFO] [stdout] 
[INFO] [stdout] error[E0433]: failed to resolve: use of undeclared type `Tile`
[INFO] [stdout]   --> examples/platformer.rs:30:13
[INFO] [stdout]    |
[INFO] [stdout] 30 |             Tile::Empty
[INFO] [stdout]    |             ^^^^ use of undeclared type `Tile`
[INFO] [stdout] 
[INFO] [stdout] 
[INFO] [stdout] error[E0433]: failed to resolve: use of undeclared type `World`
[INFO] [stdout]   --> examples/platformer.rs:34:21
[INFO] [stdout]    |
[INFO] [stdout] 34 |     let mut world = World::new();
[INFO] [stdout]    |                     ^^^^^ use of undeclared type `World`
[INFO] [stdout] 
[INFO] [stdout] 
[INFO] [stdout] error[E0412]: cannot find type `Actor` in this scope
[INFO] [stdout]  --> examples/platformer.rs:8:15
[INFO] [stdout]   |
[INFO] [stdout] 8 |     collider: Actor,
[INFO] [stdout]   |               ^^^^^ not found in this scope
[INFO] [stdout] 
[INFO] [stdout] 
[INFO] [stdout] error[E0412]: cannot find type `Solid` in this scope
[INFO] [stdout]   --> examples/platformer.rs:13:15
[INFO] [stdout]    |
[INFO] [stdout] 13 |     collider: Solid,
[INFO] [stdout]    |               ^^^^^ not found in this scope
[INFO] [stdout] 
[INFO] [stdout] 
[INFO] [stdout] error: aborting due to 7 previous errors
[INFO] [stdout] 
[INFO] [stdout] 
[INFO] [stdout] Some errors have detailed explanations: E0412, E0432, E0433.
[INFO] [stdout] 
[INFO] [stdout] For more information about an error, try `rustc --explain E0412`.
[INFO] [stdout] 
[INFO] [stdout] error[E0432]: unresolved import `macroquad_particles`
[INFO] [stdout]  --> examples/particles_single_emitter.rs:3:5
[INFO] [stdout]   |
[INFO] [stdout] 3 | use macroquad_particles::{BlendMode, Curve, Emitter, EmitterConfig};
[INFO] [stdout]   |     ^^^^^^^^^^^^^^^^^^^ use of undeclared crate or module `macroquad_particles`
[INFO] [stdout] 
[INFO] [stdout] 
[INFO] [stdout] error: aborting due to previous error
[INFO] [stdout] 
[INFO] [stdout] 
[INFO] [stdout] For more information about this error, try `rustc --explain E0432`.
[INFO] [stdout] 
[INFO] [stderr] error: build failed
[INFO] running `Command { std: "docker" "inspect" "4b3e4738c3cc6e828d569c8d86f4af52e97c3923025972bc4401669c7db6f253", kill_on_drop: false }`
[INFO] running `Command { std: "docker" "rm" "-f" "4b3e4738c3cc6e828d569c8d86f4af52e97c3923025972bc4401669c7db6f253", kill_on_drop: false }`
[INFO] [stdout] 4b3e4738c3cc6e828d569c8d86f4af52e97c3923025972bc4401669c7db6f253
