[INFO] fetching crate macroquad-particles 0.1.1...
[INFO] checking macroquad-particles-0.1.1 against beta-2021-10-15 for beta-1.56-3
[INFO] extracting crate macroquad-particles 0.1.1 into /workspace/builds/worker-6/source
[INFO] validating manifest of crates.io crate macroquad-particles 0.1.1 on toolchain beta-2021-10-15
[INFO] running `Command { std: "/workspace/cargo-home/bin/cargo" "+beta-2021-10-15" "metadata" "--manifest-path" "Cargo.toml" "--no-deps", kill_on_drop: false }`
[INFO] started tweaking crates.io crate macroquad-particles 0.1.1
[INFO] finished tweaking crates.io crate macroquad-particles 0.1.1
[INFO] tweaked toml for crates.io crate macroquad-particles 0.1.1 written to /workspace/builds/worker-6/source/Cargo.toml
[INFO] crate crates.io crate macroquad-particles 0.1.1 already has a lockfile, it will not be regenerated
[INFO] running `Command { std: "/workspace/cargo-home/bin/cargo" "+beta-2021-10-15" "fetch" "--manifest-path" "Cargo.toml", kill_on_drop: false }`
[INFO] [stderr]  Downloading crates ...
[INFO] [stderr]   Downloaded sapp-wasm v0.1.23
[INFO] [stderr]   Downloaded nanoserde-derive v0.1.13
[INFO] [stderr]   Downloaded nanoserde v0.1.21
[INFO] [stderr]   Downloaded miniquad v0.3.0-alpha.29
[INFO] [stderr]   Downloaded macroquad v0.3.0
[INFO] running `Command { std: "docker" "create" "-v" "/var/lib/crater-agent-workspace/builds/worker-6/target:/opt/rustwide/target:rw,Z" "-v" "/var/lib/crater-agent-workspace/builds/worker-6/source:/opt/rustwide/workdir:ro,Z" "-v" "/var/lib/crater-agent-workspace/cargo-home:/opt/rustwide/cargo-home:ro,Z" "-v" "/var/lib/crater-agent-workspace/rustup-home:/opt/rustwide/rustup-home:ro,Z" "-e" "SOURCE_DIR=/opt/rustwide/workdir" "-e" "CARGO_TARGET_DIR=/opt/rustwide/target" "-e" "CARGO_HOME=/opt/rustwide/cargo-home" "-e" "RUSTUP_HOME=/opt/rustwide/rustup-home" "-w" "/opt/rustwide/workdir" "-m" "1610612736" "--user" "0:0" "--network" "none" "ghcr.io/rust-lang/crates-build-env/linux@sha256:a89201d6b5b9fd45c15d5952ece0a0129e7e80cb26ec023fd59cf09bc26f1604" "/opt/rustwide/cargo-home/bin/cargo" "+beta-2021-10-15" "metadata" "--no-deps" "--format-version=1", kill_on_drop: false }`
[INFO] [stdout] 31fbf1a7741dbf200c71e999897e31b4c58e2f2232632584b6e6212819528b61
[INFO] [stderr] WARNING: Your kernel does not support swap limit capabilities or the cgroup is not mounted. Memory limited without swap.
[INFO] running `Command { std: "docker" "start" "-a" "31fbf1a7741dbf200c71e999897e31b4c58e2f2232632584b6e6212819528b61", kill_on_drop: false }`
[INFO] running `Command { std: "docker" "inspect" "31fbf1a7741dbf200c71e999897e31b4c58e2f2232632584b6e6212819528b61", kill_on_drop: false }`
[INFO] running `Command { std: "docker" "rm" "-f" "31fbf1a7741dbf200c71e999897e31b4c58e2f2232632584b6e6212819528b61", kill_on_drop: false }`
[INFO] [stdout] 31fbf1a7741dbf200c71e999897e31b4c58e2f2232632584b6e6212819528b61
[INFO] running `Command { std: "docker" "create" "-v" "/var/lib/crater-agent-workspace/builds/worker-6/target:/opt/rustwide/target:rw,Z" "-v" "/var/lib/crater-agent-workspace/builds/worker-6/source:/opt/rustwide/workdir:ro,Z" "-v" "/var/lib/crater-agent-workspace/cargo-home:/opt/rustwide/cargo-home:ro,Z" "-v" "/var/lib/crater-agent-workspace/rustup-home:/opt/rustwide/rustup-home:ro,Z" "-e" "SOURCE_DIR=/opt/rustwide/workdir" "-e" "CARGO_TARGET_DIR=/opt/rustwide/target" "-e" "CARGO_INCREMENTAL=0" "-e" "RUST_BACKTRACE=full" "-e" "RUSTFLAGS=--cap-lints=warn" "-e" "CARGO_HOME=/opt/rustwide/cargo-home" "-e" "RUSTUP_HOME=/opt/rustwide/rustup-home" "-w" "/opt/rustwide/workdir" "-m" "1610612736" "--user" "0:0" "--network" "none" "ghcr.io/rust-lang/crates-build-env/linux@sha256:a89201d6b5b9fd45c15d5952ece0a0129e7e80cb26ec023fd59cf09bc26f1604" "/opt/rustwide/cargo-home/bin/cargo" "+beta-2021-10-15" "check" "--frozen" "--all" "--all-targets" "--message-format=json", kill_on_drop: false }`
[INFO] [stdout] 1f175226575d886a59393dd558fa5488d9d29bec71bb87b17f2ab23b1bbeaedd
[INFO] [stderr] WARNING: Your kernel does not support swap limit capabilities or the cgroup is not mounted. Memory limited without swap.
[INFO] running `Command { std: "docker" "start" "-a" "1f175226575d886a59393dd558fa5488d9d29bec71bb87b17f2ab23b1bbeaedd", kill_on_drop: false }`
[INFO] [stderr]    Compiling libc v0.2.93
[INFO] [stderr]    Compiling syn v1.0.69
[INFO] [stderr]    Compiling sapp-linux v0.1.12
[INFO] [stderr]    Compiling cpal v0.13.3
[INFO] [stderr]     Checking bytemuck v1.5.1
[INFO] [stderr]     Checking ttf-parser v0.8.2
[INFO] [stderr]     Checking glam v0.14.0
[INFO] [stderr]    Compiling macroquad_macro v0.1.2
[INFO] [stderr]     Checking quad-rand v0.2.1
[INFO] [stderr]     Checking bumpalo v3.6.1
[INFO] [stderr]    Compiling num-integer v0.1.43
[INFO] [stderr]     Checking lock_api v0.4.3
[INFO] [stderr]     Checking ogg v0.8.0
[INFO] [stderr]     Checking png v0.16.8
[INFO] [stderr]     Checking lewton v0.10.2
[INFO] [stderr]     Checking num-rational v0.3.2
[INFO] [stderr]     Checking num-iter v0.1.41
[INFO] [stderr]     Checking fontdue v0.4.0
[INFO] [stderr]     Checking image v0.23.14
[INFO] [stderr]     Checking alsa-sys v0.3.1
[INFO] [stderr]     Checking nix v0.20.0
[INFO] [stderr]     Checking parking_lot_core v0.8.3
[INFO] [stderr]     Checking parking_lot v0.11.1
[INFO] [stderr]     Checking miniquad v0.3.0-alpha.29
[INFO] [stderr]     Checking alsa v0.5.0
[INFO] [stderr]    Compiling thiserror-impl v1.0.24
[INFO] [stderr]     Checking thiserror v1.0.24
[INFO] [stderr]     Checking rodio v0.13.1
[INFO] [stderr]     Checking macroquad v0.3.0
[INFO] [stderr]     Checking macroquad-particles v0.1.1 (/opt/rustwide/workdir)
[INFO] [stdout] error[E0308]: mismatched types
[INFO] [stdout]   --> examples/single_emitter.rs:27:20
[INFO] [stdout]    |
[INFO] [stdout] 27 |         set_camera(camera);
[INFO] [stdout]    |                    ^^^^^^
[INFO] [stdout]    |                    |
[INFO] [stdout]    |                    expected reference, found struct `macroquad::camera::Camera2D`
[INFO] [stdout]    |                    help: consider borrowing here: `&camera`
[INFO] [stdout]    |
[INFO] [stdout]    = note: expected reference `&dyn macroquad::camera::Camera`
[INFO] [stdout]                  found struct `macroquad::camera::Camera2D`
[INFO] [stdout] 
[INFO] [stdout] 
[INFO] [stdout] error: aborting due to previous error
[INFO] [stdout] 
[INFO] [stdout] 
[INFO] [stdout] For more information about this error, try `rustc --explain E0308`.
[INFO] [stdout] 
[INFO] [stderr] error: could not compile `macroquad-particles` due to 2 previous errors
[INFO] [stderr] warning: build failed, waiting for other jobs to finish...
[INFO] [stdout] error[E0308]: mismatched types
[INFO] [stdout]   --> examples/particles.rs:51:23
[INFO] [stdout]    |
[INFO] [stdout] 51 |         texture: Some(texture),
[INFO] [stdout]    |                       ^^^^^^^ expected struct `macroquad::texture::Texture2D`, found enum `Result`
[INFO] [stdout]    |
[INFO] [stdout]    = note: expected struct `macroquad::texture::Texture2D`
[INFO] [stdout]                 found enum `Result<macroquad::texture::Texture2D, FileError>`
[INFO] [stdout] 
[INFO] [stdout] 
[INFO] [stdout] error[E0308]: mismatched types
[INFO] [stdout]   --> examples/particles.rs:57:23
[INFO] [stdout]    |
[INFO] [stdout] 57 |         texture: Some(texture),
[INFO] [stdout]    |                       ^^^^^^^ expected struct `macroquad::texture::Texture2D`, found enum `Result`
[INFO] [stdout]    |
[INFO] [stdout]    = note: expected struct `macroquad::texture::Texture2D`
[INFO] [stdout]                 found enum `Result<macroquad::texture::Texture2D, FileError>`
[INFO] [stdout] 
[INFO] [stdout] 
[INFO] [stdout] error[E0308]: mismatched types
[INFO] [stdout]   --> examples/particles.rs:62:23
[INFO] [stdout]    |
[INFO] [stdout] 62 |         texture: Some(texture),
[INFO] [stdout]    |                       ^^^^^^^ expected struct `macroquad::texture::Texture2D`, found enum `Result`
[INFO] [stdout]    |
[INFO] [stdout]    = note: expected struct `macroquad::texture::Texture2D`
[INFO] [stdout]                 found enum `Result<macroquad::texture::Texture2D, FileError>`
[INFO] [stdout] 
[INFO] [stdout] 
[INFO] [stdout] error: aborting due to 3 previous errors
[INFO] [stdout] 
[INFO] [stdout] 
[INFO] [stdout] For more information about this error, try `rustc --explain E0308`.
[INFO] [stdout] 
[INFO] [stderr] error: build failed
[INFO] running `Command { std: "docker" "inspect" "1f175226575d886a59393dd558fa5488d9d29bec71bb87b17f2ab23b1bbeaedd", kill_on_drop: false }`
[INFO] running `Command { std: "docker" "rm" "-f" "1f175226575d886a59393dd558fa5488d9d29bec71bb87b17f2ab23b1bbeaedd", kill_on_drop: false }`
[INFO] [stdout] 1f175226575d886a59393dd558fa5488d9d29bec71bb87b17f2ab23b1bbeaedd
