[INFO] fetching crate macgyver-lock 0.2.0...
[INFO] checking macgyver-lock-0.2.0 against 1.55.0 for beta-1.56-3
[INFO] extracting crate macgyver-lock 0.2.0 into /workspace/builds/worker-4/source
[INFO] validating manifest of crates.io crate macgyver-lock 0.2.0 on toolchain 1.55.0
[INFO] running `Command { std: "/workspace/cargo-home/bin/cargo" "+1.55.0" "metadata" "--manifest-path" "Cargo.toml" "--no-deps", kill_on_drop: false }`
[INFO] started tweaking crates.io crate macgyver-lock 0.2.0
[INFO] finished tweaking crates.io crate macgyver-lock 0.2.0
[INFO] tweaked toml for crates.io crate macgyver-lock 0.2.0 written to /workspace/builds/worker-4/source/Cargo.toml
[INFO] running `Command { std: "/workspace/cargo-home/bin/cargo" "+1.55.0" "generate-lockfile" "--manifest-path" "Cargo.toml" "-Zno-index-update", kill_on_drop: false }`
[INFO] [stderr]     Blocking waiting for file lock on package cache
[INFO] running `Command { std: "/workspace/cargo-home/bin/cargo" "+1.55.0" "fetch" "--manifest-path" "Cargo.toml", kill_on_drop: false }`
[INFO] running `Command { std: "docker" "create" "-v" "/var/lib/crater-agent-workspace/builds/worker-4/target:/opt/rustwide/target:rw,Z" "-v" "/var/lib/crater-agent-workspace/builds/worker-4/source:/opt/rustwide/workdir:ro,Z" "-v" "/var/lib/crater-agent-workspace/cargo-home:/opt/rustwide/cargo-home:ro,Z" "-v" "/var/lib/crater-agent-workspace/rustup-home:/opt/rustwide/rustup-home:ro,Z" "-e" "SOURCE_DIR=/opt/rustwide/workdir" "-e" "CARGO_TARGET_DIR=/opt/rustwide/target" "-e" "CARGO_HOME=/opt/rustwide/cargo-home" "-e" "RUSTUP_HOME=/opt/rustwide/rustup-home" "-w" "/opt/rustwide/workdir" "-m" "1610612736" "--user" "0:0" "--network" "none" "ghcr.io/rust-lang/crates-build-env/linux@sha256:a89201d6b5b9fd45c15d5952ece0a0129e7e80cb26ec023fd59cf09bc26f1604" "/opt/rustwide/cargo-home/bin/cargo" "+1.55.0" "metadata" "--no-deps" "--format-version=1", kill_on_drop: false }`
[INFO] [stdout] 66fe601e7b9c1db3f2871049bdfafabebde8cd48eed85e84be0b72f7d1bf9d01
[INFO] [stderr] WARNING: Your kernel does not support swap limit capabilities or the cgroup is not mounted. Memory limited without swap.
[INFO] running `Command { std: "docker" "start" "-a" "66fe601e7b9c1db3f2871049bdfafabebde8cd48eed85e84be0b72f7d1bf9d01", kill_on_drop: false }`
[INFO] running `Command { std: "docker" "inspect" "66fe601e7b9c1db3f2871049bdfafabebde8cd48eed85e84be0b72f7d1bf9d01", kill_on_drop: false }`
[INFO] running `Command { std: "docker" "rm" "-f" "66fe601e7b9c1db3f2871049bdfafabebde8cd48eed85e84be0b72f7d1bf9d01", kill_on_drop: false }`
[INFO] [stdout] 66fe601e7b9c1db3f2871049bdfafabebde8cd48eed85e84be0b72f7d1bf9d01
[INFO] running `Command { std: "docker" "create" "-v" "/var/lib/crater-agent-workspace/builds/worker-4/target:/opt/rustwide/target:rw,Z" "-v" "/var/lib/crater-agent-workspace/builds/worker-4/source:/opt/rustwide/workdir:ro,Z" "-v" "/var/lib/crater-agent-workspace/cargo-home:/opt/rustwide/cargo-home:ro,Z" "-v" "/var/lib/crater-agent-workspace/rustup-home:/opt/rustwide/rustup-home:ro,Z" "-e" "SOURCE_DIR=/opt/rustwide/workdir" "-e" "CARGO_TARGET_DIR=/opt/rustwide/target" "-e" "CARGO_INCREMENTAL=0" "-e" "RUST_BACKTRACE=full" "-e" "RUSTFLAGS=--cap-lints=warn" "-e" "CARGO_HOME=/opt/rustwide/cargo-home" "-e" "RUSTUP_HOME=/opt/rustwide/rustup-home" "-w" "/opt/rustwide/workdir" "-m" "1610612736" "--user" "0:0" "--network" "none" "ghcr.io/rust-lang/crates-build-env/linux@sha256:a89201d6b5b9fd45c15d5952ece0a0129e7e80cb26ec023fd59cf09bc26f1604" "/opt/rustwide/cargo-home/bin/cargo" "+1.55.0" "check" "--frozen" "--all" "--all-targets" "--message-format=json", kill_on_drop: false }`
[INFO] [stdout] bf4a545b920d3fcb7239027e8b98ac088cf3bc584fca3960a8050fdf6259e41b
[INFO] [stderr] WARNING: Your kernel does not support swap limit capabilities or the cgroup is not mounted. Memory limited without swap.
[INFO] running `Command { std: "docker" "start" "-a" "bf4a545b920d3fcb7239027e8b98ac088cf3bc584fca3960a8050fdf6259e41b", kill_on_drop: false }`
[INFO] [stderr]    Compiling enum_dispatch v0.2.4
[INFO] [stdout] error[E0433]: failed to resolve: could not find `export` in `syn`
[INFO] [stdout]   --> /opt/rustwide/cargo-home/registry/src/github.com-1ecc6299db9ec823/enum_dispatch-0.2.4/src/enum_dispatch_item.rs:58:11
[INFO] [stdout]    |
[INFO] [stdout] 58 | impl syn::export::quote::ToTokens for EnumDispatchItem {
[INFO] [stdout]    |           ^^^^^^ could not find `export` in `syn`
[INFO] [stdout] 
[INFO] [stdout] 
[INFO] [stdout] error[E0433]: failed to resolve: could not find `export` in `syn`
[INFO] [stdout]   --> /opt/rustwide/cargo-home/registry/src/github.com-1ecc6299db9ec823/enum_dispatch-0.2.4/src/enum_dispatch_variant.rs:51:11
[INFO] [stdout]    |
[INFO] [stdout] 51 | impl syn::export::quote::ToTokens for EnumDispatchVariant {
[INFO] [stdout]    |           ^^^^^^ could not find `export` in `syn`
[INFO] [stdout] 
[INFO] [stdout] 
[INFO] [stdout] error[E0433]: failed to resolve: could not find `export` in `syn`
[INFO] [stdout]    --> /opt/rustwide/cargo-home/registry/src/github.com-1ecc6299db9ec823/enum_dispatch-0.2.4/src/expansion.rs:243:69
[INFO] [stdout]     |
[INFO] [stdout] 243 |                         ident: syn::Ident::new("self", syn::export::Span::call_site()),
[INFO] [stdout]     |                                                                     ^^^^ not found in `syn::export`
[INFO] [stdout]     |
[INFO] [stdout] help: consider importing one of these items
[INFO] [stdout]     |
[INFO] [stdout] 3   | use crate::expansion::proc_macro::Span;
[INFO] [stdout]     |
[INFO] [stdout] 3   | use crate::expansion::proc_macro::bridge::server::Span;
[INFO] [stdout]     |
[INFO] [stdout] 3   | use crate::expansion::syn::__private::Span;
[INFO] [stdout]     |
[INFO] [stdout] 3   | use proc_macro2::Span;
[INFO] [stdout]     |
[INFO] [stdout]       and 4 other candidates
[INFO] [stdout] 
[INFO] [stdout] 
[INFO] [stdout] error: aborting due to 3 previous errors
[INFO] [stdout] 
[INFO] [stdout] 
[INFO] [stdout] For more information about this error, try `rustc --explain E0433`.
[INFO] [stdout] 
[INFO] [stderr] error: could not compile `enum_dispatch` due to 4 previous errors
[INFO] running `Command { std: "docker" "inspect" "bf4a545b920d3fcb7239027e8b98ac088cf3bc584fca3960a8050fdf6259e41b", kill_on_drop: false }`
[INFO] running `Command { std: "docker" "rm" "-f" "bf4a545b920d3fcb7239027e8b98ac088cf3bc584fca3960a8050fdf6259e41b", kill_on_drop: false }`
[INFO] [stdout] bf4a545b920d3fcb7239027e8b98ac088cf3bc584fca3960a8050fdf6259e41b
