[INFO] fetching crate logfmt 0.0.2...
[INFO] checking logfmt-0.0.2 against 1.55.0 for beta-1.56-3
[INFO] extracting crate logfmt 0.0.2 into /workspace/builds/worker-3/source
[INFO] validating manifest of crates.io crate logfmt 0.0.2 on toolchain 1.55.0
[INFO] running `Command { std: "/workspace/cargo-home/bin/cargo" "+1.55.0" "metadata" "--manifest-path" "Cargo.toml" "--no-deps", kill_on_drop: false }`
[INFO] started tweaking crates.io crate logfmt 0.0.2
[INFO] finished tweaking crates.io crate logfmt 0.0.2
[INFO] tweaked toml for crates.io crate logfmt 0.0.2 written to /workspace/builds/worker-3/source/Cargo.toml
[INFO] running `Command { std: "/workspace/cargo-home/bin/cargo" "+1.55.0" "generate-lockfile" "--manifest-path" "Cargo.toml" "-Zno-index-update", kill_on_drop: false }`
[INFO] running `Command { std: "/workspace/cargo-home/bin/cargo" "+1.55.0" "fetch" "--manifest-path" "Cargo.toml", kill_on_drop: false }`
[INFO] running `Command { std: "docker" "create" "-v" "/var/lib/crater-agent-workspace/builds/worker-3/target:/opt/rustwide/target:rw,Z" "-v" "/var/lib/crater-agent-workspace/builds/worker-3/source:/opt/rustwide/workdir:ro,Z" "-v" "/var/lib/crater-agent-workspace/cargo-home:/opt/rustwide/cargo-home:ro,Z" "-v" "/var/lib/crater-agent-workspace/rustup-home:/opt/rustwide/rustup-home:ro,Z" "-e" "SOURCE_DIR=/opt/rustwide/workdir" "-e" "CARGO_TARGET_DIR=/opt/rustwide/target" "-e" "CARGO_HOME=/opt/rustwide/cargo-home" "-e" "RUSTUP_HOME=/opt/rustwide/rustup-home" "-w" "/opt/rustwide/workdir" "-m" "1610612736" "--user" "0:0" "--network" "none" "ghcr.io/rust-lang/crates-build-env/linux@sha256:a89201d6b5b9fd45c15d5952ece0a0129e7e80cb26ec023fd59cf09bc26f1604" "/opt/rustwide/cargo-home/bin/cargo" "+1.55.0" "metadata" "--no-deps" "--format-version=1", kill_on_drop: false }`
[INFO] [stderr] WARNING: Your kernel does not support swap limit capabilities or the cgroup is not mounted. Memory limited without swap.
[INFO] [stdout] df4e06ec13cfee4a2aec66cd534d2463a35b5d632d5d226abbac0167065a83fd
[INFO] running `Command { std: "docker" "start" "-a" "df4e06ec13cfee4a2aec66cd534d2463a35b5d632d5d226abbac0167065a83fd", kill_on_drop: false }`
[INFO] running `Command { std: "docker" "inspect" "df4e06ec13cfee4a2aec66cd534d2463a35b5d632d5d226abbac0167065a83fd", kill_on_drop: false }`
[INFO] running `Command { std: "docker" "rm" "-f" "df4e06ec13cfee4a2aec66cd534d2463a35b5d632d5d226abbac0167065a83fd", kill_on_drop: false }`
[INFO] [stdout] df4e06ec13cfee4a2aec66cd534d2463a35b5d632d5d226abbac0167065a83fd
[INFO] running `Command { std: "docker" "create" "-v" "/var/lib/crater-agent-workspace/builds/worker-3/target:/opt/rustwide/target:rw,Z" "-v" "/var/lib/crater-agent-workspace/builds/worker-3/source:/opt/rustwide/workdir:ro,Z" "-v" "/var/lib/crater-agent-workspace/cargo-home:/opt/rustwide/cargo-home:ro,Z" "-v" "/var/lib/crater-agent-workspace/rustup-home:/opt/rustwide/rustup-home:ro,Z" "-e" "SOURCE_DIR=/opt/rustwide/workdir" "-e" "CARGO_TARGET_DIR=/opt/rustwide/target" "-e" "CARGO_INCREMENTAL=0" "-e" "RUST_BACKTRACE=full" "-e" "RUSTFLAGS=--cap-lints=warn" "-e" "CARGO_HOME=/opt/rustwide/cargo-home" "-e" "RUSTUP_HOME=/opt/rustwide/rustup-home" "-w" "/opt/rustwide/workdir" "-m" "1610612736" "--user" "0:0" "--network" "none" "ghcr.io/rust-lang/crates-build-env/linux@sha256:a89201d6b5b9fd45c15d5952ece0a0129e7e80cb26ec023fd59cf09bc26f1604" "/opt/rustwide/cargo-home/bin/cargo" "+1.55.0" "check" "--frozen" "--all" "--all-targets" "--message-format=json", kill_on_drop: false }`
[INFO] [stderr] WARNING: Your kernel does not support swap limit capabilities or the cgroup is not mounted. Memory limited without swap.
[INFO] [stdout] 8e04a259b52b4f9b95218872a72b44e14aa3180bd4c78d25efa9223d110dbbb7
[INFO] running `Command { std: "docker" "start" "-a" "8e04a259b52b4f9b95218872a72b44e14aa3180bd4c78d25efa9223d110dbbb7", kill_on_drop: false }`
[INFO] [stderr]     Checking logfmt v0.0.2 (/opt/rustwide/workdir)
[INFO] [stdout] warning: use of unstable library feature 'test': `bench` is a part of custom test frameworks which are unstable
[INFO] [stdout]  --> benches/lib.rs:6:3
[INFO] [stdout]   |
[INFO] [stdout] 6 | #[bench]
[INFO] [stdout]   |   ^^^^^
[INFO] [stdout]   |
[INFO] [stdout]   = note: `#[warn(soft_unstable)]` on by default
[INFO] [stdout]   = warning: this was previously accepted by the compiler but is being phased out; it will become a hard error in a future release!
[INFO] [stdout]   = note: for more information, see issue #64266 <https://github.com/rust-lang/rust/issues/64266>
[INFO] [stdout] 
[INFO] [stdout] 
[INFO] [stdout] error[E0658]: use of unstable library feature 'test'
[INFO] [stdout]  --> benches/lib.rs:2:1
[INFO] [stdout]   |
[INFO] [stdout] 2 | extern crate test;
[INFO] [stdout]   | ^^^^^^^^^^^^^^^^^^
[INFO] [stdout]   |
[INFO] [stdout]   = note: see issue #50297 <https://github.com/rust-lang/rust/issues/50297> for more information
[INFO] [stdout] 
[INFO] [stdout] 
[INFO] [stdout] error[E0658]: use of unstable library feature 'test'
[INFO] [stdout]  --> benches/lib.rs:4:5
[INFO] [stdout]   |
[INFO] [stdout] 4 | use test::Bencher;
[INFO] [stdout]   |     ^^^^^^^^^^^^^
[INFO] [stdout]   |
[INFO] [stdout]   = note: see issue #50297 <https://github.com/rust-lang/rust/issues/50297> for more information
[INFO] [stdout] 
[INFO] [stdout] 
[INFO] [stdout] error[E0658]: use of unstable library feature 'test'
[INFO] [stdout]  --> benches/lib.rs:7:18
[INFO] [stdout]   |
[INFO] [stdout] 7 | fn parse(b: &mut Bencher) {
[INFO] [stdout]   |                  ^^^^^^^
[INFO] [stdout]   |
[INFO] [stdout]   = note: see issue #50297 <https://github.com/rust-lang/rust/issues/50297> for more information
[INFO] [stdout] 
[INFO] [stdout] 
[INFO] [stdout] error[E0658]: use of unstable library feature 'test'
[INFO] [stdout]  --> benches/lib.rs:8:7
[INFO] [stdout]   |
[INFO] [stdout] 8 |     b.iter(|| {
[INFO] [stdout]   |       ^^^^
[INFO] [stdout]   |
[INFO] [stdout]   = note: see issue #50297 <https://github.com/rust-lang/rust/issues/50297> for more information
[INFO] [stdout] 
[INFO] [stdout] 
[INFO] [stdout] error: aborting due to 4 previous errors; 1 warning emitted
[INFO] [stdout] 
[INFO] [stdout] 
[INFO] [stdout] For more information about this error, try `rustc --explain E0658`.
[INFO] [stdout] 
[INFO] [stderr] error: could not compile `logfmt` due to 5 previous errors; 1 warning emitted
[INFO] running `Command { std: "docker" "inspect" "8e04a259b52b4f9b95218872a72b44e14aa3180bd4c78d25efa9223d110dbbb7", kill_on_drop: false }`
[INFO] running `Command { std: "docker" "rm" "-f" "8e04a259b52b4f9b95218872a72b44e14aa3180bd4c78d25efa9223d110dbbb7", kill_on_drop: false }`
[INFO] [stdout] 8e04a259b52b4f9b95218872a72b44e14aa3180bd4c78d25efa9223d110dbbb7
