[INFO] fetching crate logan 0.0.1...
[INFO] checking logan-0.0.1 against 1.55.0 for beta-1.56-3
[INFO] extracting crate logan 0.0.1 into /workspace/builds/worker-5/source
[INFO] validating manifest of crates.io crate logan 0.0.1 on toolchain 1.55.0
[INFO] running `Command { std: "/workspace/cargo-home/bin/cargo" "+1.55.0" "metadata" "--manifest-path" "Cargo.toml" "--no-deps", kill_on_drop: false }`
[INFO] started tweaking crates.io crate logan 0.0.1
[INFO] finished tweaking crates.io crate logan 0.0.1
[INFO] tweaked toml for crates.io crate logan 0.0.1 written to /workspace/builds/worker-5/source/Cargo.toml
[INFO] crate crates.io crate logan 0.0.1 already has a lockfile, it will not be regenerated
[INFO] running `Command { std: "/workspace/cargo-home/bin/cargo" "+1.55.0" "fetch" "--manifest-path" "Cargo.toml", kill_on_drop: false }`
[INFO] [stderr]  Downloading crates ...
[INFO] [stderr]   Downloaded derive_more v0.9.0
[INFO] running `Command { std: "docker" "create" "-v" "/var/lib/crater-agent-workspace/builds/worker-5/target:/opt/rustwide/target:rw,Z" "-v" "/var/lib/crater-agent-workspace/builds/worker-5/source:/opt/rustwide/workdir:ro,Z" "-v" "/var/lib/crater-agent-workspace/cargo-home:/opt/rustwide/cargo-home:ro,Z" "-v" "/var/lib/crater-agent-workspace/rustup-home:/opt/rustwide/rustup-home:ro,Z" "-e" "SOURCE_DIR=/opt/rustwide/workdir" "-e" "CARGO_TARGET_DIR=/opt/rustwide/target" "-e" "CARGO_HOME=/opt/rustwide/cargo-home" "-e" "RUSTUP_HOME=/opt/rustwide/rustup-home" "-w" "/opt/rustwide/workdir" "-m" "1610612736" "--user" "0:0" "--network" "none" "ghcr.io/rust-lang/crates-build-env/linux@sha256:a89201d6b5b9fd45c15d5952ece0a0129e7e80cb26ec023fd59cf09bc26f1604" "/opt/rustwide/cargo-home/bin/cargo" "+1.55.0" "metadata" "--no-deps" "--format-version=1", kill_on_drop: false }`
[INFO] [stdout] 026d0bac3c7d5b9d5965394541c475259b3872a37db08138af50b06e0c59c145
[INFO] [stderr] WARNING: Your kernel does not support swap limit capabilities or the cgroup is not mounted. Memory limited without swap.
[INFO] running `Command { std: "docker" "start" "-a" "026d0bac3c7d5b9d5965394541c475259b3872a37db08138af50b06e0c59c145", kill_on_drop: false }`
[INFO] running `Command { std: "docker" "inspect" "026d0bac3c7d5b9d5965394541c475259b3872a37db08138af50b06e0c59c145", kill_on_drop: false }`
[INFO] running `Command { std: "docker" "rm" "-f" "026d0bac3c7d5b9d5965394541c475259b3872a37db08138af50b06e0c59c145", kill_on_drop: false }`
[INFO] [stdout] 026d0bac3c7d5b9d5965394541c475259b3872a37db08138af50b06e0c59c145
[INFO] running `Command { std: "docker" "create" "-v" "/var/lib/crater-agent-workspace/builds/worker-5/target:/opt/rustwide/target:rw,Z" "-v" "/var/lib/crater-agent-workspace/builds/worker-5/source:/opt/rustwide/workdir:ro,Z" "-v" "/var/lib/crater-agent-workspace/cargo-home:/opt/rustwide/cargo-home:ro,Z" "-v" "/var/lib/crater-agent-workspace/rustup-home:/opt/rustwide/rustup-home:ro,Z" "-e" "SOURCE_DIR=/opt/rustwide/workdir" "-e" "CARGO_TARGET_DIR=/opt/rustwide/target" "-e" "CARGO_INCREMENTAL=0" "-e" "RUST_BACKTRACE=full" "-e" "RUSTFLAGS=--cap-lints=warn" "-e" "CARGO_HOME=/opt/rustwide/cargo-home" "-e" "RUSTUP_HOME=/opt/rustwide/rustup-home" "-w" "/opt/rustwide/workdir" "-m" "1610612736" "--user" "0:0" "--network" "none" "ghcr.io/rust-lang/crates-build-env/linux@sha256:a89201d6b5b9fd45c15d5952ece0a0129e7e80cb26ec023fd59cf09bc26f1604" "/opt/rustwide/cargo-home/bin/cargo" "+1.55.0" "check" "--frozen" "--all" "--all-targets" "--message-format=json", kill_on_drop: false }`
[INFO] [stdout] a31962f6df3c3ad806571c6dc7d47a7f121c7771e83d3b2fea3cbc6acd3189b6
[INFO] [stderr] WARNING: Your kernel does not support swap limit capabilities or the cgroup is not mounted. Memory limited without swap.
[INFO] running `Command { std: "docker" "start" "-a" "a31962f6df3c3ad806571c6dc7d47a7f121c7771e83d3b2fea3cbc6acd3189b6", kill_on_drop: false }`
[INFO] [stderr]    Compiling syn v0.12.15
[INFO] [stderr]    Compiling derive_more v0.9.0
[INFO] [stderr]     Checking logan v0.0.1 (/opt/rustwide/workdir)
[INFO] [stdout] warning: anonymous parameters are deprecated and will be removed in the next edition.
[INFO] [stdout]   --> src/sm.rs:23:24
[INFO] [stdout]    |
[INFO] [stdout] 23 |     fn push(&mut self, I) -> Option<O>;
[INFO] [stdout]    |                        ^ help: try naming the parameter or explicitly ignoring it: `_: I`
[INFO] [stdout]    |
[INFO] [stdout]    = note: `#[warn(anonymous_parameters)]` on by default
[INFO] [stdout]    = warning: this is accepted in the current edition (Rust 2015) but is a hard error in Rust 2018!
[INFO] [stdout]    = note: for more information, see issue #41686 <https://github.com/rust-lang/rust/issues/41686>
[INFO] [stdout] 
[INFO] [stdout] 
[INFO] [stdout] warning: anonymous parameters are deprecated and will be removed in the next edition.
[INFO] [stdout]   --> src/sm.rs:27:23
[INFO] [stdout]    |
[INFO] [stdout] 27 |     fn channel(&self, usize) -> usize;
[INFO] [stdout]    |                       ^^^^^ help: try naming the parameter or explicitly ignoring it: `_: usize`
[INFO] [stdout]    |
[INFO] [stdout]    = warning: this is accepted in the current edition (Rust 2015) but is a hard error in Rust 2018!
[INFO] [stdout]    = note: for more information, see issue #41686 <https://github.com/rust-lang/rust/issues/41686>
[INFO] [stdout] 
[INFO] [stdout] 
[INFO] [stdout] warning: anonymous parameters are deprecated and will be removed in the next edition.
[INFO] [stdout]   --> src/sm.rs:23:24
[INFO] [stdout]    |
[INFO] [stdout] 23 |     fn push(&mut self, I) -> Option<O>;
[INFO] [stdout]    |                        ^ help: try naming the parameter or explicitly ignoring it: `_: I`
[INFO] [stdout]    |
[INFO] [stdout]    = note: `#[warn(anonymous_parameters)]` on by default
[INFO] [stdout]    = warning: this is accepted in the current edition (Rust 2015) but is a hard error in Rust 2018!
[INFO] [stdout]    = note: for more information, see issue #41686 <https://github.com/rust-lang/rust/issues/41686>
[INFO] [stdout] 
[INFO] [stdout] 
[INFO] [stdout] warning: anonymous parameters are deprecated and will be removed in the next edition.
[INFO] [stdout]   --> src/sm.rs:27:23
[INFO] [stdout]    |
[INFO] [stdout] 27 |     fn channel(&self, usize) -> usize;
[INFO] [stdout]    |                       ^^^^^ help: try naming the parameter or explicitly ignoring it: `_: usize`
[INFO] [stdout]    |
[INFO] [stdout]    = warning: this is accepted in the current edition (Rust 2015) but is a hard error in Rust 2018!
[INFO] [stdout]    = note: for more information, see issue #41686 <https://github.com/rust-lang/rust/issues/41686>
[INFO] [stdout] 
[INFO] [stdout] 
[INFO] [stdout] warning: 2 warnings emitted
[INFO] [stdout] 
[INFO] [stdout] 
[INFO] [stdout] warning: 2 warnings emitted
[INFO] [stdout] 
[INFO] [stdout] 
[INFO] [stdout] error[E0463]: can't find crate for `la`
[INFO] [stdout]  --> tests/test_syncser.rs:1:1
[INFO] [stdout]   |
[INFO] [stdout] 1 | extern crate la;
[INFO] [stdout]   | ^^^^^^^^^^^^^^^^ can't find crate
[INFO] [stdout] 
[INFO] [stdout] 
[INFO] [stdout] error: aborting due to previous error
[INFO] [stdout] 
[INFO] [stdout] 
[INFO] [stdout] For more information about this error, try `rustc --explain E0463`.
[INFO] [stdout] 
[INFO] [stderr] error: could not compile `logan` due to 2 previous errors
[INFO] [stderr] warning: build failed, waiting for other jobs to finish...
[INFO] [stdout] error[E0463]: can't find crate for `la`
[INFO] [stdout]  --> tests/test_uart.rs:1:1
[INFO] [stdout]   |
[INFO] [stdout] 1 | extern crate la;
[INFO] [stdout]   | ^^^^^^^^^^^^^^^^ can't find crate
[INFO] [stdout] 
[INFO] [stdout] 
[INFO] [stdout] error: aborting due to previous error
[INFO] [stdout] 
[INFO] [stdout] 
[INFO] [stdout] For more information about this error, try `rustc --explain E0463`.
[INFO] [stdout] 
[INFO] [stdout] error[E0463]: can't find crate for `la`
[INFO] [stdout]  --> tests/test_slip.rs:1:1
[INFO] [stdout]   |
[INFO] [stdout] 1 | extern crate la;
[INFO] [stdout]   | ^^^^^^^^^^^^^^^^ can't find crate
[INFO] [stdout] 
[INFO] [stdout] 
[INFO] [stdout] error: aborting due to previous error
[INFO] [stdout] 
[INFO] [stdout] 
[INFO] [stdout] For more information about this error, try `rustc --explain E0463`.
[INFO] [stdout] 
[INFO] [stderr] error: build failed
[INFO] running `Command { std: "docker" "inspect" "a31962f6df3c3ad806571c6dc7d47a7f121c7771e83d3b2fea3cbc6acd3189b6", kill_on_drop: false }`
[INFO] running `Command { std: "docker" "rm" "-f" "a31962f6df3c3ad806571c6dc7d47a7f121c7771e83d3b2fea3cbc6acd3189b6", kill_on_drop: false }`
[INFO] [stdout] a31962f6df3c3ad806571c6dc7d47a7f121c7771e83d3b2fea3cbc6acd3189b6
