[INFO] fetching crate lockjaw 0.2.2...
[INFO] checking lockjaw-0.2.2 against 1.55.0 for beta-1.56-3
[INFO] extracting crate lockjaw 0.2.2 into /workspace/builds/worker-2/source
[INFO] validating manifest of crates.io crate lockjaw 0.2.2 on toolchain 1.55.0
[INFO] running `Command { std: "/workspace/cargo-home/bin/cargo" "+1.55.0" "metadata" "--manifest-path" "Cargo.toml" "--no-deps", kill_on_drop: false }`
[INFO] started tweaking crates.io crate lockjaw 0.2.2
[INFO] finished tweaking crates.io crate lockjaw 0.2.2
[INFO] tweaked toml for crates.io crate lockjaw 0.2.2 written to /workspace/builds/worker-2/source/Cargo.toml
[INFO] running `Command { std: "/workspace/cargo-home/bin/cargo" "+1.55.0" "generate-lockfile" "--manifest-path" "Cargo.toml" "-Zno-index-update", kill_on_drop: false }`
[INFO] running `Command { std: "/workspace/cargo-home/bin/cargo" "+1.55.0" "fetch" "--manifest-path" "Cargo.toml", kill_on_drop: false }`
[INFO] [stderr]  Downloading crates ...
[INFO] [stderr]   Downloaded lockjaw_processor v0.2.2
[INFO] running `Command { std: "docker" "create" "-v" "/var/lib/crater-agent-workspace/builds/worker-2/target:/opt/rustwide/target:rw,Z" "-v" "/var/lib/crater-agent-workspace/builds/worker-2/source:/opt/rustwide/workdir:ro,Z" "-v" "/var/lib/crater-agent-workspace/cargo-home:/opt/rustwide/cargo-home:ro,Z" "-v" "/var/lib/crater-agent-workspace/rustup-home:/opt/rustwide/rustup-home:ro,Z" "-e" "SOURCE_DIR=/opt/rustwide/workdir" "-e" "CARGO_TARGET_DIR=/opt/rustwide/target" "-e" "CARGO_HOME=/opt/rustwide/cargo-home" "-e" "RUSTUP_HOME=/opt/rustwide/rustup-home" "-w" "/opt/rustwide/workdir" "-m" "1610612736" "--user" "0:0" "--network" "none" "ghcr.io/rust-lang/crates-build-env/linux@sha256:a89201d6b5b9fd45c15d5952ece0a0129e7e80cb26ec023fd59cf09bc26f1604" "/opt/rustwide/cargo-home/bin/cargo" "+1.55.0" "metadata" "--no-deps" "--format-version=1", kill_on_drop: false }`
[INFO] [stdout] ba27cd575429312895812723337e8a800b8abde13f7b615690cd7ca933b28acd
[INFO] [stderr] WARNING: Your kernel does not support swap limit capabilities or the cgroup is not mounted. Memory limited without swap.
[INFO] running `Command { std: "docker" "start" "-a" "ba27cd575429312895812723337e8a800b8abde13f7b615690cd7ca933b28acd", kill_on_drop: false }`
[INFO] running `Command { std: "docker" "inspect" "ba27cd575429312895812723337e8a800b8abde13f7b615690cd7ca933b28acd", kill_on_drop: false }`
[INFO] running `Command { std: "docker" "rm" "-f" "ba27cd575429312895812723337e8a800b8abde13f7b615690cd7ca933b28acd", kill_on_drop: false }`
[INFO] [stdout] ba27cd575429312895812723337e8a800b8abde13f7b615690cd7ca933b28acd
[INFO] running `Command { std: "docker" "create" "-v" "/var/lib/crater-agent-workspace/builds/worker-2/target:/opt/rustwide/target:rw,Z" "-v" "/var/lib/crater-agent-workspace/builds/worker-2/source:/opt/rustwide/workdir:ro,Z" "-v" "/var/lib/crater-agent-workspace/cargo-home:/opt/rustwide/cargo-home:ro,Z" "-v" "/var/lib/crater-agent-workspace/rustup-home:/opt/rustwide/rustup-home:ro,Z" "-e" "SOURCE_DIR=/opt/rustwide/workdir" "-e" "CARGO_TARGET_DIR=/opt/rustwide/target" "-e" "CARGO_INCREMENTAL=0" "-e" "RUST_BACKTRACE=full" "-e" "RUSTFLAGS=--cap-lints=warn" "-e" "CARGO_HOME=/opt/rustwide/cargo-home" "-e" "RUSTUP_HOME=/opt/rustwide/rustup-home" "-w" "/opt/rustwide/workdir" "-m" "1610612736" "--user" "0:0" "--network" "none" "ghcr.io/rust-lang/crates-build-env/linux@sha256:a89201d6b5b9fd45c15d5952ece0a0129e7e80cb26ec023fd59cf09bc26f1604" "/opt/rustwide/cargo-home/bin/cargo" "+1.55.0" "check" "--frozen" "--all" "--all-targets" "--message-format=json", kill_on_drop: false }`
[INFO] [stdout] 33c99a42c41dca2e04320536c98f195f7582d7622b545b481bfbf2e8fc332b47
[INFO] [stderr] WARNING: Your kernel does not support swap limit capabilities or the cgroup is not mounted. Memory limited without swap.
[INFO] running `Command { std: "docker" "start" "-a" "33c99a42c41dca2e04320536c98f195f7582d7622b545b481bfbf2e8fc332b47", kill_on_drop: false }`
[INFO] [stderr]    Compiling gimli v0.25.0
[INFO] [stderr]    Compiling rustc-demangle v0.1.21
[INFO] [stderr]    Compiling tree-sitter v0.19.5
[INFO] [stderr]    Compiling tree-sitter-rust v0.19.0
[INFO] [stderr]    Compiling libc v0.2.103
[INFO] [stderr]    Compiling object v0.26.2
[INFO] [stderr]    Compiling lockjaw_processor v0.2.2
[INFO] [stderr]    Compiling lockjaw v0.2.2 (/opt/rustwide/workdir)
[INFO] [stderr]    Compiling addr2line v0.16.0
[INFO] [stderr]    Compiling backtrace v0.3.61
[INFO] [stdout] error: missing bindings for ::test_dep::DepInjectable
[INFO] [stdout] requested by: ::injectable_inject_extern::Bar (injectable)
[INFO] [stdout] requested by: ::injectable_inject_extern::MyComponent.bar 
[INFO] [stdout]   --> tests/injectable_inject_extern.rs:44:1
[INFO] [stdout]    |
[INFO] [stdout] 44 | epilogue!(root);
[INFO] [stdout]    | ^^^^^^^^^^^^^^^^
[INFO] [stdout]    |
[INFO] [stdout]    = note: this error originates in the macro `lockjaw::private_test_epilogue` (in Nightly builds, run with -Z macro-backtrace for more info)
[INFO] [stdout] 
[INFO] [stdout] 
[INFO] [stdout] error[E0433]: failed to resolve: could not find `test_dep` in the list of imported crates
[INFO] [stdout]   --> tests/injectable_inject_extern.rs:22:12
[INFO] [stdout]    |
[INFO] [stdout] 22 |     dep: ::test_dep::DepInjectable,
[INFO] [stdout]    |            ^^^^^^^^ could not find `test_dep` in the list of imported crates
[INFO] [stdout] 
[INFO] [stdout] 
[INFO] [stdout] error[E0433]: failed to resolve: could not find `test_dep` in the list of imported crates
[INFO] [stdout]   --> tests/injectable_inject_extern.rs:28:23
[INFO] [stdout]    |
[INFO] [stdout] 28 |     pub fn new(dep: ::test_dep::DepInjectable) -> Self {
[INFO] [stdout]    |                       ^^^^^^^^ could not find `test_dep` in the list of imported crates
[INFO] [stdout] 
[INFO] [stdout] 
[INFO] [stdout] error: aborting due to 3 previous errors
[INFO] [stdout] 
[INFO] [stdout] 
[INFO] [stdout] For more information about this error, try `rustc --explain E0433`.
[INFO] [stdout] 
[INFO] [stderr] error: could not compile `lockjaw` due to 4 previous errors
[INFO] [stderr] warning: build failed, waiting for other jobs to finish...
[INFO] [stderr] writing debug output to /opt/rustwide/target/debug/build/lockjaw-a3df59ed773e775a/out/lockjaw/debug_component_provision_indirectly_cl_scoped.rs
[INFO] [stdout] error[E0432]: unresolved import `test_dep`
[INFO] [stdout]   --> tests/define_component.rs:18:5
[INFO] [stdout]    |
[INFO] [stdout] 18 | use test_dep::DepDefinedComponent;
[INFO] [stdout]    |     ^^^^^^^^ use of undeclared crate or module `test_dep`
[INFO] [stdout] 
[INFO] [stdout] 
[INFO] [stdout] error[E0433]: failed to resolve: could not find `test_dep` in the crate root
[INFO] [stdout]   --> tests/define_component.rs:24:1
[INFO] [stdout]    |
[INFO] [stdout] 24 | #[module(install_in: DepDefinedComponent)]
[INFO] [stdout]    | ^^^^^^^^^^^^^^^^^^^^^^^^^^^^^^^^^^^^^^^^^^ could not find `test_dep` in the crate root
[INFO] [stdout]    |
[INFO] [stdout]    = note: this error originates in the attribute macro `module` (in Nightly builds, run with -Z macro-backtrace for more info)
[INFO] [stdout] 
[INFO] [stdout] 
[INFO] [stdout] error[E0433]: failed to resolve: could not find `test_dep` in the crate root
[INFO] [stdout]   --> tests/define_component.rs:32:1
[INFO] [stdout]    |
[INFO] [stdout] 32 | #[entry_point(install_in: DepDefinedComponent)]
[INFO] [stdout]    | ^^^^^^^^^^^^^^^^^^^^^^^^^^^^^^^^^^^^^^^^^^^^^^^ could not find `test_dep` in the crate root
[INFO] [stdout]    |
[INFO] [stdout]    = note: this error originates in the attribute macro `entry_point` (in Nightly builds, run with -Z macro-backtrace for more info)
[INFO] [stdout] 
[INFO] [stdout] 
[INFO] [stdout] error: aborting due to 3 previous errors
[INFO] [stdout] 
[INFO] [stdout] 
[INFO] [stdout] Some errors have detailed explanations: E0432, E0433.
[INFO] [stdout] 
[INFO] [stdout] For more information about an error, try `rustc --explain E0432`.
[INFO] [stdout] 
[INFO] [stdout] error: missing bindings for ::use::test_dep::DepInjectable
[INFO] [stdout] requested by: ::use::MyComponent.dep_injectable 
[INFO] [stdout]   --> tests/use.rs:79:1
[INFO] [stdout]    |
[INFO] [stdout] 79 | epilogue!();
[INFO] [stdout]    | ^^^^^^^^^^^^
[INFO] [stdout]    |
[INFO] [stdout]    = note: this error originates in the macro `lockjaw::private_test_epilogue` (in Nightly builds, run with -Z macro-backtrace for more info)
[INFO] [stdout] 
[INFO] [stdout] 
[INFO] [stdout] error[E0432]: unresolved import `test_dep`
[INFO] [stdout]   --> tests/use.rs:64:5
[INFO] [stdout]    |
[INFO] [stdout] 64 | use test_dep::DepInjectable;
[INFO] [stdout]    |     ^^^^^^^^ use of undeclared crate or module `test_dep`
[INFO] [stdout] 
[INFO] [stdout] 
[INFO] [stdout] error: aborting due to 2 previous errors
[INFO] [stdout] 
[INFO] [stdout] 
[INFO] [stdout] For more information about this error, try `rustc --explain E0432`.
[INFO] [stdout] 
[INFO] [stderr] error: build failed
[INFO] running `Command { std: "docker" "inspect" "33c99a42c41dca2e04320536c98f195f7582d7622b545b481bfbf2e8fc332b47", kill_on_drop: false }`
[INFO] running `Command { std: "docker" "rm" "-f" "33c99a42c41dca2e04320536c98f195f7582d7622b545b481bfbf2e8fc332b47", kill_on_drop: false }`
[INFO] [stdout] 33c99a42c41dca2e04320536c98f195f7582d7622b545b481bfbf2e8fc332b47
