[INFO] fetching crate lobby 0.0.1...
[INFO] checking lobby-0.0.1 against beta-2021-10-15 for beta-1.56-3
[INFO] extracting crate lobby 0.0.1 into /workspace/builds/worker-0/source
[INFO] validating manifest of crates.io crate lobby 0.0.1 on toolchain beta-2021-10-15
[INFO] running `Command { std: "/workspace/cargo-home/bin/cargo" "+beta-2021-10-15" "metadata" "--manifest-path" "Cargo.toml" "--no-deps", kill_on_drop: false }`
[INFO] started tweaking crates.io crate lobby 0.0.1
[INFO] finished tweaking crates.io crate lobby 0.0.1
[INFO] tweaked toml for crates.io crate lobby 0.0.1 written to /workspace/builds/worker-0/source/Cargo.toml
[INFO] running `Command { std: "/workspace/cargo-home/bin/cargo" "+beta-2021-10-15" "generate-lockfile" "--manifest-path" "Cargo.toml" "-Zno-index-update", kill_on_drop: false }`
[INFO] running `Command { std: "/workspace/cargo-home/bin/cargo" "+beta-2021-10-15" "fetch" "--manifest-path" "Cargo.toml", kill_on_drop: false }`
[INFO] running `Command { std: "docker" "create" "-v" "/var/lib/crater-agent-workspace/builds/worker-0/target:/opt/rustwide/target:rw,Z" "-v" "/var/lib/crater-agent-workspace/builds/worker-0/source:/opt/rustwide/workdir:ro,Z" "-v" "/var/lib/crater-agent-workspace/cargo-home:/opt/rustwide/cargo-home:ro,Z" "-v" "/var/lib/crater-agent-workspace/rustup-home:/opt/rustwide/rustup-home:ro,Z" "-e" "SOURCE_DIR=/opt/rustwide/workdir" "-e" "CARGO_TARGET_DIR=/opt/rustwide/target" "-e" "CARGO_HOME=/opt/rustwide/cargo-home" "-e" "RUSTUP_HOME=/opt/rustwide/rustup-home" "-w" "/opt/rustwide/workdir" "-m" "1610612736" "--user" "0:0" "--network" "none" "ghcr.io/rust-lang/crates-build-env/linux@sha256:a89201d6b5b9fd45c15d5952ece0a0129e7e80cb26ec023fd59cf09bc26f1604" "/opt/rustwide/cargo-home/bin/cargo" "+beta-2021-10-15" "metadata" "--no-deps" "--format-version=1", kill_on_drop: false }`
[INFO] [stderr] WARNING: Your kernel does not support swap limit capabilities or the cgroup is not mounted. Memory limited without swap.
[INFO] [stdout] dee95cb967e6a25e4bd27f2659d7ae9ee0b1347441dd6ad0b658cb1d35acff85
[INFO] running `Command { std: "docker" "start" "-a" "dee95cb967e6a25e4bd27f2659d7ae9ee0b1347441dd6ad0b658cb1d35acff85", kill_on_drop: false }`
[INFO] running `Command { std: "docker" "inspect" "dee95cb967e6a25e4bd27f2659d7ae9ee0b1347441dd6ad0b658cb1d35acff85", kill_on_drop: false }`
[INFO] running `Command { std: "docker" "rm" "-f" "dee95cb967e6a25e4bd27f2659d7ae9ee0b1347441dd6ad0b658cb1d35acff85", kill_on_drop: false }`
[INFO] [stdout] dee95cb967e6a25e4bd27f2659d7ae9ee0b1347441dd6ad0b658cb1d35acff85
[INFO] running `Command { std: "docker" "create" "-v" "/var/lib/crater-agent-workspace/builds/worker-0/target:/opt/rustwide/target:rw,Z" "-v" "/var/lib/crater-agent-workspace/builds/worker-0/source:/opt/rustwide/workdir:ro,Z" "-v" "/var/lib/crater-agent-workspace/cargo-home:/opt/rustwide/cargo-home:ro,Z" "-v" "/var/lib/crater-agent-workspace/rustup-home:/opt/rustwide/rustup-home:ro,Z" "-e" "SOURCE_DIR=/opt/rustwide/workdir" "-e" "CARGO_TARGET_DIR=/opt/rustwide/target" "-e" "CARGO_INCREMENTAL=0" "-e" "RUST_BACKTRACE=full" "-e" "RUSTFLAGS=--cap-lints=warn" "-e" "CARGO_HOME=/opt/rustwide/cargo-home" "-e" "RUSTUP_HOME=/opt/rustwide/rustup-home" "-w" "/opt/rustwide/workdir" "-m" "1610612736" "--user" "0:0" "--network" "none" "ghcr.io/rust-lang/crates-build-env/linux@sha256:a89201d6b5b9fd45c15d5952ece0a0129e7e80cb26ec023fd59cf09bc26f1604" "/opt/rustwide/cargo-home/bin/cargo" "+beta-2021-10-15" "check" "--frozen" "--all" "--all-targets" "--message-format=json", kill_on_drop: false }`
[INFO] [stdout] 272e95e10f7a39b0af5bc6e188e9fccc83e96b7006e36bd18541f40c50aa9ebb
[INFO] [stderr] WARNING: Your kernel does not support swap limit capabilities or the cgroup is not mounted. Memory limited without swap.
[INFO] running `Command { std: "docker" "start" "-a" "272e95e10f7a39b0af5bc6e188e9fccc83e96b7006e36bd18541f40c50aa9ebb", kill_on_drop: false }`
[INFO] [stderr]     Checking lobby v0.0.1 (/opt/rustwide/workdir)
[INFO] [stdout] error[E0432]: unresolved import `std::collections::VecMap`
[INFO] [stdout]   --> src/lib.rs:38:34
[INFO] [stdout]    |
[INFO] [stdout] 38 | use std::collections::{VecDeque, VecMap};
[INFO] [stdout]    |                                  ^^^^^^ no `VecMap` in `collections`
[INFO] [stdout] 
[INFO] [stdout] 
[INFO] [stdout] error[E0554]: `#![feature]` may not be used on the beta release channel
[INFO] [stdout]   --> src/lib.rs:35:1
[INFO] [stdout]    |
[INFO] [stdout] 35 | #![feature(collections, io, net)]
[INFO] [stdout]    | ^^^^^^^^^^^^^^^^^^^^^^^^^^^^^^^^^
[INFO] [stdout] 
[INFO] [stdout] 
[INFO] [stdout] warning: use of deprecated macro `try`: use the `?` operator instead
[INFO] [stdout]   --> src/lib.rs:68:24
[INFO] [stdout]    |
[INFO] [stdout] 68 |         let listener = try!(TcpListener::bind(&addr));
[INFO] [stdout]    |                        ^^^
[INFO] [stdout]    |
[INFO] [stdout]    = note: `#[warn(deprecated)]` on by default
[INFO] [stdout] 
[INFO] [stdout] 
[INFO] [stdout] error[E0107]: missing generics for struct `JoinHandle`
[INFO] [stdout]     --> src/lib.rs:53:13
[INFO] [stdout]      |
[INFO] [stdout] 53   |     thread: JoinHandle,
[INFO] [stdout]      |             ^^^^^^^^^^ expected 1 generic argument
[INFO] [stdout]      |
[INFO] [stdout] note: struct defined here, with 1 generic parameter: `T`
[INFO] [stdout] help: add missing generic argument
[INFO] [stdout]      |
[INFO] [stdout] 53   |     thread: JoinHandle<T>,
[INFO] [stdout]      |             ~~~~~~~~~~~~~
[INFO] [stdout] 
[INFO] [stdout] 
[INFO] [stdout] error: aborting due to 3 previous errors; 1 warning emitted
[INFO] [stdout] 
[INFO] [stdout] 
[INFO] [stdout] Some errors have detailed explanations: E0107, E0432, E0554.
[INFO] [stdout] 
[INFO] [stdout] For more information about an error, try `rustc --explain E0107`.
[INFO] [stdout] 
[INFO] [stderr] error: could not compile `lobby` due to 4 previous errors; 1 warning emitted
[INFO] [stderr] warning: build failed, waiting for other jobs to finish...
[INFO] [stdout] error[E0432]: unresolved import `std::collections::VecMap`
[INFO] [stdout]   --> src/lib.rs:38:34
[INFO] [stdout]    |
[INFO] [stdout] 38 | use std::collections::{VecDeque, VecMap};
[INFO] [stdout]    |                                  ^^^^^^ no `VecMap` in `collections`
[INFO] [stdout] 
[INFO] [stdout] 
[INFO] [stdout] error[E0554]: `#![feature]` may not be used on the beta release channel
[INFO] [stdout]   --> src/lib.rs:35:1
[INFO] [stdout]    |
[INFO] [stdout] 35 | #![feature(collections, io, net)]
[INFO] [stdout]    | ^^^^^^^^^^^^^^^^^^^^^^^^^^^^^^^^^
[INFO] [stdout] 
[INFO] [stdout] 
[INFO] [stdout] warning: use of deprecated macro `try`: use the `?` operator instead
[INFO] [stdout]   --> src/lib.rs:68:24
[INFO] [stdout]    |
[INFO] [stdout] 68 |         let listener = try!(TcpListener::bind(&addr));
[INFO] [stdout]    |                        ^^^
[INFO] [stdout]    |
[INFO] [stdout]    = note: `#[warn(deprecated)]` on by default
[INFO] [stdout] 
[INFO] [stdout] 
[INFO] [stdout] error[E0107]: missing generics for struct `JoinHandle`
[INFO] [stdout]     --> src/lib.rs:53:13
[INFO] [stdout]      |
[INFO] [stdout] 53   |     thread: JoinHandle,
[INFO] [stdout]      |             ^^^^^^^^^^ expected 1 generic argument
[INFO] [stdout]      |
[INFO] [stdout] note: struct defined here, with 1 generic parameter: `T`
[INFO] [stdout] help: add missing generic argument
[INFO] [stdout]      |
[INFO] [stdout] 53   |     thread: JoinHandle<T>,
[INFO] [stdout]      |             ~~~~~~~~~~~~~
[INFO] [stdout] 
[INFO] [stdout] 
[INFO] [stdout] error: aborting due to 3 previous errors; 1 warning emitted
[INFO] [stdout] 
[INFO] [stdout] 
[INFO] [stdout] Some errors have detailed explanations: E0107, E0432, E0554.
[INFO] [stdout] 
[INFO] [stdout] For more information about an error, try `rustc --explain E0107`.
[INFO] [stdout] 
[INFO] [stderr] error: build failed
[INFO] running `Command { std: "docker" "inspect" "272e95e10f7a39b0af5bc6e188e9fccc83e96b7006e36bd18541f40c50aa9ebb", kill_on_drop: false }`
[INFO] running `Command { std: "docker" "rm" "-f" "272e95e10f7a39b0af5bc6e188e9fccc83e96b7006e36bd18541f40c50aa9ebb", kill_on_drop: false }`
[INFO] [stdout] 272e95e10f7a39b0af5bc6e188e9fccc83e96b7006e36bd18541f40c50aa9ebb
