[INFO] fetching crate lnpbp_derive 0.3.0-alpha.2...
[INFO] checking lnpbp_derive-0.3.0-alpha.2 against 1.55.0 for beta-1.56-3
[INFO] extracting crate lnpbp_derive 0.3.0-alpha.2 into /workspace/builds/worker-6/source
[INFO] validating manifest of crates.io crate lnpbp_derive 0.3.0-alpha.2 on toolchain 1.55.0
[INFO] running `Command { std: "/workspace/cargo-home/bin/cargo" "+1.55.0" "metadata" "--manifest-path" "Cargo.toml" "--no-deps", kill_on_drop: false }`
[INFO] started tweaking crates.io crate lnpbp_derive 0.3.0-alpha.2
[INFO] finished tweaking crates.io crate lnpbp_derive 0.3.0-alpha.2
[INFO] tweaked toml for crates.io crate lnpbp_derive 0.3.0-alpha.2 written to /workspace/builds/worker-6/source/Cargo.toml
[INFO] crate crates.io crate lnpbp_derive 0.3.0-alpha.2 already has a lockfile, it will not be regenerated
[INFO] running `Command { std: "/workspace/cargo-home/bin/cargo" "+1.55.0" "fetch" "--manifest-path" "Cargo.toml", kill_on_drop: false }`
[INFO] [stderr]  Downloading crates ...
[INFO] [stderr]   Downloaded amplify_derive v2.4.3
[INFO] running `Command { std: "docker" "create" "-v" "/var/lib/crater-agent-workspace/builds/worker-6/target:/opt/rustwide/target:rw,Z" "-v" "/var/lib/crater-agent-workspace/builds/worker-6/source:/opt/rustwide/workdir:ro,Z" "-v" "/var/lib/crater-agent-workspace/cargo-home:/opt/rustwide/cargo-home:ro,Z" "-v" "/var/lib/crater-agent-workspace/rustup-home:/opt/rustwide/rustup-home:ro,Z" "-e" "SOURCE_DIR=/opt/rustwide/workdir" "-e" "CARGO_TARGET_DIR=/opt/rustwide/target" "-e" "CARGO_HOME=/opt/rustwide/cargo-home" "-e" "RUSTUP_HOME=/opt/rustwide/rustup-home" "-w" "/opt/rustwide/workdir" "-m" "1610612736" "--user" "0:0" "--network" "none" "ghcr.io/rust-lang/crates-build-env/linux@sha256:a89201d6b5b9fd45c15d5952ece0a0129e7e80cb26ec023fd59cf09bc26f1604" "/opt/rustwide/cargo-home/bin/cargo" "+1.55.0" "metadata" "--no-deps" "--format-version=1", kill_on_drop: false }`
[INFO] [stdout] f4b4702b3f87fb82d9e25efa24d9ed7bee54de0d80208d8c47039b38c64cdff3
[INFO] [stderr] WARNING: Your kernel does not support swap limit capabilities or the cgroup is not mounted. Memory limited without swap.
[INFO] running `Command { std: "docker" "start" "-a" "f4b4702b3f87fb82d9e25efa24d9ed7bee54de0d80208d8c47039b38c64cdff3", kill_on_drop: false }`
[INFO] running `Command { std: "docker" "inspect" "f4b4702b3f87fb82d9e25efa24d9ed7bee54de0d80208d8c47039b38c64cdff3", kill_on_drop: false }`
[INFO] running `Command { std: "docker" "rm" "-f" "f4b4702b3f87fb82d9e25efa24d9ed7bee54de0d80208d8c47039b38c64cdff3", kill_on_drop: false }`
[INFO] [stdout] f4b4702b3f87fb82d9e25efa24d9ed7bee54de0d80208d8c47039b38c64cdff3
[INFO] running `Command { std: "docker" "create" "-v" "/var/lib/crater-agent-workspace/builds/worker-6/target:/opt/rustwide/target:rw,Z" "-v" "/var/lib/crater-agent-workspace/builds/worker-6/source:/opt/rustwide/workdir:ro,Z" "-v" "/var/lib/crater-agent-workspace/cargo-home:/opt/rustwide/cargo-home:ro,Z" "-v" "/var/lib/crater-agent-workspace/rustup-home:/opt/rustwide/rustup-home:ro,Z" "-e" "SOURCE_DIR=/opt/rustwide/workdir" "-e" "CARGO_TARGET_DIR=/opt/rustwide/target" "-e" "CARGO_INCREMENTAL=0" "-e" "RUST_BACKTRACE=full" "-e" "RUSTFLAGS=--cap-lints=warn" "-e" "CARGO_HOME=/opt/rustwide/cargo-home" "-e" "RUSTUP_HOME=/opt/rustwide/rustup-home" "-w" "/opt/rustwide/workdir" "-m" "1610612736" "--user" "0:0" "--network" "none" "ghcr.io/rust-lang/crates-build-env/linux@sha256:a89201d6b5b9fd45c15d5952ece0a0129e7e80cb26ec023fd59cf09bc26f1604" "/opt/rustwide/cargo-home/bin/cargo" "+1.55.0" "check" "--frozen" "--all" "--all-targets" "--message-format=json", kill_on_drop: false }`
[INFO] [stdout] a316185ef177204fa78229539e95b6bd74b72b3645b4a67f935101e84d33eb06
[INFO] [stderr] WARNING: Your kernel does not support swap limit capabilities or the cgroup is not mounted. Memory limited without swap.
[INFO] running `Command { std: "docker" "start" "-a" "a316185ef177204fa78229539e95b6bd74b72b3645b4a67f935101e84d33eb06", kill_on_drop: false }`
[INFO] [stderr]    Compiling syn v1.0.58
[INFO] [stderr]    Compiling amplify_derive v2.4.3
[INFO] [stderr]     Checking amplify v2.4.0
[INFO] [stderr]     Checking lnpbp_derive v0.3.0-alpha.2 (/opt/rustwide/workdir)
[INFO] [stdout] error[E0433]: failed to resolve: use of undeclared crate or module `lnpbp`
[INFO] [stdout]   --> examples/test_lnp_api.rs:26:9
[INFO] [stdout]    |
[INFO] [stdout] 26 |     use lnpbp::lnp::{TypeId, TypedEnum};
[INFO] [stdout]    |         ^^^^^ use of undeclared crate or module `lnpbp`
[INFO] [stdout] 
[INFO] [stdout] 
[INFO] [stdout] error[E0433]: failed to resolve: use of undeclared crate or module `lnpbp`
[INFO] [stdout]  --> examples/test_lnp_api.rs:7:1
[INFO] [stdout]   |
[INFO] [stdout] 7 | #[lnp_api(encoding = "strict")]
[INFO] [stdout]   | ^ use of undeclared crate or module `lnpbp`
[INFO] [stdout] 
[INFO] [stdout] 
[INFO] [stdout] error[E0433]: failed to resolve: use of undeclared crate or module `lnpbp`
[INFO] [stdout]  --> examples/test_lnp_api.rs:6:24
[INFO] [stdout]   |
[INFO] [stdout] 6 | #[derive(Clone, Debug, LnpApi)]
[INFO] [stdout]   |                        ^^^^^^ not found in `lnpbp::lnp`
[INFO] [stdout]   |
[INFO] [stdout]   = note: this error originates in the derive macro `LnpApi` (in Nightly builds, run with -Z macro-backtrace for more info)
[INFO] [stdout] help: consider importing one of these items
[INFO] [stdout]   |
[INFO] [stdout] 7 | use core::any::TypeId;
[INFO] [stdout]   |
[INFO] [stdout] 7 | use std::any::TypeId;
[INFO] [stdout]   |
[INFO] [stdout] 
[INFO] [stdout] 
[INFO] [stderr] error: could not compile `lnpbp_derive` due to 2 previous errors
[INFO] [stdout] error[E0433]: failed to resolve: use of undeclared type `TypeId`
[INFO] [stdout]   --> examples/test_lnp_api.rs:29:26
[INFO] [stdout]    |
[INFO] [stdout] 29 |     Reply::try_from_type(TypeId::try_from(0x0003).unwrap(), &Vec::<u8>::new())
[INFO] [stdout]    |                          ^^^^^^ not found in this scope
[INFO] [stdout]    |
[INFO] [stdout] help: consider importing one of these items
[INFO] [stdout]    |
[INFO] [stdout] 7  | use core::any::TypeId;
[INFO] [stdout]    |
[INFO] [stdout] 7  | use std::any::TypeId;
[INFO] [stdout]    |
[INFO] [stdout] 
[INFO] [stdout] 
[INFO] [stderr] warning: build failed, waiting for other jobs to finish...
[INFO] [stdout] error[E0463]: can't find crate for `lnpbp`
[INFO] [stdout]  --> examples/test_strict_encode.rs:5:1
[INFO] [stdout]   |
[INFO] [stdout] 5 | extern crate lnpbp;
[INFO] [stdout]   | ^^^^^^^^^^^^^^^^^^^ can't find crate
[INFO] [stdout] 
[INFO] [stdout] 
[INFO] [stdout] error: aborting due to previous error
[INFO] [stdout] 
[INFO] [stdout] 
[INFO] [stdout] For more information about this error, try `rustc --explain E0463`.
[INFO] [stdout] 
[INFO] [stdout] warning: unused import: `core::convert::TryFrom`
[INFO] [stdout]   --> examples/test_lnp_api.rs:25:9
[INFO] [stdout]    |
[INFO] [stdout] 25 |     use core::convert::TryFrom;
[INFO] [stdout]    |         ^^^^^^^^^^^^^^^^^^^^^^
[INFO] [stdout]    |
[INFO] [stdout]    = note: `#[warn(unused_imports)]` on by default
[INFO] [stdout] 
[INFO] [stdout] 
[INFO] [stdout] error: aborting due to 4 previous errors; 1 warning emitted
[INFO] [stdout] 
[INFO] [stdout] 
[INFO] [stdout] For more information about this error, try `rustc --explain E0433`.
[INFO] [stdout] 
[INFO] [stderr] error: build failed
[INFO] running `Command { std: "docker" "inspect" "a316185ef177204fa78229539e95b6bd74b72b3645b4a67f935101e84d33eb06", kill_on_drop: false }`
[INFO] running `Command { std: "docker" "rm" "-f" "a316185ef177204fa78229539e95b6bd74b72b3645b4a67f935101e84d33eb06", kill_on_drop: false }`
[INFO] [stdout] a316185ef177204fa78229539e95b6bd74b72b3645b4a67f935101e84d33eb06
