[INFO] fetching crate lightning_encoding_derive 0.5.0...
[INFO] checking lightning_encoding_derive-0.5.0 against beta-2021-10-15 for beta-1.56-3
[INFO] extracting crate lightning_encoding_derive 0.5.0 into /workspace/builds/worker-76/source
[INFO] validating manifest of crates.io crate lightning_encoding_derive 0.5.0 on toolchain beta-2021-10-15
[INFO] running `Command { std: "/workspace/cargo-home/bin/cargo" "+beta-2021-10-15" "metadata" "--manifest-path" "Cargo.toml" "--no-deps", kill_on_drop: false }`
[INFO] started tweaking crates.io crate lightning_encoding_derive 0.5.0
[INFO] finished tweaking crates.io crate lightning_encoding_derive 0.5.0
[INFO] tweaked toml for crates.io crate lightning_encoding_derive 0.5.0 written to /workspace/builds/worker-76/source/Cargo.toml
[INFO] crate crates.io crate lightning_encoding_derive 0.5.0 already has a lockfile, it will not be regenerated
[INFO] running `Command { std: "/workspace/cargo-home/bin/cargo" "+beta-2021-10-15" "fetch" "--manifest-path" "Cargo.toml", kill_on_drop: false }`
[INFO] [stderr]     Blocking waiting for file lock on package cache
[INFO] [stderr]     Blocking waiting for file lock on package cache
[INFO] running `Command { std: "docker" "create" "-v" "/var/lib/crater-agent-workspace/builds/worker-76/target:/opt/rustwide/target:rw,Z" "-v" "/var/lib/crater-agent-workspace/builds/worker-76/source:/opt/rustwide/workdir:ro,Z" "-v" "/var/lib/crater-agent-workspace/cargo-home:/opt/rustwide/cargo-home:ro,Z" "-v" "/var/lib/crater-agent-workspace/rustup-home:/opt/rustwide/rustup-home:ro,Z" "-e" "SOURCE_DIR=/opt/rustwide/workdir" "-e" "CARGO_TARGET_DIR=/opt/rustwide/target" "-e" "CARGO_HOME=/opt/rustwide/cargo-home" "-e" "RUSTUP_HOME=/opt/rustwide/rustup-home" "-w" "/opt/rustwide/workdir" "-m" "1610612736" "--user" "0:0" "--network" "none" "ghcr.io/rust-lang/crates-build-env/linux@sha256:a89201d6b5b9fd45c15d5952ece0a0129e7e80cb26ec023fd59cf09bc26f1604" "/opt/rustwide/cargo-home/bin/cargo" "+beta-2021-10-15" "metadata" "--no-deps" "--format-version=1", kill_on_drop: false }`
[INFO] [stdout] 94cb068716999362320f28388e804e85470e84f406bbdf8fc7ed157e34c7e95d
[INFO] running `Command { std: "docker" "start" "-a" "94cb068716999362320f28388e804e85470e84f406bbdf8fc7ed157e34c7e95d", kill_on_drop: false }`
[INFO] running `Command { std: "docker" "inspect" "94cb068716999362320f28388e804e85470e84f406bbdf8fc7ed157e34c7e95d", kill_on_drop: false }`
[INFO] running `Command { std: "docker" "rm" "-f" "94cb068716999362320f28388e804e85470e84f406bbdf8fc7ed157e34c7e95d", kill_on_drop: false }`
[INFO] [stdout] 94cb068716999362320f28388e804e85470e84f406bbdf8fc7ed157e34c7e95d
[INFO] running `Command { std: "docker" "create" "-v" "/var/lib/crater-agent-workspace/builds/worker-76/target:/opt/rustwide/target:rw,Z" "-v" "/var/lib/crater-agent-workspace/builds/worker-76/source:/opt/rustwide/workdir:ro,Z" "-v" "/var/lib/crater-agent-workspace/cargo-home:/opt/rustwide/cargo-home:ro,Z" "-v" "/var/lib/crater-agent-workspace/rustup-home:/opt/rustwide/rustup-home:ro,Z" "-e" "SOURCE_DIR=/opt/rustwide/workdir" "-e" "CARGO_TARGET_DIR=/opt/rustwide/target" "-e" "CARGO_INCREMENTAL=0" "-e" "RUST_BACKTRACE=full" "-e" "RUSTFLAGS=--cap-lints=warn" "-e" "CARGO_HOME=/opt/rustwide/cargo-home" "-e" "RUSTUP_HOME=/opt/rustwide/rustup-home" "-w" "/opt/rustwide/workdir" "-m" "1610612736" "--user" "0:0" "--network" "none" "ghcr.io/rust-lang/crates-build-env/linux@sha256:a89201d6b5b9fd45c15d5952ece0a0129e7e80cb26ec023fd59cf09bc26f1604" "/opt/rustwide/cargo-home/bin/cargo" "+beta-2021-10-15" "check" "--frozen" "--all" "--all-targets" "--message-format=json", kill_on_drop: false }`
[INFO] [stdout] 5f85108d29202104a699e35c83a23bc7131b0c0e48a254c011e02a711678187f
[INFO] running `Command { std: "docker" "start" "-a" "5f85108d29202104a699e35c83a23bc7131b0c0e48a254c011e02a711678187f", kill_on_drop: false }`
[INFO] [stderr]     Blocking waiting for file lock on package cache
[INFO] [stderr]    Compiling proc-macro2 v1.0.28
[INFO] [stderr]    Compiling syn v1.0.75
[INFO] [stderr]     Checking amplify_num v0.2.1
[INFO] [stderr]     Checking quote v1.0.9
[INFO] [stderr]     Checking amplify_syn v1.1.6
[INFO] [stderr]    Compiling amplify_derive v2.9.0
[INFO] [stderr]     Checking amplify v3.9.1
[INFO] [stderr]     Checking encoding_derive_helpers v1.7.1
[INFO] [stderr]     Checking lightning_encoding_derive v0.5.0 (/opt/rustwide/workdir)
[INFO] [stdout] error[E0432]: unresolved import `lightning_encoding`
[INFO] [stdout]   --> examples/test.rs:19:5
[INFO] [stdout]    |
[INFO] [stdout] 19 | use lightning_encoding::{LightningDecode, LightningEncode};
[INFO] [stdout]    |     ^^^^^^^^^^^^^^^^^^ use of undeclared crate or module `lightning_encoding`
[INFO] [stdout] 
[INFO] [stdout] 
[INFO] [stdout] error: cannot determine resolution for the derive macro `LightningEncode`
[INFO] [stdout]   --> examples/test.rs:21:10
[INFO] [stdout]    |
[INFO] [stdout] 21 | #[derive(LightningEncode, LightningDecode)]
[INFO] [stdout]    |          ^^^^^^^^^^^^^^^
[INFO] [stdout]    |
[INFO] [stdout]    = note: import resolution is stuck, try simplifying macro imports
[INFO] [stdout] 
[INFO] [stdout] 
[INFO] [stdout] error: cannot determine resolution for the derive macro `LightningDecode`
[INFO] [stdout]   --> examples/test.rs:21:27
[INFO] [stdout]    |
[INFO] [stdout] 21 | #[derive(LightningEncode, LightningDecode)]
[INFO] [stdout]    |                           ^^^^^^^^^^^^^^^
[INFO] [stdout]    |
[INFO] [stdout]    = note: import resolution is stuck, try simplifying macro imports
[INFO] [stdout] 
[INFO] [stdout] 
[INFO] [stdout] error: cannot determine resolution for the derive macro `LightningEncode`
[INFO] [stdout]   --> examples/test.rs:24:10
[INFO] [stdout]    |
[INFO] [stdout] 24 | #[derive(LightningEncode, LightningDecode)]
[INFO] [stdout]    |          ^^^^^^^^^^^^^^^
[INFO] [stdout]    |
[INFO] [stdout]    = note: import resolution is stuck, try simplifying macro imports
[INFO] [stdout] 
[INFO] [stdout] 
[INFO] [stdout] error: cannot determine resolution for the derive macro `LightningDecode`
[INFO] [stdout]   --> examples/test.rs:24:27
[INFO] [stdout]    |
[INFO] [stdout] 24 | #[derive(LightningEncode, LightningDecode)]
[INFO] [stdout]    |                           ^^^^^^^^^^^^^^^
[INFO] [stdout]    |
[INFO] [stdout]    = note: import resolution is stuck, try simplifying macro imports
[INFO] [stdout] 
[INFO] [stdout] 
[INFO] [stdout] error: cannot find attribute `lightning_encoding` in this scope
[INFO] [stdout]   --> examples/test.rs:25:3
[INFO] [stdout]    |
[INFO] [stdout] 25 | #[lightning_encoding(crate = lightning_encoding)]
[INFO] [stdout]    |   ^^^^^^^^^^^^^^^^^^
[INFO] [stdout] 
[INFO] [stdout] 
[INFO] [stdout] error: cannot determine resolution for the derive macro `LightningEncode`
[INFO] [stdout]   --> examples/test.rs:30:10
[INFO] [stdout]    |
[INFO] [stdout] 30 | #[derive(LightningEncode, LightningDecode)]
[INFO] [stdout]    |          ^^^^^^^^^^^^^^^
[INFO] [stdout]    |
[INFO] [stdout]    = note: import resolution is stuck, try simplifying macro imports
[INFO] [stdout] 
[INFO] [stdout] 
[INFO] [stdout] error: cannot determine resolution for the derive macro `LightningDecode`
[INFO] [stdout]   --> examples/test.rs:30:27
[INFO] [stdout]    |
[INFO] [stdout] 30 | #[derive(LightningEncode, LightningDecode)]
[INFO] [stdout]    |                           ^^^^^^^^^^^^^^^
[INFO] [stdout]    |
[INFO] [stdout]    = note: import resolution is stuck, try simplifying macro imports
[INFO] [stdout] 
[INFO] [stdout] 
[INFO] [stdout] error: cannot determine resolution for the derive macro `LightningEncode`
[INFO] [stdout]   --> examples/test.rs:33:10
[INFO] [stdout]    |
[INFO] [stdout] 33 | #[derive(LightningEncode, LightningDecode)]
[INFO] [stdout]    |          ^^^^^^^^^^^^^^^
[INFO] [stdout]    |
[INFO] [stdout]    = note: import resolution is stuck, try simplifying macro imports
[INFO] [stdout] 
[INFO] [stdout] 
[INFO] [stdout] error: cannot determine resolution for the derive macro `LightningDecode`
[INFO] [stdout]   --> examples/test.rs:33:27
[INFO] [stdout]    |
[INFO] [stdout] 33 | #[derive(LightningEncode, LightningDecode)]
[INFO] [stdout]    |                           ^^^^^^^^^^^^^^^
[INFO] [stdout]    |
[INFO] [stdout]    = note: import resolution is stuck, try simplifying macro imports
[INFO] [stdout] 
[INFO] [stdout] 
[INFO] [stdout] error: cannot find attribute `lightning_encoding` in this scope
[INFO] [stdout]   --> examples/test.rs:34:3
[INFO] [stdout]    |
[INFO] [stdout] 34 | #[lightning_encoding(crate = lightning_encoding)]
[INFO] [stdout]    |   ^^^^^^^^^^^^^^^^^^
[INFO] [stdout] 
[INFO] [stdout] 
[INFO] [stdout] error: cannot determine resolution for the derive macro `LightningEncode`
[INFO] [stdout]   --> examples/test.rs:48:10
[INFO] [stdout]    |
[INFO] [stdout] 48 | #[derive(LightningEncode, LightningDecode)]
[INFO] [stdout]    |          ^^^^^^^^^^^^^^^
[INFO] [stdout]    |
[INFO] [stdout]    = note: import resolution is stuck, try simplifying macro imports
[INFO] [stdout] 
[INFO] [stdout] 
[INFO] [stdout] error: cannot determine resolution for the derive macro `LightningDecode`
[INFO] [stdout]   --> examples/test.rs:48:27
[INFO] [stdout]    |
[INFO] [stdout] 48 | #[derive(LightningEncode, LightningDecode)]
[INFO] [stdout]    |                           ^^^^^^^^^^^^^^^
[INFO] [stdout]    |
[INFO] [stdout]    = note: import resolution is stuck, try simplifying macro imports
[INFO] [stdout] 
[INFO] [stdout] 
[INFO] [stdout] error: cannot determine resolution for the derive macro `LightningEncode`
[INFO] [stdout]   --> examples/test.rs:60:10
[INFO] [stdout]    |
[INFO] [stdout] 60 | #[derive(LightningEncode, LightningDecode)]
[INFO] [stdout]    |          ^^^^^^^^^^^^^^^
[INFO] [stdout]    |
[INFO] [stdout]    = note: import resolution is stuck, try simplifying macro imports
[INFO] [stdout] 
[INFO] [stdout] 
[INFO] [stdout] error: cannot determine resolution for the derive macro `LightningDecode`
[INFO] [stdout]   --> examples/test.rs:60:27
[INFO] [stdout]    |
[INFO] [stdout] 60 | #[derive(LightningEncode, LightningDecode)]
[INFO] [stdout]    |                           ^^^^^^^^^^^^^^^
[INFO] [stdout]    |
[INFO] [stdout]    = note: import resolution is stuck, try simplifying macro imports
[INFO] [stdout] 
[INFO] [stdout] 
[INFO] [stdout] error: cannot find attribute `lightning_encoding` in this scope
[INFO] [stdout]   --> examples/test.rs:61:3
[INFO] [stdout]    |
[INFO] [stdout] 61 | #[lightning_encoding(by_order)]
[INFO] [stdout]    |   ^^^^^^^^^^^^^^^^^^
[INFO] [stdout] 
[INFO] [stdout] 
[INFO] [stdout] error: cannot determine resolution for the derive macro `LightningEncode`
[INFO] [stdout]   --> examples/test.rs:70:10
[INFO] [stdout]    |
[INFO] [stdout] 70 | #[derive(LightningEncode, LightningDecode)]
[INFO] [stdout]    |          ^^^^^^^^^^^^^^^
[INFO] [stdout]    |
[INFO] [stdout]    = note: import resolution is stuck, try simplifying macro imports
[INFO] [stdout] 
[INFO] [stdout] 
[INFO] [stdout] error: cannot determine resolution for the derive macro `LightningDecode`
[INFO] [stdout]   --> examples/test.rs:70:27
[INFO] [stdout]    |
[INFO] [stdout] 70 | #[derive(LightningEncode, LightningDecode)]
[INFO] [stdout]    |                           ^^^^^^^^^^^^^^^
[INFO] [stdout]    |
[INFO] [stdout]    = note: import resolution is stuck, try simplifying macro imports
[INFO] [stdout] 
[INFO] [stdout] 
[INFO] [stdout] error: cannot find attribute `lightning_encoding` in this scope
[INFO] [stdout]   --> examples/test.rs:71:3
[INFO] [stdout]    |
[INFO] [stdout] 71 | #[lightning_encoding(by_value)]
[INFO] [stdout]    |   ^^^^^^^^^^^^^^^^^^
[INFO] [stdout] 
[INFO] [stdout] 
[INFO] [stdout] error: cannot determine resolution for the derive macro `LightningEncode`
[INFO] [stdout]   --> examples/test.rs:82:10
[INFO] [stdout]    |
[INFO] [stdout] 82 | #[derive(LightningEncode, LightningDecode)]
[INFO] [stdout]    |          ^^^^^^^^^^^^^^^
[INFO] [stdout]    |
[INFO] [stdout]    = note: import resolution is stuck, try simplifying macro imports
[INFO] [stdout] 
[INFO] [stdout] 
[INFO] [stdout] error: cannot determine resolution for the derive macro `LightningDecode`
[INFO] [stdout]   --> examples/test.rs:82:27
[INFO] [stdout]    |
[INFO] [stdout] 82 | #[derive(LightningEncode, LightningDecode)]
[INFO] [stdout]    |                           ^^^^^^^^^^^^^^^
[INFO] [stdout]    |
[INFO] [stdout]    = note: import resolution is stuck, try simplifying macro imports
[INFO] [stdout] 
[INFO] [stdout] 
[INFO] [stdout] error: cannot find attribute `lightning_encoding` in this scope
[INFO] [stdout]   --> examples/test.rs:83:3
[INFO] [stdout]    |
[INFO] [stdout] 83 | #[lightning_encoding(by_value)]
[INFO] [stdout]    |   ^^^^^^^^^^^^^^^^^^
[INFO] [stdout] 
[INFO] [stdout] 
[INFO] [stdout] error: cannot find attribute `lightning_encoding` in this scope
[INFO] [stdout]   --> examples/test.rs:88:7
[INFO] [stdout]    |
[INFO] [stdout] 88 |     #[lightning_encoding(value = 11)]
[INFO] [stdout]    |       ^^^^^^^^^^^^^^^^^^
[INFO] [stdout] 
[INFO] [stdout] 
[INFO] [stdout] error: cannot find attribute `lightning_encoding` in this scope
[INFO] [stdout]   --> examples/test.rs:91:7
[INFO] [stdout]    |
[INFO] [stdout] 91 |     #[lightning_encoding(value = 12)]
[INFO] [stdout]    |       ^^^^^^^^^^^^^^^^^^
[INFO] [stdout] 
[INFO] [stdout] 
[INFO] [stdout] error: cannot find attribute `lightning_encoding` in this scope
[INFO] [stdout]   --> examples/test.rs:94:7
[INFO] [stdout]    |
[INFO] [stdout] 94 |     #[lightning_encoding(value = 13)]
[INFO] [stdout]    |       ^^^^^^^^^^^^^^^^^^
[INFO] [stdout] 
[INFO] [stdout] 
[INFO] [stdout] error: cannot determine resolution for the derive macro `LightningEncode`
[INFO] [stdout]   --> examples/test.rs:98:10
[INFO] [stdout]    |
[INFO] [stdout] 98 | #[derive(LightningEncode, LightningDecode)]
[INFO] [stdout]    |          ^^^^^^^^^^^^^^^
[INFO] [stdout]    |
[INFO] [stdout]    = note: import resolution is stuck, try simplifying macro imports
[INFO] [stdout] 
[INFO] [stdout] 
[INFO] [stdout] error: cannot determine resolution for the derive macro `LightningDecode`
[INFO] [stdout]   --> examples/test.rs:98:27
[INFO] [stdout]    |
[INFO] [stdout] 98 | #[derive(LightningEncode, LightningDecode)]
[INFO] [stdout]    |                           ^^^^^^^^^^^^^^^
[INFO] [stdout]    |
[INFO] [stdout]    = note: import resolution is stuck, try simplifying macro imports
[INFO] [stdout] 
[INFO] [stdout] 
[INFO] [stdout] error: cannot find attribute `lightning_encoding` in this scope
[INFO] [stdout]   --> examples/test.rs:99:3
[INFO] [stdout]    |
[INFO] [stdout] 99 | #[lightning_encoding(by_order, repr = u16)]
[INFO] [stdout]    |   ^^^^^^^^^^^^^^^^^^
[INFO] [stdout] 
[INFO] [stdout] 
[INFO] [stdout] error: cannot determine resolution for the derive macro `LightningEncode`
[INFO] [stdout]    --> examples/test.rs:108:10
[INFO] [stdout]     |
[INFO] [stdout] 108 | #[derive(LightningEncode, LightningDecode)]
[INFO] [stdout]     |          ^^^^^^^^^^^^^^^
[INFO] [stdout]     |
[INFO] [stdout]     = note: import resolution is stuck, try simplifying macro imports
[INFO] [stdout] 
[INFO] [stdout] 
[INFO] [stdout] error: cannot determine resolution for the derive macro `LightningDecode`
[INFO] [stdout]    --> examples/test.rs:108:27
[INFO] [stdout]     |
[INFO] [stdout] 108 | #[derive(LightningEncode, LightningDecode)]
[INFO] [stdout]     |                           ^^^^^^^^^^^^^^^
[INFO] [stdout]     |
[INFO] [stdout]     = note: import resolution is stuck, try simplifying macro imports
[INFO] [stdout] 
[INFO] [stdout] 
[INFO] [stdout] error: cannot find attribute `lightning_encoding` in this scope
[INFO] [stdout]    --> examples/test.rs:114:7
[INFO] [stdout]     |
[INFO] [stdout] 114 |     #[lightning_encoding(skip)]
[INFO] [stdout]     |       ^^^^^^^^^^^^^^^^^^
[INFO] [stdout] 
[INFO] [stdout] 
[INFO] [stdout] error: cannot determine resolution for the derive macro `LightningEncode`
[INFO] [stdout]    --> examples/test.rs:118:10
[INFO] [stdout]     |
[INFO] [stdout] 118 | #[derive(LightningEncode, LightningDecode)]
[INFO] [stdout]     |          ^^^^^^^^^^^^^^^
[INFO] [stdout]     |
[INFO] [stdout]     = note: import resolution is stuck, try simplifying macro imports
[INFO] [stdout] 
[INFO] [stdout] 
[INFO] [stdout] error: cannot determine resolution for the derive macro `LightningDecode`
[INFO] [stdout]    --> examples/test.rs:118:27
[INFO] [stdout]     |
[INFO] [stdout] 118 | #[derive(LightningEncode, LightningDecode)]
[INFO] [stdout]     |                           ^^^^^^^^^^^^^^^
[INFO] [stdout]     |
[INFO] [stdout]     = note: import resolution is stuck, try simplifying macro imports
[INFO] [stdout] 
[INFO] [stdout] 
[INFO] [stdout] error[E0432]: unresolved import `lightning_encoding`
[INFO] [stdout]   --> tests/simple.rs:21:10
[INFO] [stdout]    |
[INFO] [stdout] 21 | #[derive(LightningEncode, LightningDecode)]
[INFO] [stdout]    |          ^^^^^^^^^^^^^^^ use of undeclared crate or module `lightning_encoding`
[INFO] [stdout]    |
[INFO] [stdout]    = note: this error originates in the derive macro `LightningEncode` (in Nightly builds, run with -Z macro-backtrace for more info)
[INFO] [stdout] 
[INFO] [stdout] 
[INFO] [stdout] error[E0432]: unresolved import `lightning_encoding`
[INFO] [stdout]   --> tests/simple.rs:21:27
[INFO] [stdout]    |
[INFO] [stdout] 21 | #[derive(LightningEncode, LightningDecode)]
[INFO] [stdout]    |                           ^^^^^^^^^^^^^^^ use of undeclared crate or module `lightning_encoding`
[INFO] [stdout]    |
[INFO] [stdout]    = note: this error originates in the derive macro `LightningDecode` (in Nightly builds, run with -Z macro-backtrace for more info)
[INFO] [stdout] 
[INFO] [stdout] 
[INFO] [stdout] error[E0432]: unresolved import `lightning_encoding`
[INFO] [stdout]   --> tests/simple.rs:24:10
[INFO] [stdout]    |
[INFO] [stdout] 24 | #[derive(LightningEncode, LightningDecode)]
[INFO] [stdout]    |          ^^^^^^^^^^^^^^^ use of undeclared crate or module `lightning_encoding`
[INFO] [stdout]    |
[INFO] [stdout]    = note: this error originates in the derive macro `LightningEncode` (in Nightly builds, run with -Z macro-backtrace for more info)
[INFO] [stdout] 
[INFO] [stdout] 
[INFO] [stdout] error[E0432]: unresolved import `lightning_encoding`
[INFO] [stdout]   --> tests/simple.rs:24:27
[INFO] [stdout]    |
[INFO] [stdout] 24 | #[derive(LightningEncode, LightningDecode)]
[INFO] [stdout]    |                           ^^^^^^^^^^^^^^^ use of undeclared crate or module `lightning_encoding`
[INFO] [stdout]    |
[INFO] [stdout]    = note: this error originates in the derive macro `LightningDecode` (in Nightly builds, run with -Z macro-backtrace for more info)
[INFO] [stdout] 
[INFO] [stdout] 
[INFO] [stdout] error[E0432]: unresolved import `lightning_encoding`
[INFO] [stdout]   --> tests/simple.rs:39:10
[INFO] [stdout]    |
[INFO] [stdout] 39 | #[derive(LightningEncode, LightningDecode)]
[INFO] [stdout]    |          ^^^^^^^^^^^^^^^ use of undeclared crate or module `lightning_encoding`
[INFO] [stdout]    |
[INFO] [stdout]    = note: this error originates in the derive macro `LightningEncode` (in Nightly builds, run with -Z macro-backtrace for more info)
[INFO] [stdout] 
[INFO] [stdout] 
[INFO] [stdout] error[E0432]: unresolved import `lightning_encoding`
[INFO] [stdout]   --> tests/simple.rs:39:27
[INFO] [stdout]    |
[INFO] [stdout] 39 | #[derive(LightningEncode, LightningDecode)]
[INFO] [stdout]    |                           ^^^^^^^^^^^^^^^ use of undeclared crate or module `lightning_encoding`
[INFO] [stdout]    |
[INFO] [stdout]    = note: this error originates in the derive macro `LightningDecode` (in Nightly builds, run with -Z macro-backtrace for more info)
[INFO] [stdout] 
[INFO] [stdout] 
[INFO] [stdout] error[E0432]: unresolved import `lightning_encoding`
[INFO] [stdout]   --> tests/simple.rs:42:10
[INFO] [stdout]    |
[INFO] [stdout] 42 | #[derive(LightningEncode, LightningDecode)]
[INFO] [stdout]    |          ^^^^^^^^^^^^^^^ use of undeclared crate or module `lightning_encoding`
[INFO] [stdout]    |
[INFO] [stdout]    = note: this error originates in the derive macro `LightningEncode` (in Nightly builds, run with -Z macro-backtrace for more info)
[INFO] [stdout] 
[INFO] [stdout] 
[INFO] [stdout] error[E0432]: unresolved import `lightning_encoding`
[INFO] [stdout]   --> tests/simple.rs:42:27
[INFO] [stdout]    |
[INFO] [stdout] 42 | #[derive(LightningEncode, LightningDecode)]
[INFO] [stdout]    |                           ^^^^^^^^^^^^^^^ use of undeclared crate or module `lightning_encoding`
[INFO] [stdout]    |
[INFO] [stdout]    = note: this error originates in the derive macro `LightningDecode` (in Nightly builds, run with -Z macro-backtrace for more info)
[INFO] [stdout] 
[INFO] [stdout] 
[INFO] [stdout] error[E0432]: unresolved import `lightning_encoding`
[INFO] [stdout]   --> tests/simple.rs:48:10
[INFO] [stdout]    |
[INFO] [stdout] 48 | #[derive(LightningEncode, LightningDecode)]
[INFO] [stdout]    |          ^^^^^^^^^^^^^^^ use of undeclared crate or module `lightning_encoding`
[INFO] [stdout]    |
[INFO] [stdout]    = note: this error originates in the derive macro `LightningEncode` (in Nightly builds, run with -Z macro-backtrace for more info)
[INFO] [stdout] 
[INFO] [stdout] 
[INFO] [stdout] error[E0432]: unresolved import `lightning_encoding`
[INFO] [stdout]   --> tests/simple.rs:48:27
[INFO] [stdout]    |
[INFO] [stdout] 48 | #[derive(LightningEncode, LightningDecode)]
[INFO] [stdout]    |                           ^^^^^^^^^^^^^^^ use of undeclared crate or module `lightning_encoding`
[INFO] [stdout]    |
[INFO] [stdout]    = note: this error originates in the derive macro `LightningDecode` (in Nightly builds, run with -Z macro-backtrace for more info)
[INFO] [stdout] 
[INFO] [stdout] 
[INFO] [stdout] error[E0433]: failed to resolve: use of undeclared crate or module `lightning_encoding`
[INFO] [stdout]   --> tests/simple.rs:21:10
[INFO] [stdout]    |
[INFO] [stdout] 21 | #[derive(LightningEncode, LightningDecode)]
[INFO] [stdout]    |          ^^^^^^^^^^^^^^^ use of undeclared crate or module `lightning_encoding`
[INFO] [stdout]    |
[INFO] [stdout]    = note: this error originates in the derive macro `LightningEncode` (in Nightly builds, run with -Z macro-backtrace for more info)
[INFO] [stdout] 
[INFO] [stdout] 
[INFO] [stdout] error[E0433]: failed to resolve: use of undeclared crate or module `lightning_encoding`
[INFO] [stdout]   --> tests/simple.rs:21:27
[INFO] [stdout]    |
[INFO] [stdout] 21 | #[derive(LightningEncode, LightningDecode)]
[INFO] [stdout]    |                           ^^^^^^^^^^^^^^^ use of undeclared crate or module `lightning_encoding`
[INFO] [stdout]    |
[INFO] [stdout]    = note: this error originates in the derive macro `LightningDecode` (in Nightly builds, run with -Z macro-backtrace for more info)
[INFO] [stdout] 
[INFO] [stdout] 
[INFO] [stdout] error: aborting due to 33 previous errors
[INFO] [stdout] 
[INFO] [stdout] 
[INFO] [stdout] For more information about this error, try `rustc --explain E0432`.
[INFO] [stdout] 
[INFO] [stderr] error: could not compile `lightning_encoding_derive` due to 34 previous errors
[INFO] [stderr] warning: build failed, waiting for other jobs to finish...
[INFO] [stdout] error[E0433]: failed to resolve: use of undeclared crate or module `lightning_encoding`
[INFO] [stdout]   --> tests/simple.rs:24:10
[INFO] [stdout]    |
[INFO] [stdout] 24 | #[derive(LightningEncode, LightningDecode)]
[INFO] [stdout]    |          ^^^^^^^^^^^^^^^ use of undeclared crate or module `lightning_encoding`
[INFO] [stdout]    |
[INFO] [stdout]    = note: this error originates in the derive macro `LightningEncode` (in Nightly builds, run with -Z macro-backtrace for more info)
[INFO] [stdout] 
[INFO] [stdout] 
[INFO] [stdout] error[E0433]: failed to resolve: use of undeclared crate or module `lightning_encoding`
[INFO] [stdout]   --> tests/simple.rs:24:27
[INFO] [stdout]    |
[INFO] [stdout] 24 | #[derive(LightningEncode, LightningDecode)]
[INFO] [stdout]    |                           ^^^^^^^^^^^^^^^ use of undeclared crate or module `lightning_encoding`
[INFO] [stdout]    |
[INFO] [stdout]    = note: this error originates in the derive macro `LightningDecode` (in Nightly builds, run with -Z macro-backtrace for more info)
[INFO] [stdout] 
[INFO] [stdout] 
[INFO] [stdout] error[E0433]: failed to resolve: use of undeclared crate or module `lightning_encoding`
[INFO] [stdout]   --> tests/simple.rs:39:10
[INFO] [stdout]    |
[INFO] [stdout] 39 | #[derive(LightningEncode, LightningDecode)]
[INFO] [stdout]    |          ^^^^^^^^^^^^^^^ use of undeclared crate or module `lightning_encoding`
[INFO] [stdout]    |
[INFO] [stdout]    = note: this error originates in the derive macro `LightningEncode` (in Nightly builds, run with -Z macro-backtrace for more info)
[INFO] [stdout] 
[INFO] [stdout] 
[INFO] [stdout] error[E0433]: failed to resolve: use of undeclared crate or module `lightning_encoding`
[INFO] [stdout]   --> tests/simple.rs:39:27
[INFO] [stdout]    |
[INFO] [stdout] 39 | #[derive(LightningEncode, LightningDecode)]
[INFO] [stdout]    |                           ^^^^^^^^^^^^^^^ use of undeclared crate or module `lightning_encoding`
[INFO] [stdout]    |
[INFO] [stdout]    = note: this error originates in the derive macro `LightningDecode` (in Nightly builds, run with -Z macro-backtrace for more info)
[INFO] [stdout] 
[INFO] [stdout] 
[INFO] [stdout] error[E0433]: failed to resolve: use of undeclared crate or module `lightning_encoding`
[INFO] [stdout]   --> tests/simple.rs:42:10
[INFO] [stdout]    |
[INFO] [stdout] 42 | #[derive(LightningEncode, LightningDecode)]
[INFO] [stdout]    |          ^^^^^^^^^^^^^^^ use of undeclared crate or module `lightning_encoding`
[INFO] [stdout]    |
[INFO] [stdout]    = note: this error originates in the derive macro `LightningEncode` (in Nightly builds, run with -Z macro-backtrace for more info)
[INFO] [stdout] 
[INFO] [stdout] 
[INFO] [stdout] error[E0433]: failed to resolve: use of undeclared crate or module `lightning_encoding`
[INFO] [stdout]   --> tests/simple.rs:42:27
[INFO] [stdout]    |
[INFO] [stdout] 42 | #[derive(LightningEncode, LightningDecode)]
[INFO] [stdout]    |                           ^^^^^^^^^^^^^^^ use of undeclared crate or module `lightning_encoding`
[INFO] [stdout]    |
[INFO] [stdout]    = note: this error originates in the derive macro `LightningDecode` (in Nightly builds, run with -Z macro-backtrace for more info)
[INFO] [stdout] 
[INFO] [stdout] 
[INFO] [stdout] error[E0433]: failed to resolve: use of undeclared crate or module `lightning_encoding`
[INFO] [stdout]   --> tests/simple.rs:48:10
[INFO] [stdout]    |
[INFO] [stdout] 48 | #[derive(LightningEncode, LightningDecode)]
[INFO] [stdout]    |          ^^^^^^^^^^^^^^^ use of undeclared crate or module `lightning_encoding`
[INFO] [stdout]    |
[INFO] [stdout]    = note: this error originates in the derive macro `LightningEncode` (in Nightly builds, run with -Z macro-backtrace for more info)
[INFO] [stdout] 
[INFO] [stdout] 
[INFO] [stdout] error[E0433]: failed to resolve: use of undeclared crate or module `lightning_encoding`
[INFO] [stdout]   --> tests/simple.rs:48:27
[INFO] [stdout]    |
[INFO] [stdout] 48 | #[derive(LightningEncode, LightningDecode)]
[INFO] [stdout]    |                           ^^^^^^^^^^^^^^^ use of undeclared crate or module `lightning_encoding`
[INFO] [stdout]    |
[INFO] [stdout]    = note: this error originates in the derive macro `LightningDecode` (in Nightly builds, run with -Z macro-backtrace for more info)
[INFO] [stdout] 
[INFO] [stdout] 
[INFO] [stdout] error: aborting due to 20 previous errors
[INFO] [stdout] 
[INFO] [stdout] 
[INFO] [stdout] Some errors have detailed explanations: E0432, E0433.
[INFO] [stdout] 
[INFO] [stdout] For more information about an error, try `rustc --explain E0432`.
[INFO] [stdout] 
[INFO] [stderr] error: build failed
[INFO] running `Command { std: "docker" "inspect" "5f85108d29202104a699e35c83a23bc7131b0c0e48a254c011e02a711678187f", kill_on_drop: false }`
[INFO] running `Command { std: "docker" "rm" "-f" "5f85108d29202104a699e35c83a23bc7131b0c0e48a254c011e02a711678187f", kill_on_drop: false }`
[INFO] [stdout] 5f85108d29202104a699e35c83a23bc7131b0c0e48a254c011e02a711678187f
