[INFO] fetching crate light-curve-feature 0.3.3...
[INFO] checking light-curve-feature-0.3.3 against 1.55.0 for beta-1.56-3
[INFO] extracting crate light-curve-feature 0.3.3 into /workspace/builds/worker-82/source
[INFO] validating manifest of crates.io crate light-curve-feature 0.3.3 on toolchain 1.55.0
[INFO] running `Command { std: "/workspace/cargo-home/bin/cargo" "+1.55.0" "metadata" "--manifest-path" "Cargo.toml" "--no-deps", kill_on_drop: false }`
[INFO] started tweaking crates.io crate light-curve-feature 0.3.3
[INFO] finished tweaking crates.io crate light-curve-feature 0.3.3
[INFO] tweaked toml for crates.io crate light-curve-feature 0.3.3 written to /workspace/builds/worker-82/source/Cargo.toml
[INFO] crate crates.io crate light-curve-feature 0.3.3 already has a lockfile, it will not be regenerated
[INFO] running `Command { std: "/workspace/cargo-home/bin/cargo" "+1.55.0" "fetch" "--manifest-path" "Cargo.toml", kill_on_drop: false }`
[INFO] [stderr]     Blocking waiting for file lock on package cache
[INFO] [stderr]  Downloading crates ...
[INFO] [stderr]   Downloaded transpose v0.2.1
[INFO] [stderr]   Downloaded pathfinder_simd v0.5.1
[INFO] [stderr]   Downloaded ftp v3.0.1
[INFO] [stderr]   Downloaded fftw-sys v0.6.0
[INFO] [stderr]   Downloaded primal-check v0.3.1
[INFO] [stderr]   Downloaded fftw v0.7.0
[INFO] [stderr]   Downloaded font-kit v0.10.1
[INFO] [stderr]   Downloaded schemars v0.8.3
[INFO] [stderr]   Downloaded realfft v1.1.0
[INFO] [stderr]   Downloaded chfft v0.3.4
[INFO] [stderr]   Downloaded rustfft v5.1.1
[INFO] [stderr]   Downloaded enum_dispatch v0.3.7
[INFO] [stderr]   Downloaded plotters-bitmap v0.3.1
[INFO] [stderr]   Downloaded macro_const v0.1.0
[INFO] [stderr]   Downloaded schemars_derive v0.8.3
[INFO] [stderr]   Downloaded fftw-src v0.3.3
[INFO] [stderr]   Downloaded hyperdual v0.4.2
[INFO] [stderr]   Downloaded GSL-sys v2.0.2
[INFO] [stderr]   Downloaded emcee v0.3.0
[INFO] [stderr]   Downloaded GSL v4.0.2
[INFO] [stderr]   Downloaded unzip3 v1.0.0
[INFO] [stderr]   Downloaded serde_type_name v0.2.0
[INFO] running `Command { std: "docker" "create" "-v" "/var/lib/crater-agent-workspace/builds/worker-82/target:/opt/rustwide/target:rw,Z" "-v" "/var/lib/crater-agent-workspace/builds/worker-82/source:/opt/rustwide/workdir:ro,Z" "-v" "/var/lib/crater-agent-workspace/cargo-home:/opt/rustwide/cargo-home:ro,Z" "-v" "/var/lib/crater-agent-workspace/rustup-home:/opt/rustwide/rustup-home:ro,Z" "-e" "SOURCE_DIR=/opt/rustwide/workdir" "-e" "CARGO_TARGET_DIR=/opt/rustwide/target" "-e" "CARGO_HOME=/opt/rustwide/cargo-home" "-e" "RUSTUP_HOME=/opt/rustwide/rustup-home" "-w" "/opt/rustwide/workdir" "-m" "1610612736" "--user" "0:0" "--network" "none" "ghcr.io/rust-lang/crates-build-env/linux@sha256:a89201d6b5b9fd45c15d5952ece0a0129e7e80cb26ec023fd59cf09bc26f1604" "/opt/rustwide/cargo-home/bin/cargo" "+1.55.0" "metadata" "--no-deps" "--format-version=1", kill_on_drop: false }`
[INFO] [stdout] 98cd07970063d8c80d175376b357605890b0234c1714d9f4be4a643878568c68
[INFO] running `Command { std: "docker" "start" "-a" "98cd07970063d8c80d175376b357605890b0234c1714d9f4be4a643878568c68", kill_on_drop: false }`
[INFO] running `Command { std: "docker" "inspect" "98cd07970063d8c80d175376b357605890b0234c1714d9f4be4a643878568c68", kill_on_drop: false }`
[INFO] running `Command { std: "docker" "rm" "-f" "98cd07970063d8c80d175376b357605890b0234c1714d9f4be4a643878568c68", kill_on_drop: false }`
[INFO] [stdout] 98cd07970063d8c80d175376b357605890b0234c1714d9f4be4a643878568c68
[INFO] running `Command { std: "docker" "create" "-v" "/var/lib/crater-agent-workspace/builds/worker-82/target:/opt/rustwide/target:rw,Z" "-v" "/var/lib/crater-agent-workspace/builds/worker-82/source:/opt/rustwide/workdir:ro,Z" "-v" "/var/lib/crater-agent-workspace/cargo-home:/opt/rustwide/cargo-home:ro,Z" "-v" "/var/lib/crater-agent-workspace/rustup-home:/opt/rustwide/rustup-home:ro,Z" "-e" "SOURCE_DIR=/opt/rustwide/workdir" "-e" "CARGO_TARGET_DIR=/opt/rustwide/target" "-e" "CARGO_INCREMENTAL=0" "-e" "RUST_BACKTRACE=full" "-e" "RUSTFLAGS=--cap-lints=warn" "-e" "CARGO_HOME=/opt/rustwide/cargo-home" "-e" "RUSTUP_HOME=/opt/rustwide/rustup-home" "-w" "/opt/rustwide/workdir" "-m" "1610612736" "--user" "0:0" "--network" "none" "ghcr.io/rust-lang/crates-build-env/linux@sha256:a89201d6b5b9fd45c15d5952ece0a0129e7e80cb26ec023fd59cf09bc26f1604" "/opt/rustwide/cargo-home/bin/cargo" "+1.55.0" "check" "--frozen" "--all" "--all-targets" "--message-format=json", kill_on_drop: false }`
[INFO] [stdout] 70e3d2aea13038a275e17048827a8568e24a809c1567bf2103053a6c12209235
[INFO] running `Command { std: "docker" "start" "-a" "70e3d2aea13038a275e17048827a8568e24a809c1567bf2103053a6c12209235", kill_on_drop: false }`
[INFO] [stderr]     Blocking waiting for file lock on package cache
[INFO] [stderr]    Compiling libc v0.2.101
[INFO] [stderr]    Compiling proc-macro2 v1.0.28
[INFO] [stderr]    Compiling syn v1.0.75
[INFO] [stderr]    Compiling cc v1.0.69
[INFO] [stderr]    Compiling winapi-build v0.1.1
[INFO] [stderr]    Compiling memchr v2.4.1
[INFO] [stderr]    Compiling winapi v0.2.8
[INFO] [stderr]    Compiling anyhow v1.0.43
[INFO] [stderr]    Compiling regex-syntax v0.3.9
[INFO] [stderr]    Compiling utf8-ranges v0.1.3
[INFO] [stderr]    Compiling lazy_static v0.1.16
[INFO] [stderr]    Compiling fs_extra v1.2.0
[INFO] [stderr]    Compiling serde_json v1.0.67
[INFO] [stderr]    Compiling getrandom v0.1.16
[INFO] [stderr]     Checking adler32 v1.2.0
[INFO] [stderr]     Checking gimli v0.25.0
[INFO] [stderr]    Compiling typenum v1.13.0
[INFO] [stderr]     Checking rustc-demangle v0.1.21
[INFO] [stderr]    Compiling ndarray v0.14.0
[INFO] [stderr]     Checking color_quant v1.1.0
[INFO] [stderr]     Checking strength_reduce v0.2.3
[INFO] [stderr]    Compiling schemars v0.8.3
[INFO] [stderr]     Checking custom_derive v0.1.7
[INFO] [stderr]     Checking dyn-clone v1.0.4
[INFO] [stderr]     Checking float-ord v0.2.0
[INFO] [stderr]    Compiling paste v1.0.5
[INFO] [stderr]     Checking jpeg-decoder v0.1.22
[INFO] [stderr]    Compiling once_cell v1.8.0
[INFO] [stderr]     Checking ttf-parser v0.12.3
[INFO] [stderr]     Checking bytemuck v1.7.2
[INFO] [stderr]     Checking half v1.7.1
[INFO] [stderr]     Checking weezl v0.1.5
[INFO] [stderr]     Checking unzip3 v1.0.0
[INFO] [stderr]     Checking os_str_bytes v3.1.0
[INFO] [stderr]     Checking macro_const v0.1.0
[INFO] [stderr]     Checking strsim v0.10.0
[INFO] [stderr]    Compiling num-traits v0.2.14
[INFO] [stderr]    Compiling num-integer v0.1.44
[INFO] [stderr]    Compiling num-iter v0.1.42
[INFO] [stderr]    Compiling num-rational v0.4.0
[INFO] [stderr]    Compiling servo-fontconfig-sys v5.1.0
[INFO] [stderr]     Checking matrixmultiply v0.3.1
[INFO] [stderr]     Checking textwrap v0.14.2
[INFO] [stderr]    Compiling semver-parser v0.10.2
[INFO] [stderr]    Compiling crc32fast v1.2.1
[INFO] [stderr]     Checking clap v2.33.3
[INFO] [stderr]     Checking miniz_oxide v0.3.7
[INFO] [stderr]     Checking deflate v0.8.6
[INFO] [stderr]     Checking conv v0.3.3
[INFO] [stderr]    Compiling cmake v0.1.45
[INFO] [stderr]    Compiling kernel32-sys v0.2.2
[INFO] [stderr]     Checking gif v0.11.2
[INFO] [stderr]    Compiling semver v0.11.0
[INFO] [stderr]     Checking png v0.16.8
[INFO] [stderr]    Compiling rustc_version v0.3.3
[INFO] [stderr]     Checking object v0.26.2
[INFO] [stderr]     Checking csv-core v0.1.10
[INFO] [stderr]    Compiling bzip2-sys v0.1.11+1.0.8
[INFO] [stderr]    Compiling freetype-sys v0.13.1
[INFO] [stderr]    Compiling expat-sys v2.1.6
[INFO] [stderr]    Compiling backtrace v0.3.61
[INFO] [stderr]    Compiling quote v1.0.9
[INFO] [stderr]    Compiling pathfinder_simd v0.5.1
[INFO] [stderr]    Compiling thread-id v2.0.0
[INFO] [stderr]    Compiling time v0.1.43
[INFO] [stderr]    Compiling memchr v0.1.11
[INFO] [stderr]    Compiling flate2 v1.0.20
[INFO] [stderr]     Checking num-complex v0.4.0
[INFO] [stderr]     Checking num-complex v0.3.1
[INFO] [stderr]     Checking approx v0.5.0
[INFO] [stderr]     Checking noisy_float v0.2.0
[INFO] [stderr]     Checking light-curve-common v0.1.1
[INFO] [stderr]     Checking getrandom v0.2.3
[INFO] [stderr]     Checking dirs-sys-next v0.1.2
[INFO] [stderr]     Checking rand v0.4.6
[INFO] [stderr]     Checking num_cpus v1.13.0
[INFO] [stderr]     Checking atty v0.2.14
[INFO] [stderr]    Compiling proc-macro-error-attr v1.0.4
[INFO] [stderr]    Compiling thread_local v0.2.7
[INFO] [stderr]    Compiling aho-corasick v0.5.3
[INFO] [stderr]     Checking dirs-next v2.0.0
[INFO] [stderr]     Checking rand_core v0.5.1
[INFO] [stderr]     Checking rayon-core v1.9.1
[INFO] [stderr]     Checking addr2line v0.16.0
[INFO] [stderr]     Checking rand_core v0.6.3
[INFO] [stderr]    Compiling regex v0.1.80
[INFO] [stderr]     Checking num-rational v0.3.2
[INFO] [stderr]     Checking primal-check v0.3.1
[INFO] [stderr]     Checking transpose v0.2.1
[INFO] [stderr]     Checking freetype v0.7.0
[INFO] [stderr]     Checking ndarray v0.15.3
[INFO] [stderr]     Checking simba v0.5.1
[INFO] [stderr]     Checking chfft v0.3.4
[INFO] [stderr]     Checking rand_chacha v0.2.2
[INFO] [stderr]     Checking rand_chacha v0.3.1
[INFO] [stderr]     Checking servo-fontconfig v0.5.1
[INFO] [stderr]     Checking rustfft v5.1.1
[INFO] [stderr]     Checking rand v0.3.23
[INFO] [stderr]     Checking rand v0.7.3
[INFO] [stderr]     Checking rayon v1.5.1
[INFO] [stderr]    Compiling num v0.1.42
[INFO] [stderr]     Checking rand v0.8.4
[INFO] [stderr]    Compiling chrono v0.2.25
[INFO] [stderr]     Checking image v0.23.14
[INFO] [stderr]     Checking pathfinder_geometry v0.5.1
[INFO] [stderr]    Compiling bzip2 v0.4.3
[INFO] [stderr]     Checking font-kit v0.10.1
[INFO] [stderr]     Checking rand_distr v0.2.2
[INFO] [stderr]    Compiling ftp v3.0.1
[INFO] [stderr]     Checking plotters v0.3.1
[INFO] [stderr]     Checking plotters-bitmap v0.3.1
[INFO] [stderr]     Checking error-chain v0.10.0
[INFO] [stderr]     Checking emcee v0.3.0
[INFO] [stderr]    Compiling serde_derive_internals v0.25.0
[INFO] [stderr]    Compiling proc-macro-error v1.0.4
[INFO] [stderr]     Checking ndarray-stats v0.5.0
[INFO] [stderr]     Checking realfft v1.1.0
[INFO] [stderr]    Compiling serde_derive v1.0.130
[INFO] [stderr]    Compiling thiserror-impl v1.0.28
[INFO] [stderr]    Compiling schemars_derive v0.8.3
[INFO] [stderr]    Compiling nalgebra-macros v0.1.0
[INFO] [stderr]    Compiling dyn-clonable-impl v0.9.0
[INFO] [stderr]    Compiling clap_derive v3.0.0-beta.4
[INFO] [stderr]    Compiling enum_dispatch v0.3.7
[INFO] [stderr]     Checking dyn-clonable v0.9.0
[INFO] [stderr]     Checking nalgebra v0.27.1
[INFO] [stderr]    Compiling thiserror v1.0.28
[INFO] [stderr]    Compiling zip v0.5.13
[INFO] [stderr]     Checking clap v3.0.0-beta.4
[INFO] [stderr]    Compiling fftw-src v0.3.3
[INFO] [stderr]     Checking serde v1.0.130
[INFO] [stderr]     Checking bstr v0.2.16
[INFO] [stderr]     Checking serde_cbor v0.11.2
[INFO] [stderr]     Checking serde_type_name v0.2.0
[INFO] [stderr]     Checking serde_test v1.0.130
[INFO] [stderr]     Checking csv v1.1.6
[INFO] [stderr]     Checking tinytemplate v1.2.1
[INFO] [stderr]     Checking criterion v0.3.5
[INFO] [stderr]     Checking hyperdual v0.4.2
[INFO] [stderr]     Checking fftw-sys v0.6.0
[INFO] [stderr]     Checking fftw v0.7.0
[INFO] [stderr]     Checking light-curve-feature v0.3.3 (/opt/rustwide/workdir)
[INFO] [stdout] error[E0432]: unresolved import `crate::LmsderCurveFit`
[INFO] [stdout]    --> src/features/bazin_fit.rs:293:9
[INFO] [stdout]     |
[INFO] [stdout] 293 |     use crate::LmsderCurveFit;
[INFO] [stdout]     |         ^^^^^^^^^^^^^^^^^^^^^ no `LmsderCurveFit` in the root
[INFO] [stdout] 
[INFO] [stdout] 
[INFO] [stdout] error[E0432]: unresolved import `crate::LmsderCurveFit`
[INFO] [stdout]    --> src/features/villar_fit.rs:402:9
[INFO] [stdout]     |
[INFO] [stdout] 402 |     use crate::LmsderCurveFit;
[INFO] [stdout]     |         ^^^^^^^^^^^^^^^^^^^^^ no `LmsderCurveFit` in the root
[INFO] [stdout] 
[INFO] [stdout] 
[INFO] [stdout] error: aborting due to 2 previous errors
[INFO] [stdout] 
[INFO] [stdout] 
[INFO] [stdout] For more information about this error, try `rustc --explain E0432`.
[INFO] [stdout] 
[INFO] [stderr] error: could not compile `light-curve-feature` due to 3 previous errors
[INFO] [stderr] warning: build failed, waiting for other jobs to finish...
[INFO] [stdout] error[E0432]: unresolved import `light_curve_feature_test_util`
[INFO] [stdout]  --> benches/extractor.rs:4:5
[INFO] [stdout]   |
[INFO] [stdout] 4 | use light_curve_feature_test_util::iter_sn1a_flux_ts;
[INFO] [stdout]   |     ^^^^^^^^^^^^^^^^^^^^^^^^^^^^^ use of undeclared crate or module `light_curve_feature_test_util`
[INFO] [stdout] 
[INFO] [stdout] 
[INFO] [stdout] error[E0432]: unresolved import `light_curve_feature::LmsderCurveFit`
[INFO] [stdout]  --> examples/plot_snia_curve_fits.rs:3:42
[INFO] [stdout]   |
[INFO] [stdout] 3 |     BazinFit, Feature, FeatureEvaluator, LmsderCurveFit, McmcCurveFit, TimeSeries, VillarFit,
[INFO] [stdout]   |                                          ^^^^^^^^^^^^^^ no `LmsderCurveFit` in the root
[INFO] [stdout] 
[INFO] [stdout] 
[INFO] [stdout] error[E0432]: unresolved import `light_curve_feature_test_util`
[INFO] [stdout]  --> examples/plot_snia_curve_fits.rs:5:5
[INFO] [stdout]   |
[INFO] [stdout] 5 | use light_curve_feature_test_util::iter_sn1a_flux_ts;
[INFO] [stdout]   |     ^^^^^^^^^^^^^^^^^^^^^^^^^^^^^ use of undeclared crate or module `light_curve_feature_test_util`
[INFO] [stdout] 
[INFO] [stdout] 
[INFO] [stdout] error[E0433]: failed to resolve: use of undeclared type `LmsderCurveFit`
[INFO] [stdout]    --> benches/extractor.rs:123:13
[INFO] [stdout]     |
[INFO] [stdout] 123 |             LmsderCurveFit::new(5).into(),
[INFO] [stdout]     |             ^^^^^^^^^^^^^^ use of undeclared type `LmsderCurveFit`
[INFO] [stdout] 
[INFO] [stdout] 
[INFO] [stdout] error[E0433]: failed to resolve: use of undeclared type `LmsderCurveFit`
[INFO] [stdout]    --> benches/extractor.rs:124:13
[INFO] [stdout]     |
[INFO] [stdout] 124 |             LmsderCurveFit::new(10).into(),
[INFO] [stdout]     |             ^^^^^^^^^^^^^^ use of undeclared type `LmsderCurveFit`
[INFO] [stdout] 
[INFO] [stdout] 
[INFO] [stdout] error[E0433]: failed to resolve: use of undeclared type `LmsderCurveFit`
[INFO] [stdout]    --> benches/extractor.rs:125:13
[INFO] [stdout]     |
[INFO] [stdout] 125 |             LmsderCurveFit::new(15).into(),
[INFO] [stdout]     |             ^^^^^^^^^^^^^^ use of undeclared type `LmsderCurveFit`
[INFO] [stdout] 
[INFO] [stdout] 
[INFO] [stdout] error[E0433]: failed to resolve: use of undeclared type `LmsderCurveFit`
[INFO] [stdout]    --> benches/extractor.rs:128:41
[INFO] [stdout]     |
[INFO] [stdout] 128 |             McmcCurveFit::new(128, Some(LmsderCurveFit::new(5).into())).into(),
[INFO] [stdout]     |                                         ^^^^^^^^^^^^^^ use of undeclared type `LmsderCurveFit`
[INFO] [stdout] 
[INFO] [stdout] 
[INFO] [stdout] error[E0433]: failed to resolve: use of undeclared type `LmsderCurveFit`
[INFO] [stdout]    --> benches/extractor.rs:129:42
[INFO] [stdout]     |
[INFO] [stdout] 129 |             McmcCurveFit::new(1024, Some(LmsderCurveFit::new(10).into())).into(),
[INFO] [stdout]     |                                          ^^^^^^^^^^^^^^ use of undeclared type `LmsderCurveFit`
[INFO] [stdout] 
[INFO] [stdout] 
[INFO] [stdout] error[E0432]: unresolved import `light_curve_feature_test_util`
[INFO] [stdout]  --> benches/extractor.rs:4:5
[INFO] [stdout]   |
[INFO] [stdout] 4 | use light_curve_feature_test_util::iter_sn1a_flux_ts;
[INFO] [stdout]   |     ^^^^^^^^^^^^^^^^^^^^^^^^^^^^^ use of undeclared crate or module `light_curve_feature_test_util`
[INFO] [stdout] 
[INFO] [stdout] 
[INFO] [stdout] error[E0433]: failed to resolve: use of undeclared type `LmsderCurveFit`
[INFO] [stdout]    --> benches/extractor.rs:123:13
[INFO] [stdout]     |
[INFO] [stdout] 123 |             LmsderCurveFit::new(5).into(),
[INFO] [stdout]     |             ^^^^^^^^^^^^^^ use of undeclared type `LmsderCurveFit`
[INFO] [stdout] 
[INFO] [stdout] 
[INFO] [stdout] error[E0433]: failed to resolve: use of undeclared type `LmsderCurveFit`
[INFO] [stdout]    --> benches/extractor.rs:124:13
[INFO] [stdout]     |
[INFO] [stdout] 124 |             LmsderCurveFit::new(10).into(),
[INFO] [stdout]     |             ^^^^^^^^^^^^^^ use of undeclared type `LmsderCurveFit`
[INFO] [stdout] 
[INFO] [stdout] 
[INFO] [stdout] error[E0433]: failed to resolve: use of undeclared type `LmsderCurveFit`
[INFO] [stdout]    --> benches/extractor.rs:125:13
[INFO] [stdout]     |
[INFO] [stdout] 125 |             LmsderCurveFit::new(15).into(),
[INFO] [stdout]     |             ^^^^^^^^^^^^^^ use of undeclared type `LmsderCurveFit`
[INFO] [stdout] 
[INFO] [stdout] 
[INFO] [stdout] error[E0433]: failed to resolve: use of undeclared type `LmsderCurveFit`
[INFO] [stdout]    --> benches/extractor.rs:128:41
[INFO] [stdout]     |
[INFO] [stdout] 128 |             McmcCurveFit::new(128, Some(LmsderCurveFit::new(5).into())).into(),
[INFO] [stdout]     |                                         ^^^^^^^^^^^^^^ use of undeclared type `LmsderCurveFit`
[INFO] [stdout] 
[INFO] [stdout] 
[INFO] [stdout] error[E0433]: failed to resolve: use of undeclared type `LmsderCurveFit`
[INFO] [stdout]    --> benches/extractor.rs:129:42
[INFO] [stdout]     |
[INFO] [stdout] 129 |             McmcCurveFit::new(1024, Some(LmsderCurveFit::new(10).into())).into(),
[INFO] [stdout]     |                                          ^^^^^^^^^^^^^^ use of undeclared type `LmsderCurveFit`
[INFO] [stdout] 
[INFO] [stdout] 
[INFO] [stdout] error: aborting due to 6 previous errors
[INFO] [stdout] 
[INFO] [stdout] 
[INFO] [stdout] Some errors have detailed explanations: E0432, E0433.
[INFO] [stdout] 
[INFO] [stdout] For more information about an error, try `rustc --explain E0432`.
[INFO] [stdout] 
[INFO] [stdout] warning: unused import: `rayon::prelude`
[INFO] [stdout]  --> examples/plot_snia_curve_fits.rs:9:5
[INFO] [stdout]   |
[INFO] [stdout] 9 | use rayon::prelude::*;
[INFO] [stdout]   |     ^^^^^^^^^^^^^^
[INFO] [stdout]   |
[INFO] [stdout]   = note: `#[warn(unused_imports)]` on by default
[INFO] [stdout] 
[INFO] [stdout] 
[INFO] [stdout] error: aborting due to 2 previous errors; 1 warning emitted
[INFO] [stdout] 
[INFO] [stdout] 
[INFO] [stdout] For more information about this error, try `rustc --explain E0432`.
[INFO] [stdout] 
[INFO] [stdout] error: aborting due to 6 previous errors
[INFO] [stdout] 
[INFO] [stdout] 
[INFO] [stdout] Some errors have detailed explanations: E0432, E0433.
[INFO] [stdout] 
[INFO] [stdout] For more information about an error, try `rustc --explain E0432`.
[INFO] [stdout] 
[INFO] [stderr] error: build failed
[INFO] running `Command { std: "docker" "inspect" "70e3d2aea13038a275e17048827a8568e24a809c1567bf2103053a6c12209235", kill_on_drop: false }`
[INFO] running `Command { std: "docker" "rm" "-f" "70e3d2aea13038a275e17048827a8568e24a809c1567bf2103053a6c12209235", kill_on_drop: false }`
[INFO] [stdout] 70e3d2aea13038a275e17048827a8568e24a809c1567bf2103053a6c12209235
