[INFO] fetching crate libusb-wishbone-tool 0.3.1...
[INFO] checking libusb-wishbone-tool-0.3.1 against beta-2021-10-15 for beta-1.56-3
[INFO] extracting crate libusb-wishbone-tool 0.3.1 into /workspace/builds/worker-22/source
[INFO] validating manifest of crates.io crate libusb-wishbone-tool 0.3.1 on toolchain beta-2021-10-15
[INFO] running `Command { std: "/workspace/cargo-home/bin/cargo" "+beta-2021-10-15" "metadata" "--manifest-path" "Cargo.toml" "--no-deps", kill_on_drop: false }`
[INFO] started tweaking crates.io crate libusb-wishbone-tool 0.3.1
[INFO] finished tweaking crates.io crate libusb-wishbone-tool 0.3.1
[INFO] tweaked toml for crates.io crate libusb-wishbone-tool 0.3.1 written to /workspace/builds/worker-22/source/Cargo.toml
[INFO] crate crates.io crate libusb-wishbone-tool 0.3.1 already has a lockfile, it will not be regenerated
[INFO] running `Command { std: "/workspace/cargo-home/bin/cargo" "+beta-2021-10-15" "fetch" "--manifest-path" "Cargo.toml", kill_on_drop: false }`
[INFO] [stderr]     Blocking waiting for file lock on package cache
[INFO] running `Command { std: "docker" "create" "-v" "/var/lib/crater-agent-workspace/builds/worker-22/target:/opt/rustwide/target:rw,Z" "-v" "/var/lib/crater-agent-workspace/builds/worker-22/source:/opt/rustwide/workdir:ro,Z" "-v" "/var/lib/crater-agent-workspace/cargo-home:/opt/rustwide/cargo-home:ro,Z" "-v" "/var/lib/crater-agent-workspace/rustup-home:/opt/rustwide/rustup-home:ro,Z" "-e" "SOURCE_DIR=/opt/rustwide/workdir" "-e" "CARGO_TARGET_DIR=/opt/rustwide/target" "-e" "CARGO_HOME=/opt/rustwide/cargo-home" "-e" "RUSTUP_HOME=/opt/rustwide/rustup-home" "-w" "/opt/rustwide/workdir" "-m" "1610612736" "--user" "0:0" "--network" "none" "ghcr.io/rust-lang/crates-build-env/linux@sha256:a89201d6b5b9fd45c15d5952ece0a0129e7e80cb26ec023fd59cf09bc26f1604" "/opt/rustwide/cargo-home/bin/cargo" "+beta-2021-10-15" "metadata" "--no-deps" "--format-version=1", kill_on_drop: false }`
[INFO] [stdout] 374c394b42858f57bfe911b8e2d55b242bfdb0dbc980f43f45905fa77195a722
[INFO] running `Command { std: "docker" "start" "-a" "374c394b42858f57bfe911b8e2d55b242bfdb0dbc980f43f45905fa77195a722", kill_on_drop: false }`
[INFO] running `Command { std: "docker" "inspect" "374c394b42858f57bfe911b8e2d55b242bfdb0dbc980f43f45905fa77195a722", kill_on_drop: false }`
[INFO] running `Command { std: "docker" "rm" "-f" "374c394b42858f57bfe911b8e2d55b242bfdb0dbc980f43f45905fa77195a722", kill_on_drop: false }`
[INFO] [stdout] 374c394b42858f57bfe911b8e2d55b242bfdb0dbc980f43f45905fa77195a722
[INFO] running `Command { std: "docker" "create" "-v" "/var/lib/crater-agent-workspace/builds/worker-22/target:/opt/rustwide/target:rw,Z" "-v" "/var/lib/crater-agent-workspace/builds/worker-22/source:/opt/rustwide/workdir:ro,Z" "-v" "/var/lib/crater-agent-workspace/cargo-home:/opt/rustwide/cargo-home:ro,Z" "-v" "/var/lib/crater-agent-workspace/rustup-home:/opt/rustwide/rustup-home:ro,Z" "-e" "SOURCE_DIR=/opt/rustwide/workdir" "-e" "CARGO_TARGET_DIR=/opt/rustwide/target" "-e" "CARGO_INCREMENTAL=0" "-e" "RUST_BACKTRACE=full" "-e" "RUSTFLAGS=--cap-lints=warn" "-e" "CARGO_HOME=/opt/rustwide/cargo-home" "-e" "RUSTUP_HOME=/opt/rustwide/rustup-home" "-w" "/opt/rustwide/workdir" "-m" "1610612736" "--user" "0:0" "--network" "none" "ghcr.io/rust-lang/crates-build-env/linux@sha256:a89201d6b5b9fd45c15d5952ece0a0129e7e80cb26ec023fd59cf09bc26f1604" "/opt/rustwide/cargo-home/bin/cargo" "+beta-2021-10-15" "check" "--frozen" "--all" "--all-targets" "--message-format=json", kill_on_drop: false }`
[INFO] [stdout] a70dd18b467fdc5d2b742ea72384e9879aacc519aba57da6f73db65243059e13
[INFO] running `Command { std: "docker" "start" "-a" "a70dd18b467fdc5d2b742ea72384e9879aacc519aba57da6f73db65243059e13", kill_on_drop: false }`
[INFO] [stderr]     Blocking waiting for file lock on package cache
[INFO] [stderr]    Compiling libc v0.2.69
[INFO] [stderr]    Compiling winapi-build v0.1.1
[INFO] [stderr]     Checking winapi v0.2.8
[INFO] [stderr]    Compiling cc v1.0.52
[INFO] [stderr]     Checking bit-vec v0.4.4
[INFO] [stderr]     Checking utf8-ranges v0.1.3
[INFO] [stderr]     Checking regex-syntax v0.3.9
[INFO] [stderr]     Checking bit-set v0.4.0
[INFO] [stderr]    Compiling kernel32-sys v0.2.2
[INFO] [stderr]    Compiling libusb-sys-wishbone-tool v0.2.6
[INFO] [stderr]     Checking memchr v0.1.11
[INFO] [stderr]     Checking thread-id v2.0.0
[INFO] [stderr]     Checking thread_local v0.2.7
[INFO] [stderr]     Checking aho-corasick v0.5.3
[INFO] [stderr]     Checking regex v0.1.80
[INFO] [stderr]     Checking libusb-wishbone-tool v0.3.1 (/opt/rustwide/workdir)
[INFO] [stdout] error[E0463]: can't find crate for `libusb`
[INFO] [stdout]  --> examples/list_devices.rs:1:1
[INFO] [stdout]   |
[INFO] [stdout] 1 | extern crate libusb;
[INFO] [stdout]   | ^^^^^^^^^^^^^^^^^^^^ can't find crate
[INFO] [stdout] 
[INFO] [stdout] 
[INFO] [stderr] error: could not compile `libusb-wishbone-tool` due to 2 previous errors
[INFO] [stdout] error: aborting due to previous error
[INFO] [stdout] 
[INFO] [stdout] 
[INFO] [stderr] warning: build failed, waiting for other jobs to finish...
[INFO] [stdout] For more information about this error, try `rustc --explain E0463`.
[INFO] [stdout] 
[INFO] [stdout] error[E0463]: can't find crate for `libusb`
[INFO] [stdout]  --> examples/libusb_info.rs:1:1
[INFO] [stdout]   |
[INFO] [stdout] 1 | extern crate libusb;
[INFO] [stdout]   | ^^^^^^^^^^^^^^^^^^^^ can't find crate
[INFO] [stdout] 
[INFO] [stdout] 
[INFO] [stdout] error[E0463]: can't find crate for `libusb`
[INFO] [stdout]  --> examples/read_device.rs:1:1
[INFO] [stdout]   |
[INFO] [stdout] 1 | extern crate libusb;
[INFO] [stdout]   | ^^^^^^^^^^^^^^^^^^^^ can't find crate
[INFO] [stdout] 
[INFO] [stdout] 
[INFO] [stdout] error: aborting due to previous error
[INFO] [stdout] 
[INFO] [stdout] 
[INFO] [stdout] For more information about this error, try `rustc --explain E0463`.
[INFO] [stdout] 
[INFO] [stdout] error: aborting due to previous error
[INFO] [stdout] 
[INFO] [stdout] 
[INFO] [stdout] For more information about this error, try `rustc --explain E0463`.
[INFO] [stdout] 
[INFO] [stderr] error: build failed
[INFO] running `Command { std: "docker" "inspect" "a70dd18b467fdc5d2b742ea72384e9879aacc519aba57da6f73db65243059e13", kill_on_drop: false }`
[INFO] running `Command { std: "docker" "rm" "-f" "a70dd18b467fdc5d2b742ea72384e9879aacc519aba57da6f73db65243059e13", kill_on_drop: false }`
[INFO] [stdout] a70dd18b467fdc5d2b742ea72384e9879aacc519aba57da6f73db65243059e13
