[INFO] fetching crate libtwitch-rs 0.3.0...
[INFO] checking libtwitch-rs-0.3.0 against 1.55.0 for beta-1.56-3
[INFO] extracting crate libtwitch-rs 0.3.0 into /workspace/builds/worker-95/source
[INFO] validating manifest of crates.io crate libtwitch-rs 0.3.0 on toolchain 1.55.0
[INFO] running `Command { std: "/workspace/cargo-home/bin/cargo" "+1.55.0" "metadata" "--manifest-path" "Cargo.toml" "--no-deps", kill_on_drop: false }`
[INFO] started tweaking crates.io crate libtwitch-rs 0.3.0
[INFO] finished tweaking crates.io crate libtwitch-rs 0.3.0
[INFO] tweaked toml for crates.io crate libtwitch-rs 0.3.0 written to /workspace/builds/worker-95/source/Cargo.toml
[INFO] running `Command { std: "/workspace/cargo-home/bin/cargo" "+1.55.0" "generate-lockfile" "--manifest-path" "Cargo.toml" "-Zno-index-update", kill_on_drop: false }`
[INFO] running `Command { std: "/workspace/cargo-home/bin/cargo" "+1.55.0" "fetch" "--manifest-path" "Cargo.toml", kill_on_drop: false }`
[INFO] [stderr]     Blocking waiting for file lock on package cache
[INFO] [stderr]     Blocking waiting for file lock on package cache
[INFO] running `Command { std: "docker" "create" "-v" "/var/lib/crater-agent-workspace/builds/worker-95/target:/opt/rustwide/target:rw,Z" "-v" "/var/lib/crater-agent-workspace/builds/worker-95/source:/opt/rustwide/workdir:ro,Z" "-v" "/var/lib/crater-agent-workspace/cargo-home:/opt/rustwide/cargo-home:ro,Z" "-v" "/var/lib/crater-agent-workspace/rustup-home:/opt/rustwide/rustup-home:ro,Z" "-e" "SOURCE_DIR=/opt/rustwide/workdir" "-e" "CARGO_TARGET_DIR=/opt/rustwide/target" "-e" "CARGO_HOME=/opt/rustwide/cargo-home" "-e" "RUSTUP_HOME=/opt/rustwide/rustup-home" "-w" "/opt/rustwide/workdir" "-m" "1610612736" "--user" "0:0" "--network" "none" "ghcr.io/rust-lang/crates-build-env/linux@sha256:a89201d6b5b9fd45c15d5952ece0a0129e7e80cb26ec023fd59cf09bc26f1604" "/opt/rustwide/cargo-home/bin/cargo" "+1.55.0" "metadata" "--no-deps" "--format-version=1", kill_on_drop: false }`
[INFO] [stdout] 97600d2c0dca4ea439e363fb1261fb0ab605fb8ff6e52f9ba481931f2d60609e
[INFO] running `Command { std: "docker" "start" "-a" "97600d2c0dca4ea439e363fb1261fb0ab605fb8ff6e52f9ba481931f2d60609e", kill_on_drop: false }`
[INFO] running `Command { std: "docker" "inspect" "97600d2c0dca4ea439e363fb1261fb0ab605fb8ff6e52f9ba481931f2d60609e", kill_on_drop: false }`
[INFO] running `Command { std: "docker" "rm" "-f" "97600d2c0dca4ea439e363fb1261fb0ab605fb8ff6e52f9ba481931f2d60609e", kill_on_drop: false }`
[INFO] [stdout] 97600d2c0dca4ea439e363fb1261fb0ab605fb8ff6e52f9ba481931f2d60609e
[INFO] running `Command { std: "docker" "create" "-v" "/var/lib/crater-agent-workspace/builds/worker-95/target:/opt/rustwide/target:rw,Z" "-v" "/var/lib/crater-agent-workspace/builds/worker-95/source:/opt/rustwide/workdir:ro,Z" "-v" "/var/lib/crater-agent-workspace/cargo-home:/opt/rustwide/cargo-home:ro,Z" "-v" "/var/lib/crater-agent-workspace/rustup-home:/opt/rustwide/rustup-home:ro,Z" "-e" "SOURCE_DIR=/opt/rustwide/workdir" "-e" "CARGO_TARGET_DIR=/opt/rustwide/target" "-e" "CARGO_INCREMENTAL=0" "-e" "RUST_BACKTRACE=full" "-e" "RUSTFLAGS=--cap-lints=warn" "-e" "CARGO_HOME=/opt/rustwide/cargo-home" "-e" "RUSTUP_HOME=/opt/rustwide/rustup-home" "-w" "/opt/rustwide/workdir" "-m" "1610612736" "--user" "0:0" "--network" "none" "ghcr.io/rust-lang/crates-build-env/linux@sha256:a89201d6b5b9fd45c15d5952ece0a0129e7e80cb26ec023fd59cf09bc26f1604" "/opt/rustwide/cargo-home/bin/cargo" "+1.55.0" "check" "--frozen" "--all" "--all-targets" "--message-format=json", kill_on_drop: false }`
[INFO] [stdout] ac766af5bb583527c93a150cfd89ec6a47d3e8a21b3962ce13286d8bbab21329
[INFO] running `Command { std: "docker" "start" "-a" "ac766af5bb583527c93a150cfd89ec6a47d3e8a21b3962ce13286d8bbab21329", kill_on_drop: false }`
[INFO] [stderr]     Blocking waiting for file lock on package cache
[INFO] [stderr]     Blocking waiting for file lock on package cache
[INFO] [stderr]    Compiling libc v0.2.103
[INFO] [stderr]    Compiling syn v1.0.80
[INFO] [stderr]     Checking cfg-if v1.0.0
[INFO] [stderr]    Compiling cc v1.0.71
[INFO] [stderr]    Compiling log v0.4.14
[INFO] [stderr]    Compiling futures-core v0.3.17
[INFO] [stderr]     Checking once_cell v1.8.0
[INFO] [stderr]    Compiling memchr v2.4.1
[INFO] [stderr]     Checking lazy_static v1.4.0
[INFO] [stderr]     Checking slab v0.4.5
[INFO] [stderr]     Checking cfg-if v0.1.10
[INFO] [stderr]     Checking fnv v1.0.7
[INFO] [stderr]     Checking bytes v0.5.6
[INFO] [stderr]     Checking pin-project-lite v0.1.12
[INFO] [stderr]     Checking itoa v0.4.8
[INFO] [stderr]    Compiling futures-task v0.3.17
[INFO] [stderr]     Checking spin v0.5.2
[INFO] [stderr]    Compiling version_check v0.9.3
[INFO] [stderr]     Checking pin-project-lite v0.2.7
[INFO] [stderr]    Compiling proc-macro-nested v0.1.7
[INFO] [stderr]     Checking untrusted v0.7.1
[INFO] [stderr]     Checking bytes v1.1.0
[INFO] [stderr]    Compiling futures-channel v0.3.17
[INFO] [stderr]    Compiling httparse v1.5.1
[INFO] [stderr]    Compiling openssl v0.10.36
[INFO] [stderr]     Checking futures-io v0.3.17
[INFO] [stderr]     Checking hashbrown v0.11.2
[INFO] [stderr]     Checking pin-utils v0.1.0
[INFO] [stderr]     Checking foreign-types-shared v0.1.1
[INFO] [stderr]     Checking futures-sink v0.3.17
[INFO] [stderr]     Checking bitflags v1.3.2
[INFO] [stderr]     Checking matches v0.1.9
[INFO] [stderr]    Compiling native-tls v0.2.8
[INFO] [stderr]     Checking tinyvec_macros v0.1.0
[INFO] [stderr]     Checking try-lock v0.2.3
[INFO] [stderr]     Checking httpdate v0.3.2
[INFO] [stderr]     Checking percent-encoding v2.1.0
[INFO] [stderr]     Checking base64 v0.12.3
[INFO] [stderr]     Checking tower-service v0.3.1
[INFO] [stderr]     Checking openssl-probe v0.1.4
[INFO] [stderr]     Checking unicode-bidi v0.3.7
[INFO] [stderr]    Compiling encoding_rs v0.8.28
[INFO] [stderr]     Checking mime v0.3.16
[INFO] [stderr]     Checking ipnet v2.3.1
[INFO] [stderr]     Checking base64 v0.13.0
[INFO] [stderr]     Checking rustc-serialize v0.3.24
[INFO] [stderr]     Checking ansi_term v0.11.0
[INFO] [stderr]     Checking urlparse v0.7.3
[INFO] [stderr]     Checking difference v2.0.0
[INFO] [stderr]    Compiling futures-macro v0.3.17
[INFO] [stderr]    Compiling futures-util v0.3.17
[INFO] [stderr]    Compiling num-traits v0.2.14
[INFO] [stderr]    Compiling num-integer v0.1.44
[INFO] [stderr]     Checking ryu v1.0.5
[INFO] [stderr]     Checking tracing-core v0.1.21
[INFO] [stderr]     Checking foreign-types v0.3.2
[INFO] [stderr]     Checking tinyvec v1.5.0
[INFO] [stderr]     Checking form_urlencoded v1.0.1
[INFO] [stderr]     Checking pretty_assertions v0.6.1
[INFO] [stderr]     Checking indexmap v1.7.0
[INFO] [stderr]     Checking http v0.2.5
[INFO] [stderr]    Compiling unicase v2.6.0
[INFO] [stderr]     Checking tracing v0.1.29
[INFO] [stderr]     Checking want v0.3.0
[INFO] [stderr]    Compiling ring v0.16.20
[INFO] [stderr]    Compiling openssl-sys v0.9.67
[INFO] [stderr]     Checking unicode-normalization v0.1.19
[INFO] [stderr]     Checking net2 v0.2.37
[INFO] [stderr]     Checking iovec v0.1.4
[INFO] [stderr]     Checking num_cpus v1.13.0
[INFO] [stderr]     Checking socket2 v0.3.19
[INFO] [stderr]     Checking time v0.1.43
[INFO] [stderr]     Checking mio v0.6.23
[INFO] [stderr]    Compiling mime_guess v2.0.3
[INFO] [stderr]     Checking idna v0.2.3
[INFO] [stderr]     Checking tokio v0.2.25
[INFO] [stderr]     Checking http-body v0.3.1
[INFO] [stderr]     Checking url v2.2.2
[INFO] [stderr]     Checking webpki v0.21.4
[INFO] [stderr]     Checking sct v0.6.1
[INFO] [stderr]     Checking tokio-util v0.3.1
[INFO] [stderr]     Checking rustls v0.18.1
[INFO] [stderr]     Checking webpki-roots v0.20.0
[INFO] [stderr]     Checking tokio-tls v0.3.1
[INFO] [stderr]    Compiling pin-project-internal v1.0.8
[INFO] [stderr]    Compiling serde_derive v1.0.130
[INFO] [stderr]    Compiling thiserror-impl v1.0.30
[INFO] [stderr]     Checking tokio-rustls v0.14.1
[INFO] [stderr]     Checking pin-project v1.0.8
[INFO] [stderr]     Checking thiserror v1.0.30
[INFO] [stderr]     Checking tracing-futures v0.2.5
[INFO] [stderr]     Checking h2 v0.2.7
[INFO] [stderr]     Checking serde v1.0.130
[INFO] [stderr]     Checking hyper v0.13.10
[INFO] [stderr]     Checking serde_json v1.0.68
[INFO] [stderr]     Checking serde_urlencoded v0.7.0
[INFO] [stderr]     Checking toml v0.5.8
[INFO] [stderr]     Checking chrono v0.4.19
[INFO] [stderr]     Checking hyper-rustls v0.21.0
[INFO] [stderr]     Checking hyper-tls v0.4.3
[INFO] [stderr]     Checking reqwest v0.10.10
[INFO] [stderr]     Checking libtwitch-rs v0.3.0 (/opt/rustwide/workdir)
[INFO] [stdout] error[E0432]: unresolved import `crate::tests`
[INFO] [stdout]    --> src/kraken/channel_feed.rs:405:9
[INFO] [stdout]     |
[INFO] [stdout] 405 |         tests::{
[INFO] [stdout]     |         ^^^^^
[INFO] [stdout]     |         |
[INFO] [stdout]     |         unresolved import
[INFO] [stdout]     |         help: a similar path exists: `core::num::bignum::tests`
[INFO] [stdout] 
[INFO] [stdout] 
[INFO] [stdout] error[E0432]: unresolved import `crate::tests`
[INFO] [stdout]    --> src/kraken/channels.rs:454:9
[INFO] [stdout]     |
[INFO] [stdout] 454 |         tests::{
[INFO] [stdout]     |         ^^^^^
[INFO] [stdout]     |         |
[INFO] [stdout]     |         unresolved import
[INFO] [stdout]     |         help: a similar path exists: `core::num::bignum::tests`
[INFO] [stdout] 
[INFO] [stdout] 
[INFO] [stdout] error[E0432]: unresolved import `crate::tests`
[INFO] [stdout]    --> src/kraken/chat.rs:126:9
[INFO] [stdout]     |
[INFO] [stdout] 126 |         tests::CLIENTID,
[INFO] [stdout]     |         ^^^^^
[INFO] [stdout]     |         |
[INFO] [stdout]     |         unresolved import
[INFO] [stdout]     |         help: a similar path exists: `core::num::bignum::tests`
[INFO] [stdout] 
[INFO] [stdout] 
[INFO] [stdout] error[E0432]: unresolved import `crate::tests`
[INFO] [stdout]   --> src/kraken/games.rs:94:9
[INFO] [stdout]    |
[INFO] [stdout] 94 |         tests::CLIENTID,
[INFO] [stdout]    |         ^^^^^
[INFO] [stdout]    |         |
[INFO] [stdout]    |         unresolved import
[INFO] [stdout]    |         help: a similar path exists: `core::num::bignum::tests`
[INFO] [stdout] 
[INFO] [stdout] 
[INFO] [stdout] error[E0432]: unresolved import `crate::tests`
[INFO] [stdout]   --> src/kraken/ingests.rs:63:9
[INFO] [stdout]    |
[INFO] [stdout] 63 |         tests::CLIENTID,
[INFO] [stdout]    |         ^^^^^
[INFO] [stdout]    |         |
[INFO] [stdout]    |         unresolved import
[INFO] [stdout]    |         help: a similar path exists: `core::num::bignum::tests`
[INFO] [stdout] 
[INFO] [stdout] 
[INFO] [stdout] error[E0432]: unresolved import `crate::tests`
[INFO] [stdout]    --> src/kraken/search.rs:205:9
[INFO] [stdout]     |
[INFO] [stdout] 205 |         tests::CLIENTID,
[INFO] [stdout]     |         ^^^^^
[INFO] [stdout]     |         |
[INFO] [stdout]     |         unresolved import
[INFO] [stdout]     |         help: a similar path exists: `core::num::bignum::tests`
[INFO] [stdout] 
[INFO] [stdout] 
[INFO] [stdout] error[E0432]: unresolved import `crate::tests`
[INFO] [stdout]    --> src/kraken/streams.rs:269:9
[INFO] [stdout]     |
[INFO] [stdout] 269 |         tests::{
[INFO] [stdout]     |         ^^^^^
[INFO] [stdout]     |         |
[INFO] [stdout]     |         unresolved import
[INFO] [stdout]     |         help: a similar path exists: `core::num::bignum::tests`
[INFO] [stdout] 
[INFO] [stdout] 
[INFO] [stdout] error[E0432]: unresolved import `crate::tests`
[INFO] [stdout]    --> src/kraken/teams.rs:103:9
[INFO] [stdout]     |
[INFO] [stdout] 103 |         tests::CLIENTID,
[INFO] [stdout]     |         ^^^^^
[INFO] [stdout]     |         |
[INFO] [stdout]     |         unresolved import
[INFO] [stdout]     |         help: a similar path exists: `core::num::bignum::tests`
[INFO] [stdout] 
[INFO] [stdout] 
[INFO] [stdout] error[E0432]: unresolved import `crate::tests`
[INFO] [stdout]    --> src/kraken/users.rs:344:9
[INFO] [stdout]     |
[INFO] [stdout] 344 |         tests::{
[INFO] [stdout]     |         ^^^^^
[INFO] [stdout]     |         |
[INFO] [stdout]     |         unresolved import
[INFO] [stdout]     |         help: a similar path exists: `core::num::bignum::tests`
[INFO] [stdout] 
[INFO] [stdout] 
[INFO] [stdout] error[E0432]: unresolved import `crate::tests`
[INFO] [stdout]    --> src/kraken/videos.rs:197:9
[INFO] [stdout]     |
[INFO] [stdout] 197 |         tests::{
[INFO] [stdout]     |         ^^^^^
[INFO] [stdout]     |         |
[INFO] [stdout]     |         unresolved import
[INFO] [stdout]     |         help: a similar path exists: `core::num::bignum::tests`
[INFO] [stdout] 
[INFO] [stdout] 
[INFO] [stdout] error: aborting due to 10 previous errors
[INFO] [stdout] 
[INFO] [stdout] 
[INFO] [stdout] For more information about this error, try `rustc --explain E0432`.
[INFO] [stdout] 
[INFO] [stderr] error: could not compile `libtwitch-rs` due to 11 previous errors
[INFO] [stderr] warning: build failed, waiting for other jobs to finish...
[INFO] [stderr] error: build failed
[INFO] running `Command { std: "docker" "inspect" "ac766af5bb583527c93a150cfd89ec6a47d3e8a21b3962ce13286d8bbab21329", kill_on_drop: false }`
[INFO] running `Command { std: "docker" "rm" "-f" "ac766af5bb583527c93a150cfd89ec6a47d3e8a21b3962ce13286d8bbab21329", kill_on_drop: false }`
[INFO] [stdout] ac766af5bb583527c93a150cfd89ec6a47d3e8a21b3962ce13286d8bbab21329
