[INFO] fetching crate libp2p-ping 0.31.0-rc.1...
[INFO] checking libp2p-ping-0.31.0-rc.1 against beta-2021-10-15 for beta-1.56-3
[INFO] extracting crate libp2p-ping 0.31.0-rc.1 into /workspace/builds/worker-7/source
[INFO] validating manifest of crates.io crate libp2p-ping 0.31.0-rc.1 on toolchain beta-2021-10-15
[INFO] running `Command { std: "/workspace/cargo-home/bin/cargo" "+beta-2021-10-15" "metadata" "--manifest-path" "Cargo.toml" "--no-deps", kill_on_drop: false }`
[INFO] started tweaking crates.io crate libp2p-ping 0.31.0-rc.1
[INFO] finished tweaking crates.io crate libp2p-ping 0.31.0-rc.1
[INFO] tweaked toml for crates.io crate libp2p-ping 0.31.0-rc.1 written to /workspace/builds/worker-7/source/Cargo.toml
[INFO] running `Command { std: "/workspace/cargo-home/bin/cargo" "+beta-2021-10-15" "generate-lockfile" "--manifest-path" "Cargo.toml" "-Zno-index-update", kill_on_drop: false }`
[INFO] [stderr]     Blocking waiting for file lock on package cache
[INFO] running `Command { std: "/workspace/cargo-home/bin/cargo" "+beta-2021-10-15" "fetch" "--manifest-path" "Cargo.toml", kill_on_drop: false }`
[INFO] [stderr]     Blocking waiting for file lock on package cache
[INFO] [stderr]     Blocking waiting for file lock on package cache
[INFO] running `Command { std: "docker" "create" "-v" "/var/lib/crater-agent-workspace/builds/worker-7/target:/opt/rustwide/target:rw,Z" "-v" "/var/lib/crater-agent-workspace/builds/worker-7/source:/opt/rustwide/workdir:ro,Z" "-v" "/var/lib/crater-agent-workspace/cargo-home:/opt/rustwide/cargo-home:ro,Z" "-v" "/var/lib/crater-agent-workspace/rustup-home:/opt/rustwide/rustup-home:ro,Z" "-e" "SOURCE_DIR=/opt/rustwide/workdir" "-e" "CARGO_TARGET_DIR=/opt/rustwide/target" "-e" "CARGO_HOME=/opt/rustwide/cargo-home" "-e" "RUSTUP_HOME=/opt/rustwide/rustup-home" "-w" "/opt/rustwide/workdir" "-m" "1610612736" "--user" "0:0" "--network" "none" "ghcr.io/rust-lang/crates-build-env/linux@sha256:a89201d6b5b9fd45c15d5952ece0a0129e7e80cb26ec023fd59cf09bc26f1604" "/opt/rustwide/cargo-home/bin/cargo" "+beta-2021-10-15" "metadata" "--no-deps" "--format-version=1", kill_on_drop: false }`
[INFO] [stdout] 522a3e564ba9b96e44f317c2874657545c9b65d8b9ad034fd863a77ccac1e072
[INFO] [stderr] WARNING: Your kernel does not support swap limit capabilities or the cgroup is not mounted. Memory limited without swap.
[INFO] running `Command { std: "docker" "start" "-a" "522a3e564ba9b96e44f317c2874657545c9b65d8b9ad034fd863a77ccac1e072", kill_on_drop: false }`
[INFO] running `Command { std: "docker" "inspect" "522a3e564ba9b96e44f317c2874657545c9b65d8b9ad034fd863a77ccac1e072", kill_on_drop: false }`
[INFO] running `Command { std: "docker" "rm" "-f" "522a3e564ba9b96e44f317c2874657545c9b65d8b9ad034fd863a77ccac1e072", kill_on_drop: false }`
[INFO] [stdout] 522a3e564ba9b96e44f317c2874657545c9b65d8b9ad034fd863a77ccac1e072
[INFO] running `Command { std: "docker" "create" "-v" "/var/lib/crater-agent-workspace/builds/worker-7/target:/opt/rustwide/target:rw,Z" "-v" "/var/lib/crater-agent-workspace/builds/worker-7/source:/opt/rustwide/workdir:ro,Z" "-v" "/var/lib/crater-agent-workspace/cargo-home:/opt/rustwide/cargo-home:ro,Z" "-v" "/var/lib/crater-agent-workspace/rustup-home:/opt/rustwide/rustup-home:ro,Z" "-e" "SOURCE_DIR=/opt/rustwide/workdir" "-e" "CARGO_TARGET_DIR=/opt/rustwide/target" "-e" "CARGO_INCREMENTAL=0" "-e" "RUST_BACKTRACE=full" "-e" "RUSTFLAGS=--cap-lints=warn" "-e" "CARGO_HOME=/opt/rustwide/cargo-home" "-e" "RUSTUP_HOME=/opt/rustwide/rustup-home" "-w" "/opt/rustwide/workdir" "-m" "1610612736" "--user" "0:0" "--network" "none" "ghcr.io/rust-lang/crates-build-env/linux@sha256:a89201d6b5b9fd45c15d5952ece0a0129e7e80cb26ec023fd59cf09bc26f1604" "/opt/rustwide/cargo-home/bin/cargo" "+beta-2021-10-15" "check" "--frozen" "--all" "--all-targets" "--message-format=json", kill_on_drop: false }`
[INFO] [stdout] 275f99c22eb54a9de5f4648c7d9e28551003c3069842a255c270a0d8d7fcac55
[INFO] [stderr] WARNING: Your kernel does not support swap limit capabilities or the cgroup is not mounted. Memory limited without swap.
[INFO] running `Command { std: "docker" "start" "-a" "275f99c22eb54a9de5f4648c7d9e28551003c3069842a255c270a0d8d7fcac55", kill_on_drop: false }`
[INFO] [stderr]    Compiling bytes v1.1.0
[INFO] [stderr]    Compiling fixedbitset v0.4.0
[INFO] [stderr]     Checking bs58 v0.4.0
[INFO] [stderr]     Checking futures-timer v3.0.2
[INFO] [stderr]     Checking asn1_der v0.7.5
[INFO] [stderr]    Compiling ring v0.16.20
[INFO] [stderr]    Compiling prost-build v0.9.0
[INFO] [stderr]    Compiling ctor v0.1.21
[INFO] [stderr]    Compiling synstructure v0.12.6
[INFO] [stderr]    Compiling prost-derive v0.9.0
[INFO] [stderr]    Compiling futures-macro v0.3.17
[INFO] [stderr]    Compiling thiserror-impl v1.0.30
[INFO] [stderr]    Compiling proc-macro-error v1.0.4
[INFO] [stderr]    Compiling pin-project-internal v1.0.8
[INFO] [stderr]    Compiling pin-project-internal v0.4.28
[INFO] [stderr]    Compiling petgraph v0.6.0
[INFO] [stderr]    Compiling zeroize_derive v1.2.0
[INFO] [stderr]     Checking value-bag v1.0.0-alpha.7
[INFO] [stderr]     Checking log v0.4.14
[INFO] [stderr]     Checking futures-util v0.3.17
[INFO] [stderr]     Checking pin-project v1.0.8
[INFO] [stderr]     Checking polling v2.1.0
[INFO] [stderr]     Checking env_logger v0.7.1
[INFO] [stderr]     Checking kv-log-macro v1.0.7
[INFO] [stderr]     Checking zeroize v1.4.2
[INFO] [stderr]     Checking curve25519-dalek v3.2.0
[INFO] [stderr]     Checking async-io v1.6.0
[INFO] [stderr]     Checking pin-project v0.4.28
[INFO] [stderr]    Compiling thiserror v1.0.30
[INFO] [stderr]     Checking quickcheck v0.9.2
[INFO] [stderr]    Compiling proc-macro-crate v1.1.0
[INFO] [stderr]    Compiling prost v0.9.0
[INFO] [stderr]     Checking async-global-executor v2.0.2
[INFO] [stderr]    Compiling multihash-derive v0.7.2
[INFO] [stderr]     Checking ed25519-dalek v1.0.1
[INFO] [stderr]     Checking async-std v1.10.0
[INFO] [stderr]    Compiling prost-types v0.9.0
[INFO] [stderr]     Checking futures-executor v0.3.17
[INFO] [stderr]     Checking futures v0.3.17
[INFO] [stderr]     Checking rw-stream-sink v0.2.1
[INFO] [stderr]     Checking multistream-select v0.10.4
[INFO] [stderr]     Checking wasm-timer v0.2.5
[INFO] [stderr]     Checking multihash v0.14.0
[INFO] [stderr]     Checking multiaddr v0.13.0
[INFO] [stderr]    Compiling libp2p-core v0.30.0-rc.1
[INFO] [stderr]     Checking libp2p-swarm v0.31.0-rc.1
[INFO] [stderr]     Checking libp2p-ping v0.31.0-rc.1 (/opt/rustwide/workdir)
[INFO] [stdout] error[E0432]: unresolved import `libp2p_mplex`
[INFO] [stdout]   --> tests/ping.rs:30:5
[INFO] [stdout]    |
[INFO] [stdout] 30 | use libp2p_mplex as mplex;
[INFO] [stdout]    |     ^^^^^^^^^^^^^^^^^^^^^ no external crate `libp2p_mplex`
[INFO] [stdout] 
[INFO] [stdout] 
[INFO] [stdout] error[E0432]: unresolved import `libp2p_noise`
[INFO] [stdout]   --> tests/ping.rs:31:5
[INFO] [stdout]    |
[INFO] [stdout] 31 | use libp2p_noise as noise;
[INFO] [stdout]    |     ^^^^^^^^^^^^^^^^^^^^^ no external crate `libp2p_noise`
[INFO] [stdout] 
[INFO] [stdout] 
[INFO] [stdout] error[E0432]: unresolved import `libp2p_tcp`
[INFO] [stdout]   --> tests/ping.rs:34:5
[INFO] [stdout]    |
[INFO] [stdout] 34 | use libp2p_tcp::TcpConfig;
[INFO] [stdout]    |     ^^^^^^^^^^ use of undeclared crate or module `libp2p_tcp`
[INFO] [stdout] 
[INFO] [stdout] 
[INFO] [stdout] error[E0432]: unresolved import `libp2p_yamux`
[INFO] [stdout]   --> tests/ping.rs:35:5
[INFO] [stdout]    |
[INFO] [stdout] 35 | use libp2p_yamux as yamux;
[INFO] [stdout]    |     ^^^^^^^^^^^^^^^^^^^^^ no external crate `libp2p_yamux`
[INFO] [stdout] 
[INFO] [stdout] 
[INFO] [stdout] warning: unused import: `Transport`
[INFO] [stdout]   --> tests/ping.rs:27:23
[INFO] [stdout]    |
[INFO] [stdout] 27 |     transport::{self, Transport},
[INFO] [stdout]    |                       ^^^^^^^^^
[INFO] [stdout]    |
[INFO] [stdout]    = note: `#[warn(unused_imports)]` on by default
[INFO] [stdout] 
[INFO] [stdout] 
[INFO] [stdout] error: aborting due to 4 previous errors; 1 warning emitted
[INFO] [stdout] 
[INFO] [stdout] 
[INFO] [stdout] For more information about this error, try `rustc --explain E0432`.
[INFO] [stdout] 
[INFO] [stderr] error: could not compile `libp2p-ping` due to 5 previous errors; 1 warning emitted
[INFO] running `Command { std: "docker" "inspect" "275f99c22eb54a9de5f4648c7d9e28551003c3069842a255c270a0d8d7fcac55", kill_on_drop: false }`
[INFO] running `Command { std: "docker" "rm" "-f" "275f99c22eb54a9de5f4648c7d9e28551003c3069842a255c270a0d8d7fcac55", kill_on_drop: false }`
[INFO] [stdout] 275f99c22eb54a9de5f4648c7d9e28551003c3069842a255c270a0d8d7fcac55
