[INFO] fetching crate libp2p-mdns 0.32.0-rc.1...
[INFO] checking libp2p-mdns-0.32.0-rc.1 against beta-2021-10-15 for beta-1.56-3
[INFO] extracting crate libp2p-mdns 0.32.0-rc.1 into /workspace/builds/worker-12/source
[INFO] validating manifest of crates.io crate libp2p-mdns 0.32.0-rc.1 on toolchain beta-2021-10-15
[INFO] running `Command { std: "/workspace/cargo-home/bin/cargo" "+beta-2021-10-15" "metadata" "--manifest-path" "Cargo.toml" "--no-deps", kill_on_drop: false }`
[INFO] started tweaking crates.io crate libp2p-mdns 0.32.0-rc.1
[INFO] finished tweaking crates.io crate libp2p-mdns 0.32.0-rc.1
[INFO] tweaked toml for crates.io crate libp2p-mdns 0.32.0-rc.1 written to /workspace/builds/worker-12/source/Cargo.toml
[INFO] running `Command { std: "/workspace/cargo-home/bin/cargo" "+beta-2021-10-15" "generate-lockfile" "--manifest-path" "Cargo.toml" "-Zno-index-update", kill_on_drop: false }`
[INFO] running `Command { std: "/workspace/cargo-home/bin/cargo" "+beta-2021-10-15" "fetch" "--manifest-path" "Cargo.toml", kill_on_drop: false }`
[INFO] [stderr]     Blocking waiting for file lock on package cache
[INFO] [stderr]     Blocking waiting for file lock on package cache
[INFO] running `Command { std: "docker" "create" "-v" "/var/lib/crater-agent-workspace/builds/worker-12/target:/opt/rustwide/target:rw,Z" "-v" "/var/lib/crater-agent-workspace/builds/worker-12/source:/opt/rustwide/workdir:ro,Z" "-v" "/var/lib/crater-agent-workspace/cargo-home:/opt/rustwide/cargo-home:ro,Z" "-v" "/var/lib/crater-agent-workspace/rustup-home:/opt/rustwide/rustup-home:ro,Z" "-e" "SOURCE_DIR=/opt/rustwide/workdir" "-e" "CARGO_TARGET_DIR=/opt/rustwide/target" "-e" "CARGO_HOME=/opt/rustwide/cargo-home" "-e" "RUSTUP_HOME=/opt/rustwide/rustup-home" "-w" "/opt/rustwide/workdir" "-m" "1610612736" "--user" "0:0" "--network" "none" "ghcr.io/rust-lang/crates-build-env/linux@sha256:a89201d6b5b9fd45c15d5952ece0a0129e7e80cb26ec023fd59cf09bc26f1604" "/opt/rustwide/cargo-home/bin/cargo" "+beta-2021-10-15" "metadata" "--no-deps" "--format-version=1", kill_on_drop: false }`
[INFO] [stdout] c01f28521186b49b7d7e10aac790fc52917f5ae91f9179cf405bf213a645e42f
[INFO] [stderr] WARNING: Your kernel does not support swap limit capabilities or the cgroup is not mounted. Memory limited without swap.
[INFO] running `Command { std: "docker" "start" "-a" "c01f28521186b49b7d7e10aac790fc52917f5ae91f9179cf405bf213a645e42f", kill_on_drop: false }`
[INFO] running `Command { std: "docker" "inspect" "c01f28521186b49b7d7e10aac790fc52917f5ae91f9179cf405bf213a645e42f", kill_on_drop: false }`
[INFO] running `Command { std: "docker" "rm" "-f" "c01f28521186b49b7d7e10aac790fc52917f5ae91f9179cf405bf213a645e42f", kill_on_drop: false }`
[INFO] [stdout] c01f28521186b49b7d7e10aac790fc52917f5ae91f9179cf405bf213a645e42f
[INFO] running `Command { std: "docker" "create" "-v" "/var/lib/crater-agent-workspace/builds/worker-12/target:/opt/rustwide/target:rw,Z" "-v" "/var/lib/crater-agent-workspace/builds/worker-12/source:/opt/rustwide/workdir:ro,Z" "-v" "/var/lib/crater-agent-workspace/cargo-home:/opt/rustwide/cargo-home:ro,Z" "-v" "/var/lib/crater-agent-workspace/rustup-home:/opt/rustwide/rustup-home:ro,Z" "-e" "SOURCE_DIR=/opt/rustwide/workdir" "-e" "CARGO_TARGET_DIR=/opt/rustwide/target" "-e" "CARGO_INCREMENTAL=0" "-e" "RUST_BACKTRACE=full" "-e" "RUSTFLAGS=--cap-lints=warn" "-e" "CARGO_HOME=/opt/rustwide/cargo-home" "-e" "RUSTUP_HOME=/opt/rustwide/rustup-home" "-w" "/opt/rustwide/workdir" "-m" "1610612736" "--user" "0:0" "--network" "none" "ghcr.io/rust-lang/crates-build-env/linux@sha256:a89201d6b5b9fd45c15d5952ece0a0129e7e80cb26ec023fd59cf09bc26f1604" "/opt/rustwide/cargo-home/bin/cargo" "+beta-2021-10-15" "check" "--frozen" "--all" "--all-targets" "--message-format=json", kill_on_drop: false }`
[INFO] [stdout] b23014ddd32fe7e14ede400295933b199c55221f62da40649daa945a9b039206
[INFO] [stderr] WARNING: Your kernel does not support swap limit capabilities or the cgroup is not mounted. Memory limited without swap.
[INFO] running `Command { std: "docker" "start" "-a" "b23014ddd32fe7e14ede400295933b199c55221f62da40649daa945a9b039206", kill_on_drop: false }`
[INFO] [stderr]     Blocking waiting for file lock on package cache
[INFO] [stderr]    Compiling bytes v1.1.0
[INFO] [stderr]    Compiling fixedbitset v0.4.0
[INFO] [stderr]    Compiling pin-project-internal v0.4.28
[INFO] [stderr]     Checking unsigned-varint v0.7.0
[INFO] [stderr]     Checking bs58 v0.4.0
[INFO] [stderr]     Checking asn1_der v0.7.5
[INFO] [stderr]    Compiling tokio v1.12.0
[INFO] [stderr]    Compiling ring v0.16.20
[INFO] [stderr]     Checking dns-parser v0.8.0
[INFO] [stderr]    Compiling serde v1.0.130
[INFO] [stderr]    Compiling syn v1.0.80
[INFO] [stderr]    Compiling prost-build v0.9.0
[INFO] [stderr]    Compiling petgraph v0.6.0
[INFO] [stderr]    Compiling toml v0.5.8
[INFO] [stderr]    Compiling synstructure v0.12.6
[INFO] [stderr]    Compiling proc-macro-error v1.0.4
[INFO] [stderr]    Compiling ctor v0.1.21
[INFO] [stderr]    Compiling prost-derive v0.9.0
[INFO] [stderr]    Compiling futures-macro v0.3.17
[INFO] [stderr]    Compiling thiserror-impl v1.0.30
[INFO] [stderr]    Compiling zeroize_derive v1.2.0
[INFO] [stderr]    Compiling pin-project-internal v1.0.8
[INFO] [stderr]    Compiling tokio-macros v1.5.0
[INFO] [stderr]    Compiling async-attributes v1.1.2
[INFO] [stderr]     Checking value-bag v1.0.0-alpha.7
[INFO] [stderr]     Checking zeroize v1.4.2
[INFO] [stderr]     Checking curve25519-dalek v3.2.0
[INFO] [stderr]     Checking log v0.4.14
[INFO] [stderr]     Checking futures-util v0.3.17
[INFO] [stderr]     Checking polling v2.1.0
[INFO] [stderr]     Checking kv-log-macro v1.0.7
[INFO] [stderr]    Compiling thiserror v1.0.30
[INFO] [stderr]     Checking pin-project v1.0.8
[INFO] [stderr]     Checking async-io v1.6.0
[INFO] [stderr]    Compiling proc-macro-crate v1.1.0
[INFO] [stderr]     Checking ed25519-dalek v1.0.1
[INFO] [stderr]    Compiling multihash-derive v0.7.2
[INFO] [stderr]     Checking pin-project v0.4.28
[INFO] [stderr]     Checking async-global-executor v2.0.2
[INFO] [stderr]     Checking if-watch v0.2.2
[INFO] [stderr]    Compiling prost v0.9.0
[INFO] [stderr]     Checking async-std v1.10.0
[INFO] [stderr]    Compiling prost-types v0.9.0
[INFO] [stderr]     Checking futures-executor v0.3.17
[INFO] [stderr]     Checking multihash v0.14.0
[INFO] [stderr]     Checking futures v0.3.17
[INFO] [stderr]     Checking multistream-select v0.10.4
[INFO] [stderr]     Checking rw-stream-sink v0.2.1
[INFO] [stderr]     Checking wasm-timer v0.2.5
[INFO] [stderr]     Checking multiaddr v0.13.0
[INFO] [stderr]    Compiling libp2p-core v0.30.0-rc.1
[INFO] [stderr]     Checking libp2p-swarm v0.31.0-rc.1
[INFO] [stderr]     Checking libp2p-mdns v0.32.0-rc.1 (/opt/rustwide/workdir)
[INFO] [stdout] error[E0433]: failed to resolve: use of undeclared crate or module `libp2p`
[INFO] [stdout]   --> tests/smoke.rs:22:5
[INFO] [stdout]    |
[INFO] [stdout] 22 | use libp2p::{
[INFO] [stdout]    |     ^^^^^^ use of undeclared crate or module `libp2p`
[INFO] [stdout] 
[INFO] [stdout] 
[INFO] [stdout] error[E0432]: unresolved import `libp2p`
[INFO] [stdout]   --> tests/smoke.rs:22:5
[INFO] [stdout]    |
[INFO] [stdout] 22 | use libp2p::{
[INFO] [stdout]    |     ^^^^^^ use of undeclared crate or module `libp2p`
[INFO] [stdout] 
[INFO] [stdout] 
[INFO] [stdout] error[E0433]: failed to resolve: use of undeclared crate or module `libp2p`
[INFO] [stdout]   --> tests/smoke.rs:33:21
[INFO] [stdout]    |
[INFO] [stdout] 33 |     let transport = libp2p::development_transport(id_keys).await?;
[INFO] [stdout]    |                     ^^^^^^ use of undeclared crate or module `libp2p`
[INFO] [stdout] 
[INFO] [stdout] 
[INFO] [stdout] error[E0433]: failed to resolve: use of undeclared type `SwarmEvent`
[INFO] [stdout]   --> tests/smoke.rs:48:17
[INFO] [stdout]    |
[INFO] [stdout] 48 |                 SwarmEvent::Behaviour(MdnsEvent::Discovered(peers)) => {
[INFO] [stdout]    |                 ^^^^^^^^^^ use of undeclared type `SwarmEvent`
[INFO] [stdout] 
[INFO] [stdout] 
[INFO] [stdout] error[E0433]: failed to resolve: use of undeclared type `MdnsEvent`
[INFO] [stdout]   --> tests/smoke.rs:48:39
[INFO] [stdout]    |
[INFO] [stdout] 48 |                 SwarmEvent::Behaviour(MdnsEvent::Discovered(peers)) => {
[INFO] [stdout]    |                                       ^^^^^^^^^ use of undeclared type `MdnsEvent`
[INFO] [stdout] 
[INFO] [stdout] 
[INFO] [stdout] error[E0433]: failed to resolve: use of undeclared type `SwarmEvent`
[INFO] [stdout]   --> tests/smoke.rs:62:17
[INFO] [stdout]    |
[INFO] [stdout] 62 |                 SwarmEvent::Behaviour(MdnsEvent::Discovered(peers)) => {
[INFO] [stdout]    |                 ^^^^^^^^^^ use of undeclared type `SwarmEvent`
[INFO] [stdout] 
[INFO] [stdout] 
[INFO] [stdout] error[E0433]: failed to resolve: use of undeclared type `MdnsEvent`
[INFO] [stdout]   --> tests/smoke.rs:62:39
[INFO] [stdout]    |
[INFO] [stdout] 62 |                 SwarmEvent::Behaviour(MdnsEvent::Discovered(peers)) => {
[INFO] [stdout]    |                                       ^^^^^^^^^ use of undeclared type `MdnsEvent`
[INFO] [stdout] 
[INFO] [stdout] 
[INFO] [stdout] error[E0412]: cannot find type `MdnsConfig` in this scope
[INFO] [stdout]   --> tests/smoke.rs:30:31
[INFO] [stdout]    |
[INFO] [stdout] 30 | async fn create_swarm(config: MdnsConfig) -> Result<Swarm<Mdns>, Box<dyn Error>> {
[INFO] [stdout]    |                               ^^^^^^^^^^ not found in this scope
[INFO] [stdout]    |
[INFO] [stdout] help: consider importing this struct
[INFO] [stdout]    |
[INFO] [stdout] 21 | use libp2p_mdns::MdnsConfig;
[INFO] [stdout]    |
[INFO] [stdout] 
[INFO] [stdout] 
[INFO] [stdout] error[E0412]: cannot find type `Swarm` in this scope
[INFO] [stdout]   --> tests/smoke.rs:30:53
[INFO] [stdout]    |
[INFO] [stdout] 30 | async fn create_swarm(config: MdnsConfig) -> Result<Swarm<Mdns>, Box<dyn Error>> {
[INFO] [stdout]    |                                                     ^^^^^ not found in this scope
[INFO] [stdout]    |
[INFO] [stdout] help: consider importing this struct
[INFO] [stdout]    |
[INFO] [stdout] 21 | use libp2p_swarm::Swarm;
[INFO] [stdout]    |
[INFO] [stdout] 
[INFO] [stdout] 
[INFO] [stdout] error[E0412]: cannot find type `Mdns` in this scope
[INFO] [stdout]   --> tests/smoke.rs:30:59
[INFO] [stdout]    |
[INFO] [stdout] 30 | async fn create_swarm(config: MdnsConfig) -> Result<Swarm<Mdns>, Box<dyn Error>> {
[INFO] [stdout]    |                                                           ^^^^ not found in this scope
[INFO] [stdout]    |
[INFO] [stdout] help: consider importing this struct
[INFO] [stdout]    |
[INFO] [stdout] 21 | use libp2p_mdns::Mdns;
[INFO] [stdout]    |
[INFO] [stdout] 
[INFO] [stdout] 
[INFO] [stdout] error[E0433]: failed to resolve: use of undeclared type `Mdns`
[INFO] [stdout]   --> tests/smoke.rs:34:21
[INFO] [stdout]    |
[INFO] [stdout] 34 |     let behaviour = Mdns::new(config).await?;
[INFO] [stdout]    |                     ^^^^ not found in this scope
[INFO] [stdout]    |
[INFO] [stdout] help: consider importing this struct
[INFO] [stdout]    |
[INFO] [stdout] 21 | use libp2p_mdns::Mdns;
[INFO] [stdout]    |
[INFO] [stdout] 
[INFO] [stdout] 
[INFO] [stdout] error[E0433]: failed to resolve: use of undeclared type `Swarm`
[INFO] [stdout]   --> tests/smoke.rs:35:21
[INFO] [stdout]    |
[INFO] [stdout] 35 |     let mut swarm = Swarm::new(transport, behaviour, peer_id);
[INFO] [stdout]    |                     ^^^^^ not found in this scope
[INFO] [stdout]    |
[INFO] [stdout] help: consider importing this struct
[INFO] [stdout]    |
[INFO] [stdout] 21 | use libp2p_swarm::Swarm;
[INFO] [stdout]    |
[INFO] [stdout] 
[INFO] [stdout] 
[INFO] [stdout] error[E0412]: cannot find type `MdnsConfig` in this scope
[INFO] [stdout]   --> tests/smoke.rs:40:27
[INFO] [stdout]    |
[INFO] [stdout] 40 | async fn run_test(config: MdnsConfig) -> Result<(), Box<dyn Error>> {
[INFO] [stdout]    |                           ^^^^^^^^^^ not found in this scope
[INFO] [stdout]    |
[INFO] [stdout] help: consider importing this struct
[INFO] [stdout]    |
[INFO] [stdout] 21 | use libp2p_mdns::MdnsConfig;
[INFO] [stdout]    |
[INFO] [stdout] 
[INFO] [stdout] 
[INFO] [stdout] error[E0433]: failed to resolve: use of undeclared type `MdnsConfig`
[INFO] [stdout]   --> tests/smoke.rs:81:14
[INFO] [stdout]    |
[INFO] [stdout] 81 |     run_test(MdnsConfig::default()).await
[INFO] [stdout]    |              ^^^^^^^^^^ not found in this scope
[INFO] [stdout]    |
[INFO] [stdout] help: consider importing this struct
[INFO] [stdout]    |
[INFO] [stdout] 21 | use libp2p_mdns::MdnsConfig;
[INFO] [stdout]    |
[INFO] [stdout] 
[INFO] [stdout] 
[INFO] [stdout] error[E0433]: failed to resolve: use of undeclared type `MdnsConfig`
[INFO] [stdout]   --> tests/smoke.rs:86:22
[INFO] [stdout]    |
[INFO] [stdout] 86 |     let mut config = MdnsConfig::default();
[INFO] [stdout]    |                      ^^^^^^^^^^ not found in this scope
[INFO] [stdout]    |
[INFO] [stdout] help: consider importing this struct
[INFO] [stdout]    |
[INFO] [stdout] 21 | use libp2p_mdns::MdnsConfig;
[INFO] [stdout]    |
[INFO] [stdout] 
[INFO] [stdout] 
[INFO] [stdout] error[E0425]: cannot find value `IPV6_MDNS_MULTICAST_ADDRESS` in this scope
[INFO] [stdout]   --> tests/smoke.rs:87:30
[INFO] [stdout]    |
[INFO] [stdout] 87 |     config.multicast_addr = *IPV6_MDNS_MULTICAST_ADDRESS;
[INFO] [stdout]    |                              ^^^^^^^^^^^^^^^^^^^^^^^^^^^ not found in this scope
[INFO] [stdout]    |
[INFO] [stdout] help: consider importing this static
[INFO] [stdout]    |
[INFO] [stdout] 21 | use libp2p_mdns::IPV6_MDNS_MULTICAST_ADDRESS;
[INFO] [stdout]    |
[INFO] [stdout] 
[INFO] [stdout] 
[INFO] [stdout] error[E0433]: failed to resolve: use of undeclared type `MdnsConfig`
[INFO] [stdout]   --> tests/smoke.rs:88:14
[INFO] [stdout]    |
[INFO] [stdout] 88 |     run_test(MdnsConfig::default()).await
[INFO] [stdout]    |              ^^^^^^^^^^ not found in this scope
[INFO] [stdout]    |
[INFO] [stdout] help: consider importing this struct
[INFO] [stdout]    |
[INFO] [stdout] 21 | use libp2p_mdns::MdnsConfig;
[INFO] [stdout]    |
[INFO] [stdout] 
[INFO] [stdout] 
[INFO] [stdout] error[E0433]: failed to resolve: use of undeclared type `MdnsConfig`
[INFO] [stdout]   --> tests/smoke.rs:93:14
[INFO] [stdout]    |
[INFO] [stdout] 93 |     run_test(MdnsConfig::default()).await
[INFO] [stdout]    |              ^^^^^^^^^^ not found in this scope
[INFO] [stdout]    |
[INFO] [stdout] help: consider importing this struct
[INFO] [stdout]    |
[INFO] [stdout] 21 | use libp2p_mdns::MdnsConfig;
[INFO] [stdout]    |
[INFO] [stdout] 
[INFO] [stdout] 
[INFO] [stdout] error[E0433]: failed to resolve: use of undeclared type `MdnsConfig`
[INFO] [stdout]   --> tests/smoke.rs:98:22
[INFO] [stdout]    |
[INFO] [stdout] 98 |     let mut config = MdnsConfig::default();
[INFO] [stdout]    |                      ^^^^^^^^^^ not found in this scope
[INFO] [stdout]    |
[INFO] [stdout] help: consider importing this struct
[INFO] [stdout]    |
[INFO] [stdout] 21 | use libp2p_mdns::MdnsConfig;
[INFO] [stdout]    |
[INFO] [stdout] 
[INFO] [stdout] 
[INFO] [stdout] error[E0425]: cannot find value `IPV6_MDNS_MULTICAST_ADDRESS` in this scope
[INFO] [stdout]   --> tests/smoke.rs:99:30
[INFO] [stdout]    |
[INFO] [stdout] 99 |     config.multicast_addr = *IPV6_MDNS_MULTICAST_ADDRESS;
[INFO] [stdout]    |                              ^^^^^^^^^^^^^^^^^^^^^^^^^^^ not found in this scope
[INFO] [stdout]    |
[INFO] [stdout] help: consider importing this static
[INFO] [stdout]    |
[INFO] [stdout] 21 | use libp2p_mdns::IPV6_MDNS_MULTICAST_ADDRESS;
[INFO] [stdout]    |
[INFO] [stdout] 
[INFO] [stdout] 
[INFO] [stdout] error[E0433]: failed to resolve: use of undeclared type `MdnsConfig`
[INFO] [stdout]    --> tests/smoke.rs:100:14
[INFO] [stdout]     |
[INFO] [stdout] 100 |     run_test(MdnsConfig::default()).await
[INFO] [stdout]     |              ^^^^^^^^^^ not found in this scope
[INFO] [stdout]     |
[INFO] [stdout] help: consider importing this struct
[INFO] [stdout]     |
[INFO] [stdout] 21  | use libp2p_mdns::MdnsConfig;
[INFO] [stdout]     |
[INFO] [stdout] 
[INFO] [stdout] 
[INFO] [stdout] warning: unused import: `futures::StreamExt`
[INFO] [stdout]   --> tests/smoke.rs:21:5
[INFO] [stdout]    |
[INFO] [stdout] 21 | use futures::StreamExt;
[INFO] [stdout]    |     ^^^^^^^^^^^^^^^^^^
[INFO] [stdout]    |
[INFO] [stdout]    = note: `#[warn(unused_imports)]` on by default
[INFO] [stdout] 
[INFO] [stdout] 
[INFO] [stdout] error: aborting due to 21 previous errors; 1 warning emitted
[INFO] [stdout] 
[INFO] [stdout] 
[INFO] [stdout] Some errors have detailed explanations: E0412, E0425, E0432, E0433.
[INFO] [stdout] 
[INFO] [stdout] For more information about an error, try `rustc --explain E0412`.
[INFO] [stdout] 
[INFO] [stderr] error: could not compile `libp2p-mdns` due to 22 previous errors; 1 warning emitted
[INFO] running `Command { std: "docker" "inspect" "b23014ddd32fe7e14ede400295933b199c55221f62da40649daa945a9b039206", kill_on_drop: false }`
[INFO] running `Command { std: "docker" "rm" "-f" "b23014ddd32fe7e14ede400295933b199c55221f62da40649daa945a9b039206", kill_on_drop: false }`
[INFO] [stdout] b23014ddd32fe7e14ede400295933b199c55221f62da40649daa945a9b039206
