[INFO] fetching crate libkatatsuki-sys 1.0.11...
[INFO] checking libkatatsuki-sys-1.0.11 against 1.55.0 for beta-1.56-3
[INFO] extracting crate libkatatsuki-sys 1.0.11 into /workspace/builds/worker-10/source
[INFO] validating manifest of crates.io crate libkatatsuki-sys 1.0.11 on toolchain 1.55.0
[INFO] running `Command { std: "/workspace/cargo-home/bin/cargo" "+1.55.0" "metadata" "--manifest-path" "Cargo.toml" "--no-deps", kill_on_drop: false }`
[INFO] started tweaking crates.io crate libkatatsuki-sys 1.0.11
[INFO] finished tweaking crates.io crate libkatatsuki-sys 1.0.11
[INFO] tweaked toml for crates.io crate libkatatsuki-sys 1.0.11 written to /workspace/builds/worker-10/source/Cargo.toml
[INFO] running `Command { std: "/workspace/cargo-home/bin/cargo" "+1.55.0" "generate-lockfile" "--manifest-path" "Cargo.toml" "-Zno-index-update", kill_on_drop: false }`
[INFO] running `Command { std: "/workspace/cargo-home/bin/cargo" "+1.55.0" "fetch" "--manifest-path" "Cargo.toml", kill_on_drop: false }`
[INFO] running `Command { std: "docker" "create" "-v" "/var/lib/crater-agent-workspace/builds/worker-10/target:/opt/rustwide/target:rw,Z" "-v" "/var/lib/crater-agent-workspace/builds/worker-10/source:/opt/rustwide/workdir:ro,Z" "-v" "/var/lib/crater-agent-workspace/cargo-home:/opt/rustwide/cargo-home:ro,Z" "-v" "/var/lib/crater-agent-workspace/rustup-home:/opt/rustwide/rustup-home:ro,Z" "-e" "SOURCE_DIR=/opt/rustwide/workdir" "-e" "CARGO_TARGET_DIR=/opt/rustwide/target" "-e" "CARGO_HOME=/opt/rustwide/cargo-home" "-e" "RUSTUP_HOME=/opt/rustwide/rustup-home" "-w" "/opt/rustwide/workdir" "-m" "1610612736" "--user" "0:0" "--network" "none" "ghcr.io/rust-lang/crates-build-env/linux@sha256:a89201d6b5b9fd45c15d5952ece0a0129e7e80cb26ec023fd59cf09bc26f1604" "/opt/rustwide/cargo-home/bin/cargo" "+1.55.0" "metadata" "--no-deps" "--format-version=1", kill_on_drop: false }`
[INFO] [stdout] e97cd16e93df0c62e8b9839a035ee5fb501b8c375534887a396674bc96782fdd
[INFO] [stderr] WARNING: Your kernel does not support swap limit capabilities or the cgroup is not mounted. Memory limited without swap.
[INFO] running `Command { std: "docker" "start" "-a" "e97cd16e93df0c62e8b9839a035ee5fb501b8c375534887a396674bc96782fdd", kill_on_drop: false }`
[INFO] running `Command { std: "docker" "inspect" "e97cd16e93df0c62e8b9839a035ee5fb501b8c375534887a396674bc96782fdd", kill_on_drop: false }`
[INFO] running `Command { std: "docker" "rm" "-f" "e97cd16e93df0c62e8b9839a035ee5fb501b8c375534887a396674bc96782fdd", kill_on_drop: false }`
[INFO] [stdout] e97cd16e93df0c62e8b9839a035ee5fb501b8c375534887a396674bc96782fdd
[INFO] running `Command { std: "docker" "create" "-v" "/var/lib/crater-agent-workspace/builds/worker-10/target:/opt/rustwide/target:rw,Z" "-v" "/var/lib/crater-agent-workspace/builds/worker-10/source:/opt/rustwide/workdir:ro,Z" "-v" "/var/lib/crater-agent-workspace/cargo-home:/opt/rustwide/cargo-home:ro,Z" "-v" "/var/lib/crater-agent-workspace/rustup-home:/opt/rustwide/rustup-home:ro,Z" "-e" "SOURCE_DIR=/opt/rustwide/workdir" "-e" "CARGO_TARGET_DIR=/opt/rustwide/target" "-e" "CARGO_INCREMENTAL=0" "-e" "RUST_BACKTRACE=full" "-e" "RUSTFLAGS=--cap-lints=warn" "-e" "CARGO_HOME=/opt/rustwide/cargo-home" "-e" "RUSTUP_HOME=/opt/rustwide/rustup-home" "-w" "/opt/rustwide/workdir" "-m" "1610612736" "--user" "0:0" "--network" "none" "ghcr.io/rust-lang/crates-build-env/linux@sha256:a89201d6b5b9fd45c15d5952ece0a0129e7e80cb26ec023fd59cf09bc26f1604" "/opt/rustwide/cargo-home/bin/cargo" "+1.55.0" "check" "--frozen" "--all" "--all-targets" "--message-format=json", kill_on_drop: false }`
[INFO] [stdout] f11f13656ee2a63d1b7499766f13d30832492d086ec7d4d109dad6207d940320
[INFO] [stderr] WARNING: Your kernel does not support swap limit capabilities or the cgroup is not mounted. Memory limited without swap.
[INFO] running `Command { std: "docker" "start" "-a" "f11f13656ee2a63d1b7499766f13d30832492d086ec7d4d109dad6207d940320", kill_on_drop: false }`
[INFO] [stderr]    Compiling bindgen v0.56.0
[INFO] [stderr]    Compiling regex v1.5.4
[INFO] [stderr]    Compiling env_logger v0.8.4
[INFO] [stderr]    Compiling libkatatsuki-sys v1.0.11 (/opt/rustwide/workdir)
[INFO] [stderr] error: failed to run custom build command for `libkatatsuki-sys v1.0.11 (/opt/rustwide/workdir)`
[INFO] [stderr] 
[INFO] [stderr] Caused by:
[INFO] [stderr]   process didn't exit successfully: `/opt/rustwide/target/debug/build/libkatatsuki-sys-7cd04750bbeac412/build-script-build` (exit status: 101)
[INFO] [stderr]   --- stdout
[INFO] [stderr]   CMAKE_TOOLCHAIN_FILE_x86_64-unknown-linux-gnu = None
[INFO] [stderr]   CMAKE_TOOLCHAIN_FILE_x86_64_unknown_linux_gnu = None
[INFO] [stderr]   HOST_CMAKE_TOOLCHAIN_FILE = None
[INFO] [stderr]   CMAKE_TOOLCHAIN_FILE = None
[INFO] [stderr]   CMAKE_GENERATOR_x86_64-unknown-linux-gnu = None
[INFO] [stderr]   CMAKE_GENERATOR_x86_64_unknown_linux_gnu = None
[INFO] [stderr]   HOST_CMAKE_GENERATOR = None
[INFO] [stderr]   CMAKE_GENERATOR = None
[INFO] [stderr]   CMAKE_PREFIX_PATH_x86_64-unknown-linux-gnu = None
[INFO] [stderr]   CMAKE_PREFIX_PATH_x86_64_unknown_linux_gnu = None
[INFO] [stderr]   HOST_CMAKE_PREFIX_PATH = None
[INFO] [stderr]   CMAKE_PREFIX_PATH = None
[INFO] [stderr]   CMAKE_x86_64-unknown-linux-gnu = None
[INFO] [stderr]   CMAKE_x86_64_unknown_linux_gnu = None
[INFO] [stderr]   HOST_CMAKE = None
[INFO] [stderr]   CMAKE = None
[INFO] [stderr]   running: "cmake" "-Wdev" "--debug-output" "/opt/rustwide/workdir/libkatatsuki" "-DCMAKE_INSTALL_PREFIX=/opt/rustwide/target/debug/build/libkatatsuki-sys-9e7bb4ca81cd2a0a/out" "-DCMAKE_C_FLAGS= -lstdc++ -ffunction-sections -fdata-sections -fPIC -m64" "-DCMAKE_C_COMPILER=/usr/bin/cc" "-DCMAKE_CXX_FLAGS= -std=c++1z -lstdc++ -ffunction-sections -fdata-sections -fPIC -m64" "-DCMAKE_CXX_COMPILER=/usr/bin/c++" "-DCMAKE_ASM_FLAGS= -ffunction-sections -fdata-sections -fPIC -m64" "-DCMAKE_ASM_COMPILER=/usr/bin/cc" "-DCMAKE_BUILD_TYPE=Release" "-DCMAKE_VERBOSE_MAKEFILE:BOOL=ON"
[INFO] [stderr]   Running with debug output on.
[INFO] [stderr]   -- The C compiler identification is GNU 9.3.0
[INFO] [stderr]      Called from: [3]	/usr/share/cmake-3.16/Modules/CMakeDetermineCompilerId.cmake
[INFO] [stderr]                   [2]	/usr/share/cmake-3.16/Modules/CMakeDetermineCCompiler.cmake
[INFO] [stderr]                   [1]	/opt/rustwide/workdir/libkatatsuki/CMakeLists.txt
[INFO] [stderr]   -- The CXX compiler identification is GNU 9.3.0
[INFO] [stderr]      Called from: [3]	/usr/share/cmake-3.16/Modules/CMakeDetermineCompilerId.cmake
[INFO] [stderr]                   [2]	/usr/share/cmake-3.16/Modules/CMakeDetermineCXXCompiler.cmake
[INFO] [stderr]                   [1]	/opt/rustwide/workdir/libkatatsuki/CMakeLists.txt
[INFO] [stderr]   -- Check for working C compiler: /usr/bin/cc
[INFO] [stderr]      Called from: [3]	/usr/share/cmake-3.16/Modules/CMakeTestCompilerCommon.cmake
[INFO] [stderr]                   [2]	/usr/share/cmake-3.16/Modules/CMakeTestCCompiler.cmake
[INFO] [stderr]                   [1]	/opt/rustwide/workdir/libkatatsuki/CMakeLists.txt
[INFO] [stderr]   -- Check for working C compiler: /usr/bin/cc -- works
[INFO] [stderr]      Called from: [3]	/usr/share/cmake-3.16/Modules/CMakeTestCompilerCommon.cmake
[INFO] [stderr]                   [2]	/usr/share/cmake-3.16/Modules/CMakeTestCCompiler.cmake
[INFO] [stderr]                   [1]	/opt/rustwide/workdir/libkatatsuki/CMakeLists.txt
[INFO] [stderr]   -- Detecting C compiler ABI info
[INFO] [stderr]      Called from: [3]	/usr/share/cmake-3.16/Modules/CMakeDetermineCompilerABI.cmake
[INFO] [stderr]                   [2]	/usr/share/cmake-3.16/Modules/CMakeTestCCompiler.cmake
[INFO] [stderr]                   [1]	/opt/rustwide/workdir/libkatatsuki/CMakeLists.txt
[INFO] [stderr]   -- Detecting C compiler ABI info - done
[INFO] [stderr]      Called from: [3]	/usr/share/cmake-3.16/Modules/CMakeDetermineCompilerABI.cmake
[INFO] [stderr]                   [2]	/usr/share/cmake-3.16/Modules/CMakeTestCCompiler.cmake
[INFO] [stderr]                   [1]	/opt/rustwide/workdir/libkatatsuki/CMakeLists.txt
[INFO] [stderr]   -- Detecting C compile features
[INFO] [stderr]      Called from: [3]	/usr/share/cmake-3.16/Modules/CMakeDetermineCompileFeatures.cmake
[INFO] [stderr]                   [2]	/usr/share/cmake-3.16/Modules/CMakeTestCCompiler.cmake
[INFO] [stderr]                   [1]	/opt/rustwide/workdir/libkatatsuki/CMakeLists.txt
[INFO] [stderr]   -- Detecting C compile features - done
[INFO] [stderr]      Called from: [3]	/usr/share/cmake-3.16/Modules/CMakeDetermineCompileFeatures.cmake
[INFO] [stderr]                   [2]	/usr/share/cmake-3.16/Modules/CMakeTestCCompiler.cmake
[INFO] [stderr]                   [1]	/opt/rustwide/workdir/libkatatsuki/CMakeLists.txt
[INFO] [stderr]   -- Check for working CXX compiler: /usr/bin/c++
[INFO] [stderr]      Called from: [3]	/usr/share/cmake-3.16/Modules/CMakeTestCompilerCommon.cmake
[INFO] [stderr]                   [2]	/usr/share/cmake-3.16/Modules/CMakeTestCXXCompiler.cmake
[INFO] [stderr]                   [1]	/opt/rustwide/workdir/libkatatsuki/CMakeLists.txt
[INFO] [stderr]   -- Check for working CXX compiler: /usr/bin/c++ -- works
[INFO] [stderr]      Called from: [3]	/usr/share/cmake-3.16/Modules/CMakeTestCompilerCommon.cmake
[INFO] [stderr]                   [2]	/usr/share/cmake-3.16/Modules/CMakeTestCXXCompiler.cmake
[INFO] [stderr]                   [1]	/opt/rustwide/workdir/libkatatsuki/CMakeLists.txt
[INFO] [stderr]   -- Detecting CXX compiler ABI info
[INFO] [stderr]      Called from: [3]	/usr/share/cmake-3.16/Modules/CMakeDetermineCompilerABI.cmake
[INFO] [stderr]                   [2]	/usr/share/cmake-3.16/Modules/CMakeTestCXXCompiler.cmake
[INFO] [stderr]                   [1]	/opt/rustwide/workdir/libkatatsuki/CMakeLists.txt
[INFO] [stderr]   -- Detecting CXX compiler ABI info - done
[INFO] [stderr]      Called from: [3]	/usr/share/cmake-3.16/Modules/CMakeDetermineCompilerABI.cmake
[INFO] [stderr]                   [2]	/usr/share/cmake-3.16/Modules/CMakeTestCXXCompiler.cmake
[INFO] [stderr]                   [1]	/opt/rustwide/workdir/libkatatsuki/CMakeLists.txt
[INFO] [stderr]   -- Detecting CXX compile features
[INFO] [stderr]      Called from: [3]	/usr/share/cmake-3.16/Modules/CMakeDetermineCompileFeatures.cmake
[INFO] [stderr]                   [2]	/usr/share/cmake-3.16/Modules/CMakeTestCXXCompiler.cmake
[INFO] [stderr]                   [1]	/opt/rustwide/workdir/libkatatsuki/CMakeLists.txt
[INFO] [stderr]   -- Detecting CXX compile features - done
[INFO] [stderr]      Called from: [3]	/usr/share/cmake-3.16/Modules/CMakeDetermineCompileFeatures.cmake
[INFO] [stderr]                   [2]	/usr/share/cmake-3.16/Modules/CMakeTestCXXCompiler.cmake
[INFO] [stderr]                   [1]	/opt/rustwide/workdir/libkatatsuki/CMakeLists.txt
[INFO] [stderr]   -- Configuring done
[INFO] [stderr]   -- Generating /opt/rustwide/target/debug/build/libkatatsuki-sys-9e7bb4ca81cd2a0a/out/build
[INFO] [stderr]      Called from: [1]	/opt/rustwide/workdir/libkatatsuki/CMakeLists.txt
[INFO] [stderr]   -- Generating done
[INFO] [stderr]   -- Build files have been written to: /opt/rustwide/target/debug/build/libkatatsuki-sys-9e7bb4ca81cd2a0a/out/build
[INFO] [stderr]   running: "cmake" "--build" "." "--target" "katatsuki" "--config" "Release" "--parallel" "16"
[INFO] [stderr]   /usr/bin/cmake -S/opt/rustwide/workdir/libkatatsuki -B/opt/rustwide/target/debug/build/libkatatsuki-sys-9e7bb4ca81cd2a0a/out/build --check-build-system CMakeFiles/Makefile.cmake 0
[INFO] [stderr]   /usr/bin/make -f CMakeFiles/Makefile2 katatsuki
[INFO] [stderr]   make[1]: Entering directory '/opt/rustwide/target/debug/build/libkatatsuki-sys-9e7bb4ca81cd2a0a/out/build'
[INFO] [stderr]   /usr/bin/cmake -S/opt/rustwide/workdir/libkatatsuki -B/opt/rustwide/target/debug/build/libkatatsuki-sys-9e7bb4ca81cd2a0a/out/build --check-build-system CMakeFiles/Makefile.cmake 0
[INFO] [stderr]   /usr/bin/cmake -E cmake_progress_start /opt/rustwide/target/debug/build/libkatatsuki-sys-9e7bb4ca81cd2a0a/out/build/CMakeFiles 12
[INFO] [stderr]   /usr/bin/make -f CMakeFiles/Makefile2 CMakeFiles/katatsuki.dir/all
[INFO] [stderr]   make[2]: Entering directory '/opt/rustwide/target/debug/build/libkatatsuki-sys-9e7bb4ca81cd2a0a/out/build'
[INFO] [stderr]   /usr/bin/make -f CMakeFiles/taglib.dir/build.make CMakeFiles/taglib.dir/depend
[INFO] [stderr]   make[3]: Entering directory '/opt/rustwide/target/debug/build/libkatatsuki-sys-9e7bb4ca81cd2a0a/out/build'
[INFO] [stderr]   cd /opt/rustwide/target/debug/build/libkatatsuki-sys-9e7bb4ca81cd2a0a/out/build && /usr/bin/cmake -E cmake_depends "Unix Makefiles" /opt/rustwide/workdir/libkatatsuki /opt/rustwide/workdir/libkatatsuki /opt/rustwide/target/debug/build/libkatatsuki-sys-9e7bb4ca81cd2a0a/out/build /opt/rustwide/target/debug/build/libkatatsuki-sys-9e7bb4ca81cd2a0a/out/build /opt/rustwide/target/debug/build/libkatatsuki-sys-9e7bb4ca81cd2a0a/out/build/CMakeFiles/taglib.dir/DependInfo.cmake --color=
[INFO] [stderr]   Dependee "/opt/rustwide/target/debug/build/libkatatsuki-sys-9e7bb4ca81cd2a0a/out/build/CMakeFiles/taglib.dir/DependInfo.cmake" is newer than depender "/opt/rustwide/target/debug/build/libkatatsuki-sys-9e7bb4ca81cd2a0a/out/build/CMakeFiles/taglib.dir/depend.internal".
[INFO] [stderr]   Dependee "/opt/rustwide/target/debug/build/libkatatsuki-sys-9e7bb4ca81cd2a0a/out/build/CMakeFiles/CMakeDirectoryInformation.cmake" is newer than depender "/opt/rustwide/target/debug/build/libkatatsuki-sys-9e7bb4ca81cd2a0a/out/build/CMakeFiles/taglib.dir/depend.internal".
[INFO] [stderr]   Scanning dependencies of target taglib
[INFO] [stderr]   make[3]: Leaving directory '/opt/rustwide/target/debug/build/libkatatsuki-sys-9e7bb4ca81cd2a0a/out/build'
[INFO] [stderr]   /usr/bin/make -f CMakeFiles/taglib.dir/build.make CMakeFiles/taglib.dir/build
[INFO] [stderr]   make[3]: Entering directory '/opt/rustwide/target/debug/build/libkatatsuki-sys-9e7bb4ca81cd2a0a/out/build'
[INFO] [stderr]   [  8%] Creating directories for 'taglib'
[INFO] [stderr]   /usr/bin/cmake -E make_directory /opt/rustwide/target/debug/build/libkatatsuki-sys-9e7bb4ca81cd2a0a/out/build/taglib/src/taglib
[INFO] [stderr]   /usr/bin/cmake -E make_directory /opt/rustwide/target/debug/build/libkatatsuki-sys-9e7bb4ca81cd2a0a/out/build/taglib/src/taglib-build
[INFO] [stderr]   /usr/bin/cmake -E make_directory /opt/rustwide/target/debug/build/libkatatsuki-sys-9e7bb4ca81cd2a0a/out/build/taglib
[INFO] [stderr]   /usr/bin/cmake -E make_directory /opt/rustwide/target/debug/build/libkatatsuki-sys-9e7bb4ca81cd2a0a/out/build/taglib/tmp
[INFO] [stderr]   /usr/bin/cmake -E make_directory /opt/rustwide/target/debug/build/libkatatsuki-sys-9e7bb4ca81cd2a0a/out/build/taglib/src/taglib-stamp
[INFO] [stderr]   /usr/bin/cmake -E make_directory /opt/rustwide/target/debug/build/libkatatsuki-sys-9e7bb4ca81cd2a0a/out/build/taglib/src
[INFO] [stderr]   /usr/bin/cmake -E make_directory /opt/rustwide/target/debug/build/libkatatsuki-sys-9e7bb4ca81cd2a0a/out/build/taglib/src/taglib-stamp
[INFO] [stderr]   /usr/bin/cmake -E touch /opt/rustwide/target/debug/build/libkatatsuki-sys-9e7bb4ca81cd2a0a/out/build/taglib/src/taglib-stamp/taglib-mkdir
[INFO] [stderr]   [ 16%] Performing download step (git clone) for 'taglib'
[INFO] [stderr]   cd /opt/rustwide/target/debug/build/libkatatsuki-sys-9e7bb4ca81cd2a0a/out/build/taglib/src && /usr/bin/cmake -P /opt/rustwide/target/debug/build/libkatatsuki-sys-9e7bb4ca81cd2a0a/out/build/taglib/tmp/taglib-gitclone.cmake
[INFO] [stderr]   -- Had to git clone more than once:
[INFO] [stderr]             3 times.
[INFO] [stderr]   make[3]: Leaving directory '/opt/rustwide/target/debug/build/libkatatsuki-sys-9e7bb4ca81cd2a0a/out/build'
[INFO] [stderr]   make[2]: Leaving directory '/opt/rustwide/target/debug/build/libkatatsuki-sys-9e7bb4ca81cd2a0a/out/build'
[INFO] [stderr]   make[1]: Leaving directory '/opt/rustwide/target/debug/build/libkatatsuki-sys-9e7bb4ca81cd2a0a/out/build'
[INFO] [stderr] 
[INFO] [stderr]   --- stderr
[INFO] [stderr]   CMake Warning at /usr/share/cmake-3.16/Modules/ExternalProject.cmake:1754 (message):
[INFO] [stderr]     Line 'BUILD_SHARED_LIBS=OFF' does not match regex.  Ignoring.
[INFO] [stderr]   Call Stack (most recent call first):
[INFO] [stderr]     /usr/share/cmake-3.16/Modules/ExternalProject.cmake:2939 (_ep_command_line_to_initial_cache)
[INFO] [stderr]     /usr/share/cmake-3.16/Modules/ExternalProject.cmake:2972 (_ep_extract_configure_command)
[INFO] [stderr]     /usr/share/cmake-3.16/Modules/ExternalProject.cmake:3239 (_ep_add_configure_command)
[INFO] [stderr]     CMakeLists.txt:37 (ExternalProject_Add)
[INFO] [stderr] 
[INFO] [stderr] 
[INFO] [stderr]      Called from: [5]	/usr/share/cmake-3.16/Modules/ExternalProject.cmake
[INFO] [stderr]                   [4]	/usr/share/cmake-3.16/Modules/ExternalProject.cmake
[INFO] [stderr]                   [3]	/usr/share/cmake-3.16/Modules/ExternalProject.cmake
[INFO] [stderr]                   [2]	/usr/share/cmake-3.16/Modules/ExternalProject.cmake
[INFO] [stderr]                   [1]	/opt/rustwide/workdir/libkatatsuki/CMakeLists.txt
[INFO] [stderr]   CMake Warning:
[INFO] [stderr]     Manually-specified variables were not used by the project:
[INFO] [stderr] 
[INFO] [stderr]       CMAKE_ASM_COMPILER
[INFO] [stderr]       CMAKE_ASM_FLAGS
[INFO] [stderr] 
[INFO] [stderr] 
[INFO] [stderr]   make: warning: -j16 forced in submake: resetting jobserver mode.
[INFO] [stderr]   Cloning into 'taglib'...
[INFO] [stderr]   fatal: unable to access 'https://github.com/taglib/taglib/': Could not resolve host: github.com
[INFO] [stderr]   Cloning into 'taglib'...
[INFO] [stderr]   fatal: unable to access 'https://github.com/taglib/taglib/': Could not resolve host: github.com
[INFO] [stderr]   Cloning into 'taglib'...
[INFO] [stderr]   fatal: unable to access 'https://github.com/taglib/taglib/': Could not resolve host: github.com
[INFO] [stderr]   CMake Error at /opt/rustwide/target/debug/build/libkatatsuki-sys-9e7bb4ca81cd2a0a/out/build/taglib/tmp/taglib-gitclone.cmake:31 (message):
[INFO] [stderr]     Failed to clone repository: 'https://github.com/taglib/taglib'
[INFO] [stderr] 
[INFO] [stderr] 
[INFO] [stderr]   make[3]: *** [CMakeFiles/taglib.dir/build.make:92: taglib/src/taglib-stamp/taglib-download] Error 1
[INFO] [stderr]   make[2]: *** [CMakeFiles/Makefile2:105: CMakeFiles/taglib.dir/all] Error 2
[INFO] [stderr]   make[1]: *** [CMakeFiles/Makefile2:85: CMakeFiles/katatsuki.dir/rule] Error 2
[INFO] [stderr]   make: *** [Makefile:118: katatsuki] Error 2
[INFO] [stderr]   thread 'main' panicked at '
[INFO] [stderr]   command did not execute successfully, got: exit status: 2
[INFO] [stderr] 
[INFO] [stderr]   build script failed, must exit now', /opt/rustwide/cargo-home/registry/src/github.com-1ecc6299db9ec823/cmake-0.1.46/src/lib.rs:974:5
[INFO] [stderr]   stack backtrace:
[INFO] [stderr]      0:     0x55b0f12b5cf0 - std::backtrace_rs::backtrace::libunwind::trace::ha0ad43e8a952bfe7
[INFO] [stderr]                                  at /rustc/c8dfcfe046a7680554bf4eb612bad840e7631c4b/library/std/src/../../backtrace/src/backtrace/libunwind.rs:90:5
[INFO] [stderr]      1:     0x55b0f12b5cf0 - std::backtrace_rs::backtrace::trace_unsynchronized::h6830419c0c4130dc
[INFO] [stderr]                                  at /rustc/c8dfcfe046a7680554bf4eb612bad840e7631c4b/library/std/src/../../backtrace/src/backtrace/mod.rs:66:5
[INFO] [stderr]      2:     0x55b0f12b5cf0 - std::sys_common::backtrace::_print_fmt::h8f3516631ffa1ef5
[INFO] [stderr]                                  at /rustc/c8dfcfe046a7680554bf4eb612bad840e7631c4b/library/std/src/sys_common/backtrace.rs:67:5
[INFO] [stderr]      3:     0x55b0f12b5cf0 - <std::sys_common::backtrace::_print::DisplayBacktrace as core::fmt::Display>::fmt::he1640d5f0d93f618
[INFO] [stderr]                                  at /rustc/c8dfcfe046a7680554bf4eb612bad840e7631c4b/library/std/src/sys_common/backtrace.rs:46:22
[INFO] [stderr]      4:     0x55b0f12d5b8c - core::fmt::write::h88012e1f01caeebf
[INFO] [stderr]                                  at /rustc/c8dfcfe046a7680554bf4eb612bad840e7631c4b/library/core/src/fmt/mod.rs:1115:17
[INFO] [stderr]      5:     0x55b0f12b28e5 - std::io::Write::write_fmt::h360fa85b30182555
[INFO] [stderr]                                  at /rustc/c8dfcfe046a7680554bf4eb612bad840e7631c4b/library/std/src/io/mod.rs:1665:15
[INFO] [stderr]      6:     0x55b0f12b831b - std::sys_common::backtrace::_print::ha1f00492f406a015
[INFO] [stderr]                                  at /rustc/c8dfcfe046a7680554bf4eb612bad840e7631c4b/library/std/src/sys_common/backtrace.rs:49:5
[INFO] [stderr]      7:     0x55b0f12b831b - std::sys_common::backtrace::print::hd54561b13feb6af3
[INFO] [stderr]                                  at /rustc/c8dfcfe046a7680554bf4eb612bad840e7631c4b/library/std/src/sys_common/backtrace.rs:36:9
[INFO] [stderr]      8:     0x55b0f12b831b - std::panicking::default_hook::{{closure}}::h84fe124cd0864662
[INFO] [stderr]                                  at /rustc/c8dfcfe046a7680554bf4eb612bad840e7631c4b/library/std/src/panicking.rs:208:50
[INFO] [stderr]      9:     0x55b0f12b7df1 - std::panicking::default_hook::h5a8e74a76ce290a7
[INFO] [stderr]                                  at /rustc/c8dfcfe046a7680554bf4eb612bad840e7631c4b/library/std/src/panicking.rs:225:9
[INFO] [stderr]     10:     0x55b0f12b89e4 - std::panicking::rust_panic_with_hook::h67c812a4fe9d4c91
[INFO] [stderr]                                  at /rustc/c8dfcfe046a7680554bf4eb612bad840e7631c4b/library/std/src/panicking.rs:622:17
[INFO] [stderr]     11:     0x55b0f12b84c7 - std::panicking::begin_panic_handler::{{closure}}::h33f9c1b96af300d7
[INFO] [stderr]                                  at /rustc/c8dfcfe046a7680554bf4eb612bad840e7631c4b/library/std/src/panicking.rs:519:13
[INFO] [stderr]     12:     0x55b0f12b61ec - std::sys_common::backtrace::__rust_end_short_backtrace::h51bae64be5921f0e
[INFO] [stderr]                                  at /rustc/c8dfcfe046a7680554bf4eb612bad840e7631c4b/library/std/src/sys_common/backtrace.rs:141:18
[INFO] [stderr]     13:     0x55b0f12b8429 - rust_begin_unwind
[INFO] [stderr]                                  at /rustc/c8dfcfe046a7680554bf4eb612bad840e7631c4b/library/std/src/panicking.rs:515:5
[INFO] [stderr]     14:     0x55b0f122dbbb - std::panicking::begin_panic_fmt::h7ab3d84aa4ae32a2
[INFO] [stderr]                                  at /rustc/c8dfcfe046a7680554bf4eb612bad840e7631c4b/library/std/src/panicking.rs:457:5
[INFO] [stderr]     15:     0x55b0f1238e63 - cmake::fail::h37563b42d1514194
[INFO] [stderr]                                  at /opt/rustwide/cargo-home/registry/src/github.com-1ecc6299db9ec823/cmake-0.1.46/src/lib.rs:974:5
[INFO] [stderr]     16:     0x55b0f1238871 - cmake::run::h2ba85cd35f2f4643
[INFO] [stderr]                                  at /opt/rustwide/cargo-home/registry/src/github.com-1ecc6299db9ec823/cmake-0.1.46/src/lib.rs:952:9
[INFO] [stderr]     17:     0x55b0f123571b - cmake::Config::build::h3ffb65ac826e8246
[INFO] [stderr]                                  at /opt/rustwide/cargo-home/registry/src/github.com-1ecc6299db9ec823/cmake-0.1.46/src/lib.rs:832:9
[INFO] [stderr]     18:     0x55b0f122ec8d - build_script_build::main::h77670f64e6bf4def
[INFO] [stderr]                                  at /opt/rustwide/workdir/build.rs:17:7
[INFO] [stderr]     19:     0x55b0f123018b - core::ops::function::FnOnce::call_once::hd517ce2e810ae688
[INFO] [stderr]                                  at /rustc/c8dfcfe046a7680554bf4eb612bad840e7631c4b/library/core/src/ops/function.rs:227:5
[INFO] [stderr]     20:     0x55b0f122f74e - std::sys_common::backtrace::__rust_begin_short_backtrace::haccf375857c0a55a
[INFO] [stderr]                                  at /rustc/c8dfcfe046a7680554bf4eb612bad840e7631c4b/library/std/src/sys_common/backtrace.rs:125:18
[INFO] [stderr]     21:     0x55b0f12308e1 - std::rt::lang_start::{{closure}}::hcf9e114f8b771391
[INFO] [stderr]                                  at /rustc/c8dfcfe046a7680554bf4eb612bad840e7631c4b/library/std/src/rt.rs:63:18
[INFO] [stderr]     22:     0x55b0f12b8eea - core::ops::function::impls::<impl core::ops::function::FnOnce<A> for &F>::call_once::ha9408abe89f69dc4
[INFO] [stderr]                                  at /rustc/c8dfcfe046a7680554bf4eb612bad840e7631c4b/library/core/src/ops/function.rs:259:13
[INFO] [stderr]     23:     0x55b0f12b8eea - std::panicking::try::do_call::h5b0cc9e9102acb65
[INFO] [stderr]                                  at /rustc/c8dfcfe046a7680554bf4eb612bad840e7631c4b/library/std/src/panicking.rs:401:40
[INFO] [stderr]     24:     0x55b0f12b8eea - std::panicking::try::hddc7f8229138b3ba
[INFO] [stderr]                                  at /rustc/c8dfcfe046a7680554bf4eb612bad840e7631c4b/library/std/src/panicking.rs:365:19
[INFO] [stderr]     25:     0x55b0f12b8eea - std::panic::catch_unwind::hfa401ff8bab2986e
[INFO] [stderr]                                  at /rustc/c8dfcfe046a7680554bf4eb612bad840e7631c4b/library/std/src/panic.rs:434:14
[INFO] [stderr]     26:     0x55b0f12b8eea - std::rt::lang_start_internal::{{closure}}::h8163422320d11405
[INFO] [stderr]                                  at /rustc/c8dfcfe046a7680554bf4eb612bad840e7631c4b/library/std/src/rt.rs:45:48
[INFO] [stderr]     27:     0x55b0f12b8eea - std::panicking::try::do_call::hc742cc7bb4f0fb20
[INFO] [stderr]                                  at /rustc/c8dfcfe046a7680554bf4eb612bad840e7631c4b/library/std/src/panicking.rs:401:40
[INFO] [stderr]     28:     0x55b0f12b8eea - std::panicking::try::ha37d8d2dd1acf7d3
[INFO] [stderr]                                  at /rustc/c8dfcfe046a7680554bf4eb612bad840e7631c4b/library/std/src/panicking.rs:365:19
[INFO] [stderr]     29:     0x55b0f12b8eea - std::panic::catch_unwind::h8a5381d5ecf437bc
[INFO] [stderr]                                  at /rustc/c8dfcfe046a7680554bf4eb612bad840e7631c4b/library/std/src/panic.rs:434:14
[INFO] [stderr]     30:     0x55b0f12b8eea - std::rt::lang_start_internal::h7e2cee8c90d4a4d3
[INFO] [stderr]                                  at /rustc/c8dfcfe046a7680554bf4eb612bad840e7631c4b/library/std/src/rt.rs:45:20
[INFO] [stderr]     31:     0x55b0f12308b0 - std::rt::lang_start::h44d3007a7be3385c
[INFO] [stderr]                                  at /rustc/c8dfcfe046a7680554bf4eb612bad840e7631c4b/library/std/src/rt.rs:62:5
[INFO] [stderr]     32:     0x55b0f122f55c - main
[INFO] [stderr]     33:     0x7f4daac8e0b3 - __libc_start_main
[INFO] [stderr]     34:     0x55b0f122ea5e - _start
[INFO] [stderr]     35:                0x0 - <unknown>
[INFO] running `Command { std: "docker" "inspect" "f11f13656ee2a63d1b7499766f13d30832492d086ec7d4d109dad6207d940320", kill_on_drop: false }`
[INFO] running `Command { std: "docker" "rm" "-f" "f11f13656ee2a63d1b7499766f13d30832492d086ec7d4d109dad6207d940320", kill_on_drop: false }`
[INFO] [stdout] f11f13656ee2a63d1b7499766f13d30832492d086ec7d4d109dad6207d940320
