[INFO] fetching crate libjxl-sys 0.7.0...
[INFO] checking libjxl-sys-0.7.0 against beta-2021-10-15 for beta-1.56-3
[INFO] extracting crate libjxl-sys 0.7.0 into /workspace/builds/worker-11/source
[INFO] validating manifest of crates.io crate libjxl-sys 0.7.0 on toolchain beta-2021-10-15
[INFO] running `Command { std: "/workspace/cargo-home/bin/cargo" "+beta-2021-10-15" "metadata" "--manifest-path" "Cargo.toml" "--no-deps", kill_on_drop: false }`
[INFO] started tweaking crates.io crate libjxl-sys 0.7.0
[INFO] finished tweaking crates.io crate libjxl-sys 0.7.0
[INFO] tweaked toml for crates.io crate libjxl-sys 0.7.0 written to /workspace/builds/worker-11/source/Cargo.toml
[INFO] running `Command { std: "/workspace/cargo-home/bin/cargo" "+beta-2021-10-15" "generate-lockfile" "--manifest-path" "Cargo.toml" "-Zno-index-update", kill_on_drop: false }`
[INFO] running `Command { std: "/workspace/cargo-home/bin/cargo" "+beta-2021-10-15" "fetch" "--manifest-path" "Cargo.toml", kill_on_drop: false }`
[INFO] [stderr]     Blocking waiting for file lock on package cache
[INFO] running `Command { std: "docker" "create" "-v" "/var/lib/crater-agent-workspace/builds/worker-11/target:/opt/rustwide/target:rw,Z" "-v" "/var/lib/crater-agent-workspace/builds/worker-11/source:/opt/rustwide/workdir:ro,Z" "-v" "/var/lib/crater-agent-workspace/cargo-home:/opt/rustwide/cargo-home:ro,Z" "-v" "/var/lib/crater-agent-workspace/rustup-home:/opt/rustwide/rustup-home:ro,Z" "-e" "SOURCE_DIR=/opt/rustwide/workdir" "-e" "CARGO_TARGET_DIR=/opt/rustwide/target" "-e" "CARGO_HOME=/opt/rustwide/cargo-home" "-e" "RUSTUP_HOME=/opt/rustwide/rustup-home" "-w" "/opt/rustwide/workdir" "-m" "1610612736" "--user" "0:0" "--network" "none" "ghcr.io/rust-lang/crates-build-env/linux@sha256:a89201d6b5b9fd45c15d5952ece0a0129e7e80cb26ec023fd59cf09bc26f1604" "/opt/rustwide/cargo-home/bin/cargo" "+beta-2021-10-15" "metadata" "--no-deps" "--format-version=1", kill_on_drop: false }`
[INFO] [stdout] 2eb456ce2efa17f648a9d810f22a852fd345ab8f2e144d79018962b81a892b0a
[INFO] [stderr] WARNING: Your kernel does not support swap limit capabilities or the cgroup is not mounted. Memory limited without swap.
[INFO] running `Command { std: "docker" "start" "-a" "2eb456ce2efa17f648a9d810f22a852fd345ab8f2e144d79018962b81a892b0a", kill_on_drop: false }`
[INFO] running `Command { std: "docker" "inspect" "2eb456ce2efa17f648a9d810f22a852fd345ab8f2e144d79018962b81a892b0a", kill_on_drop: false }`
[INFO] running `Command { std: "docker" "rm" "-f" "2eb456ce2efa17f648a9d810f22a852fd345ab8f2e144d79018962b81a892b0a", kill_on_drop: false }`
[INFO] [stdout] 2eb456ce2efa17f648a9d810f22a852fd345ab8f2e144d79018962b81a892b0a
[INFO] running `Command { std: "docker" "create" "-v" "/var/lib/crater-agent-workspace/builds/worker-11/target:/opt/rustwide/target:rw,Z" "-v" "/var/lib/crater-agent-workspace/builds/worker-11/source:/opt/rustwide/workdir:ro,Z" "-v" "/var/lib/crater-agent-workspace/cargo-home:/opt/rustwide/cargo-home:ro,Z" "-v" "/var/lib/crater-agent-workspace/rustup-home:/opt/rustwide/rustup-home:ro,Z" "-e" "SOURCE_DIR=/opt/rustwide/workdir" "-e" "CARGO_TARGET_DIR=/opt/rustwide/target" "-e" "CARGO_INCREMENTAL=0" "-e" "RUST_BACKTRACE=full" "-e" "RUSTFLAGS=--cap-lints=warn" "-e" "CARGO_HOME=/opt/rustwide/cargo-home" "-e" "RUSTUP_HOME=/opt/rustwide/rustup-home" "-w" "/opt/rustwide/workdir" "-m" "1610612736" "--user" "0:0" "--network" "none" "ghcr.io/rust-lang/crates-build-env/linux@sha256:a89201d6b5b9fd45c15d5952ece0a0129e7e80cb26ec023fd59cf09bc26f1604" "/opt/rustwide/cargo-home/bin/cargo" "+beta-2021-10-15" "check" "--frozen" "--all" "--all-targets" "--message-format=json", kill_on_drop: false }`
[INFO] [stdout] cf2eeef63757b96f1237a3508dd246b8281853e2b9dbc4b9749162959ccfb60e
[INFO] [stderr] WARNING: Your kernel does not support swap limit capabilities or the cgroup is not mounted. Memory limited without swap.
[INFO] running `Command { std: "docker" "start" "-a" "cf2eeef63757b96f1237a3508dd246b8281853e2b9dbc4b9749162959ccfb60e", kill_on_drop: false }`
[INFO] [stderr]    Compiling radium v0.5.3
[INFO] [stderr]    Compiling funty v1.1.0
[INFO] [stderr]    Compiling tap v1.0.1
[INFO] [stderr]    Compiling wyz v0.2.0
[INFO] [stderr]    Compiling proc-macro2 v1.0.30
[INFO] [stderr]    Compiling bindgen v0.59.1
[INFO] [stderr]    Compiling nom v6.2.1
[INFO] [stderr]    Compiling memchr v2.3.4
[INFO] [stderr]    Compiling libjxl-src v0.7.0
[INFO] [stderr]    Compiling aho-corasick v0.7.15
[INFO] [stderr]    Compiling bitvec v0.19.5
[INFO] [stderr]    Compiling quote v1.0.10
[INFO] [stderr]    Compiling regex v1.4.6
[INFO] [stderr]    Compiling env_logger v0.8.4
[INFO] [stderr]    Compiling cexpr v0.5.0
[INFO] [stderr]    Compiling libjxl-sys v0.7.0 (/opt/rustwide/workdir)
[INFO] [stderr] error: failed to run custom build command for `libjxl-sys v0.7.0 (/opt/rustwide/workdir)`
[INFO] [stderr] 
[INFO] [stderr] Caused by:
[INFO] [stderr]   process didn't exit successfully: `/opt/rustwide/target/debug/build/libjxl-sys-9edda6b362c8694f/build-script-build` (exit status: 101)
[INFO] [stderr]   --- stdout
[INFO] [stderr]   CMAKE_TOOLCHAIN_FILE_x86_64-unknown-linux-gnu = None
[INFO] [stderr]   CMAKE_TOOLCHAIN_FILE_x86_64_unknown_linux_gnu = None
[INFO] [stderr]   HOST_CMAKE_TOOLCHAIN_FILE = None
[INFO] [stderr]   CMAKE_TOOLCHAIN_FILE = None
[INFO] [stderr]   CMAKE_GENERATOR_x86_64-unknown-linux-gnu = None
[INFO] [stderr]   CMAKE_GENERATOR_x86_64_unknown_linux_gnu = None
[INFO] [stderr]   HOST_CMAKE_GENERATOR = None
[INFO] [stderr]   CMAKE_GENERATOR = None
[INFO] [stderr]   CMAKE_PREFIX_PATH_x86_64-unknown-linux-gnu = None
[INFO] [stderr]   CMAKE_PREFIX_PATH_x86_64_unknown_linux_gnu = None
[INFO] [stderr]   HOST_CMAKE_PREFIX_PATH = None
[INFO] [stderr]   CMAKE_PREFIX_PATH = None
[INFO] [stderr]   CMAKE_x86_64-unknown-linux-gnu = None
[INFO] [stderr]   CMAKE_x86_64_unknown_linux_gnu = None
[INFO] [stderr]   HOST_CMAKE = None
[INFO] [stderr]   CMAKE = None
[INFO] [stderr]   running: "cmake" "/opt/rustwide/cargo-home/registry/src/github.com-1ecc6299db9ec823/libjxl-src-0.7.0/submodules/libjxl" "-DJPEGXL_ENABLE_OPENEXR=OFF" "-DJPEGXL_ENABLE_BENCHMARK=OFF" "-DJPEGXL_STATIC=ON" "-DBUILD_TESTING=OFF" "-DJPEGXL_ENABLE_EXAMPLES=OFF" "-DCMAKE_INSTALL_PREFIX=/opt/rustwide/target/debug/build/libjxl-sys-ee9268cf6d40ef0f/out" "-DCMAKE_C_FLAGS= -ffunction-sections -fdata-sections -fPIC -m64" "-DCMAKE_C_COMPILER=/usr/bin/cc" "-DCMAKE_CXX_FLAGS= -ffunction-sections -fdata-sections -fPIC -m64" "-DCMAKE_CXX_COMPILER=/usr/bin/c++" "-DCMAKE_ASM_FLAGS= -ffunction-sections -fdata-sections -fPIC -m64" "-DCMAKE_ASM_COMPILER=/usr/bin/cc" "-DCMAKE_BUILD_TYPE=Debug"
[INFO] [stderr]   -- The C compiler identification is GNU 9.3.0
[INFO] [stderr]   -- The CXX compiler identification is GNU 9.3.0
[INFO] [stderr]   -- Check for working C compiler: /usr/bin/cc
[INFO] [stderr]   -- Check for working C compiler: /usr/bin/cc -- works
[INFO] [stderr]   -- Detecting C compiler ABI info
[INFO] [stderr]   -- Detecting C compiler ABI info - done
[INFO] [stderr]   -- Detecting C compile features
[INFO] [stderr]   -- Detecting C compile features - done
[INFO] [stderr]   -- Check for working CXX compiler: /usr/bin/c++
[INFO] [stderr]   -- Check for working CXX compiler: /usr/bin/c++ -- works
[INFO] [stderr]   -- Detecting CXX compiler ABI info
[INFO] [stderr]   -- Detecting CXX compiler ABI info - done
[INFO] [stderr]   -- Detecting CXX compile features
[INFO] [stderr]   -- Detecting CXX compile features - done
[INFO] [stderr]   -- Performing Test JPEGXL_EMSCRIPTEN
[INFO] [stderr]   -- Performing Test JPEGXL_EMSCRIPTEN - Failed
[INFO] [stderr]   -- CMAKE_SYSTEM_PROCESSOR is x86_64
[INFO] [stderr]   -- Performing Test CXX_FUZZERS_SUPPORTED
[INFO] [stderr]   -- Performing Test CXX_FUZZERS_SUPPORTED - Failed
[INFO] [stderr]   -- Performing Test CXX_CONSTRUCTOR_ALIASES_SUPPORTED
[INFO] [stderr]   -- Performing Test CXX_CONSTRUCTOR_ALIASES_SUPPORTED - Failed
[INFO] [stderr]   -- Found PkgConfig: /usr/bin/pkg-config (found version "0.29.1") 
[INFO] [stderr]   -- tcmalloc version  -- tcmalloc 2.8.0 disabled due to https://github.com/gperftools/gperftools/issues/1204
[INFO] [stderr]   -- Compiled IDs C:GNU, C++:GNU
[INFO] [stderr]   -- Looking for pthread.h
[INFO] [stderr]   -- Looking for pthread.h - found
[INFO] [stderr]   -- Performing Test CMAKE_HAVE_LIBC_PTHREAD
[INFO] [stderr]   -- Performing Test CMAKE_HAVE_LIBC_PTHREAD - Failed
[INFO] [stderr]   -- Check if compiler accepts -pthread
[INFO] [stderr]   -- Check if compiler accepts -pthread - yes
[INFO] [stderr]   -- Found Threads: TRUE  
[INFO] [stderr]   -- Using -lpthread as --whole-archive
[INFO] [stderr]   -- Performing Test HWY_EMSCRIPTEN
[INFO] [stderr]   -- Performing Test HWY_EMSCRIPTEN - Failed
[INFO] [stderr]   -- Performing Test BROTLI_EMSCRIPTEN
[INFO] [stderr]   -- Performing Test BROTLI_EMSCRIPTEN - Failed
[INFO] [stderr]   -- Looking for log2
[INFO] [stderr]   -- Looking for log2 - not found
[INFO] [stderr]   -- Looking for log2
[INFO] [stderr]   -- Looking for log2 - found
[INFO] [stderr]   -- Performing Test CXX_WPSABI_SUPPORTED
[INFO] [stderr]   -- Performing Test CXX_WPSABI_SUPPORTED - Success
[INFO] [stderr]   -- Performing Test SJPEG_HAVE_FLAG___SSE2__
[INFO] [stderr]   -- Performing Test SJPEG_HAVE_FLAG___SSE2__ - Success
[INFO] [stderr]   -- Performing Test SJPEG_HAVE_FLAG___ARM_NEON__
[INFO] [stderr]   -- Performing Test SJPEG_HAVE_FLAG___ARM_NEON__ - Failed
[INFO] [stderr]   -- Performing Test SJPEG_HAVE_FLAG___ARM_NEON__
[INFO] [stderr]   -- Performing Test SJPEG_HAVE_FLAG___ARM_NEON__ - Failed
[INFO] [stderr]   -- Found ZLIB: /usr/lib/x86_64-linux-gnu/libz.a (found version "1.2.11") 
[INFO] [stderr]   -- Found PNG: /usr/lib/x86_64-linux-gnu/libpng.a (found version "1.6.37") 
[INFO] [stderr]   -- Found JPEG: /usr/lib/x86_64-linux-gnu/libjpeg.a (found version "80") 
[INFO] [stderr]   -- Could NOT find OpenGL (missing: OPENGL_opengl_LIBRARY OPENGL_glx_LIBRARY) 
[INFO] [stderr]   -- Could NOT find GLUT (missing: GLUT_glut_LIBRARY GLUT_INCLUDE_DIR) 
[INFO] [stderr]   -- Performing Test COMPILER_HAS_HIDDEN_VISIBILITY
[INFO] [stderr]   -- Performing Test COMPILER_HAS_HIDDEN_VISIBILITY - Success
[INFO] [stderr]   -- Performing Test COMPILER_HAS_HIDDEN_INLINE_VISIBILITY
[INFO] [stderr]   -- Performing Test COMPILER_HAS_HIDDEN_INLINE_VISIBILITY - Success
[INFO] [stderr]   -- Performing Test COMPILER_HAS_DEPRECATED_ATTR
[INFO] [stderr]   -- Performing Test COMPILER_HAS_DEPRECATED_ATTR - Success
[INFO] [stderr]   -- Could NOT find GIF (missing: GIF_LIBRARY GIF_INCLUDE_DIR) (Required is at least version "5.1")
[INFO] [stderr]   -- Could NOT find Doxygen (missing: DOXYGEN_EXECUTABLE) 
[INFO] [stderr]   -- Building with JPEGXL_VERSION=(unknown)
[INFO] [stderr]   -- Building tools: cjxl;djxl
[INFO] [stderr]   -- Configuring done
[INFO] [stderr]   -- Generating done
[INFO] [stderr]   -- Build files have been written to: /opt/rustwide/target/debug/build/libjxl-sys-ee9268cf6d40ef0f/out/build
[INFO] [stderr]   running: "cmake" "--build" "." "--target" "install" "--config" "Debug" "--parallel" "16"
[INFO] [stderr]   Scanning dependencies of target hwy_list_targets
[INFO] [stderr]   Scanning dependencies of target jxl_threads-static
[INFO] [stderr]   Scanning dependencies of target skcms-obj
[INFO] [stderr]   [  0%] Building CXX object third_party/highway/CMakeFiles/hwy_list_targets.dir/hwy/tests/list_targets.cc.o
[INFO] [stderr]   Scanning dependencies of target brotlicommon-static
[INFO] [stderr]   Scanning dependencies of target hwy_contrib
[INFO] [stderr]   Scanning dependencies of target lodepng
[INFO] [stderr]   Scanning dependencies of target sjpeg
[INFO] [stderr]   [  1%] Building CXX object third_party/CMakeFiles/skcms-obj.dir/skcms/skcms.cc.o
[INFO] [stderr]   [  2%] Building CXX object lib/CMakeFiles/jxl_threads-static.dir/threads/resizable_parallel_runner.cc.o
[INFO] [stderr]   [  2%] Building CXX object third_party/highway/CMakeFiles/hwy_contrib.dir/hwy/contrib/image/image.cc.o
[INFO] [stderr]   [  3%] Building CXX object lib/CMakeFiles/jxl_threads-static.dir/threads/thread_parallel_runner.cc.o
[INFO] [stderr]   [  3%] Building C object third_party/brotli/CMakeFiles/brotlicommon-static.dir/c/common/dictionary.c.o
[INFO] [stderr]   [  3%] Building CXX object lib/CMakeFiles/jxl_threads-static.dir/threads/thread_parallel_runner_internal.cc.o
[INFO] [stderr]   [  3%] Building CXX object third_party/CMakeFiles/lodepng.dir/lodepng/lodepng.cpp.o
[INFO] [stderr]   [  3%] Building C object third_party/brotli/CMakeFiles/brotlicommon-static.dir/c/common/transform.c.o
[INFO] [stderr]   [  5%] Building CXX object third_party/sjpeg/CMakeFiles/sjpeg.dir/src/colors_rgb.cc.o
[INFO] [stderr]   [  6%] Building CXX object third_party/sjpeg/CMakeFiles/sjpeg.dir/src/enc.cc.o
[INFO] [stderr]   [  6%] Building CXX object third_party/sjpeg/CMakeFiles/sjpeg.dir/src/dichotomy.cc.o
[INFO] [stderr]   [  6%] Building CXX object third_party/sjpeg/CMakeFiles/sjpeg.dir/src/bit_writer.cc.o
[INFO] [stderr]   [  6%] Building CXX object third_party/sjpeg/CMakeFiles/sjpeg.dir/src/fdct.cc.o
[INFO] [stderr]   [  6%] Building CXX object third_party/sjpeg/CMakeFiles/sjpeg.dir/src/headers.cc.o
[INFO] [stderr]   Scanning dependencies of target jxl_enc-obj
[INFO] [stderr]   Scanning dependencies of target jxl_dec-obj
[INFO] [stderr]   [  6%] Building CXX object lib/CMakeFiles/jxl_enc-obj.dir/jxl/butteraugli/butteraugli.cc.o
[INFO] [stderr]   [  6%] Building CXX object lib/CMakeFiles/jxl_dec-obj.dir/jxl/ac_strategy.cc.o
[INFO] [stderr]   [  6%] Linking C static library libbrotlicommon-static.a
[INFO] [stderr]   [  7%] Building CXX object third_party/sjpeg/CMakeFiles/sjpeg.dir/src/jpeg_tools.cc.o
[INFO] [stderr]   [  7%] Built target brotlicommon-static
[INFO] [stderr]   Scanning dependencies of target brotlidec-static
[INFO] [stderr]   [  8%] Building C object third_party/brotli/CMakeFiles/brotlidec-static.dir/c/dec/bit_reader.c.o
[INFO] [stderr]   [  8%] Building CXX object third_party/sjpeg/CMakeFiles/sjpeg.dir/src/score_7.cc.o
[INFO] [stderr]   [  8%] Building C object third_party/brotli/CMakeFiles/brotlidec-static.dir/c/dec/decode.c.o
[INFO] [stderr]   [ 10%] Linking CXX executable hwy_list_targets
[INFO] [stderr]   [ 10%] Built target hwy_list_targets
[INFO] [stderr]   Scanning dependencies of target brotlienc-static
[INFO] [stderr]   [ 10%] Building CXX object third_party/sjpeg/CMakeFiles/sjpeg.dir/src/yuv_convert.cc.o
[INFO] [stderr]   [ 11%] Building C object third_party/brotli/CMakeFiles/brotlienc-static.dir/c/enc/backward_references.c.o
[INFO] [stderr]   [ 11%] Building C object third_party/brotli/CMakeFiles/brotlidec-static.dir/c/dec/huffman.c.o
[INFO] [stderr]   [ 12%] Building C object third_party/brotli/CMakeFiles/brotlidec-static.dir/c/dec/state.c.o
[INFO] [stderr]   [ 13%] Building CXX object lib/CMakeFiles/jxl_dec-obj.dir/jxl/alpha.cc.o
[INFO] [stderr]   [ 13%] Building CXX object lib/CMakeFiles/jxl_dec-obj.dir/jxl/ans_common.cc.o
[INFO] [stderr]   [ 13%] Building C object third_party/brotli/CMakeFiles/brotlienc-static.dir/c/enc/backward_references_hq.c.o
[INFO] [stderr]   [ 15%] Building CXX object lib/CMakeFiles/jxl_dec-obj.dir/jxl/aux_out.cc.o
[INFO] [stderr]   [ 15%] Building C object third_party/brotli/CMakeFiles/brotlienc-static.dir/c/enc/bit_cost.c.o
[INFO] [stderr]   [ 16%] Building CXX object lib/CMakeFiles/jxl_enc-obj.dir/jxl/butteraugli_wrapper.cc.o
[INFO] [stderr]   [ 16%] Building CXX object lib/CMakeFiles/jxl_enc-obj.dir/jxl/dec_file.cc.o
[INFO] [stderr]   [ 16%] Linking C static library libbrotlidec-static.a
[INFO] [stderr]   [ 17%] Linking CXX static library libjxl_threads.a
[INFO] [stderr]   [ 17%] Built target brotlidec-static
[INFO] [stderr]   [ 17%] Building CXX object lib/CMakeFiles/jxl_dec-obj.dir/jxl/base/cache_aligned.cc.o
[INFO] [stderr]   Scanning dependencies of target hwy
[INFO] [stderr]   [ 17%] Built target jxl_threads-static
[INFO] [stderr]   [ 17%] Building CXX object lib/CMakeFiles/jxl_dec-obj.dir/jxl/base/data_parallel.cc.o
[INFO] [stderr]   [ 18%] Building CXX object third_party/highway/CMakeFiles/hwy.dir/hwy/aligned_allocator.cc.o
[INFO] [stderr]   [ 18%] Building CXX object third_party/highway/CMakeFiles/hwy.dir/hwy/nanobenchmark.cc.o
[INFO] [stderr]   [ 20%] Building CXX object third_party/highway/CMakeFiles/hwy.dir/hwy/targets.cc.o
[INFO] [stderr]   [ 21%] Linking CXX static library libsjpeg.a
[INFO] [stderr]   [ 22%] Building C object third_party/brotli/CMakeFiles/brotlienc-static.dir/c/enc/block_splitter.c.o
[INFO] [stderr]   [ 22%] Built target sjpeg
[INFO] [stderr]   [ 22%] Building C object third_party/brotli/CMakeFiles/brotlienc-static.dir/c/enc/brotli_bit_stream.c.o
[INFO] [stderr]   [ 23%] Linking CXX static library liblodepng.a
[INFO] [stderr]   [ 25%] Building CXX object lib/CMakeFiles/jxl_dec-obj.dir/jxl/base/descriptive_statistics.cc.o
[INFO] [stderr]   [ 25%] Building CXX object lib/CMakeFiles/jxl_dec-obj.dir/jxl/base/padded_bytes.cc.o
[INFO] [stderr]   [ 26%] Building CXX object lib/CMakeFiles/jxl_enc-obj.dir/jxl/enc_ac_strategy.cc.o
[INFO] [stderr]   [ 26%] Built target lodepng
[INFO] [stderr]   [ 27%] Building CXX object lib/CMakeFiles/jxl_dec-obj.dir/jxl/base/status.cc.o
[INFO] [stderr]   [ 27%] Building C object third_party/brotli/CMakeFiles/brotlienc-static.dir/c/enc/cluster.c.o
[INFO] [stderr]   [ 27%] Building CXX object lib/CMakeFiles/jxl_dec-obj.dir/jxl/blending.cc.o
[INFO] [stderr]   [ 28%] Building C object third_party/brotli/CMakeFiles/brotlienc-static.dir/c/enc/compress_fragment.c.o
[INFO] [stderr]   [ 30%] Building CXX object lib/CMakeFiles/jxl_dec-obj.dir/jxl/coeff_order.cc.o
[INFO] [stderr]   [ 30%] Building CXX object lib/CMakeFiles/jxl_dec-obj.dir/jxl/chroma_from_luma.cc.o
[INFO] [stderr]   [ 30%] Building CXX object lib/CMakeFiles/jxl_dec-obj.dir/jxl/color_encoding_internal.cc.o
[INFO] [stderr]   [ 31%] Linking CXX static library libhwy_contrib.a
[INFO] [stderr]   [ 31%] Building C object third_party/brotli/CMakeFiles/brotlienc-static.dir/c/enc/compress_fragment_two_pass.c.o
[INFO] [stderr]   [ 31%] Built target hwy_contrib
[INFO] [stderr]   [ 32%] Building C object third_party/brotli/CMakeFiles/brotlienc-static.dir/c/enc/dictionary_hash.c.o
[INFO] [stderr]   [ 32%] Building CXX object lib/CMakeFiles/jxl_enc-obj.dir/jxl/enc_adaptive_quantization.cc.o
[INFO] [stderr]   [ 32%] Building CXX object lib/CMakeFiles/jxl_dec-obj.dir/jxl/color_management.cc.o
[INFO] [stderr]   [ 32%] Building C object third_party/brotli/CMakeFiles/brotlienc-static.dir/c/enc/encode.c.o
[INFO] [stderr]   [ 33%] Building CXX object lib/CMakeFiles/jxl_dec-obj.dir/jxl/compressed_dc.cc.o
[INFO] [stderr]   [ 33%] Building C object third_party/brotli/CMakeFiles/brotlienc-static.dir/c/enc/encoder_dict.c.o
[INFO] [stderr]   [ 35%] Building C object third_party/brotli/CMakeFiles/brotlienc-static.dir/c/enc/entropy_encode.c.o
[INFO] [stderr]   [ 35%] Building C object third_party/brotli/CMakeFiles/brotlienc-static.dir/c/enc/histogram.c.o
[INFO] [stderr]   [ 36%] Building C object third_party/brotli/CMakeFiles/brotlienc-static.dir/c/enc/literal_cost.c.o
[INFO] [stderr]   [ 36%] Building CXX object lib/CMakeFiles/jxl_dec-obj.dir/jxl/convolve.cc.o
[INFO] [stderr]   [ 36%] Built target skcms-obj
[INFO] [stderr]   [ 36%] Building C object third_party/brotli/CMakeFiles/brotlienc-static.dir/c/enc/memory.c.o
[INFO] [stderr]   [ 36%] Linking CXX static library libhwy.a
[INFO] [stderr]   [ 36%] Building C object third_party/brotli/CMakeFiles/brotlienc-static.dir/c/enc/metablock.c.o
[INFO] [stderr]   [ 37%] Building C object third_party/brotli/CMakeFiles/brotlienc-static.dir/c/enc/static_dict.c.o
[INFO] [stderr]   [ 38%] Building CXX object lib/CMakeFiles/jxl_dec-obj.dir/jxl/dct_scales.cc.o
[INFO] [stderr]   [ 38%] Building C object third_party/brotli/CMakeFiles/brotlienc-static.dir/c/enc/utf8_util.c.o
[INFO] [stderr]   [ 38%] Building CXX object lib/CMakeFiles/jxl_dec-obj.dir/jxl/dec_ans.cc.o
[INFO] [stderr]   [ 38%] Building CXX object lib/CMakeFiles/jxl_dec-obj.dir/jxl/dec_cache.cc.o
[INFO] [stderr]   [ 38%] Built target hwy
[INFO] [stderr]   [ 40%] Building CXX object lib/CMakeFiles/jxl_dec-obj.dir/jxl/dec_context_map.cc.o
[INFO] [stderr]   Scanning dependencies of target hwy_benchmark
[INFO] [stderr]   [ 40%] Building CXX object third_party/highway/CMakeFiles/hwy_benchmark.dir/hwy/examples/benchmark.cc.o
[INFO] [stderr]   Scanning dependencies of target jxl_profiler
[INFO] [stderr]   [ 41%] Building CXX object third_party/highway/CMakeFiles/hwy_benchmark.dir/hwy/nanobenchmark.cc.o
[INFO] [stderr]   [ 41%] Building CXX object lib/CMakeFiles/jxl_profiler.dir/profiler/profiler.cc.o
[INFO] [stderr]   [ 41%] Building CXX object lib/CMakeFiles/jxl_dec-obj.dir/jxl/dec_external_image.cc.o
[INFO] [stderr]   [ 41%] Building CXX object lib/CMakeFiles/jxl_dec-obj.dir/jxl/dec_frame.cc.o
[INFO] [stderr]   [ 42%] Building CXX object lib/CMakeFiles/jxl_dec-obj.dir/jxl/dec_group.cc.o
[INFO] [stderr]   [ 42%] Linking C static library libbrotlienc-static.a
[INFO] [stderr]   [ 42%] Building CXX object lib/CMakeFiles/jxl_dec-obj.dir/jxl/dec_group_border.cc.o
[INFO] [stderr]   [ 42%] Built target brotlienc-static
[INFO] [stderr]   [ 43%] Building CXX object lib/CMakeFiles/jxl_dec-obj.dir/jxl/dec_huffman.cc.o
[INFO] [stderr]   [ 43%] Building CXX object lib/CMakeFiles/jxl_dec-obj.dir/jxl/dec_modular.cc.o
[INFO] [stderr]   [ 43%] Building CXX object lib/CMakeFiles/jxl_dec-obj.dir/jxl/dec_noise.cc.o
[INFO] [stderr]   [ 45%] Building CXX object lib/CMakeFiles/jxl_dec-obj.dir/jxl/dec_patch_dictionary.cc.o
[INFO] [stderr]   [ 45%] Building CXX object lib/CMakeFiles/jxl_dec-obj.dir/jxl/dec_reconstruct.cc.o
[INFO] [stderr]   [ 45%] Building CXX object lib/CMakeFiles/jxl_dec-obj.dir/jxl/dec_upsample.cc.o
[INFO] [stderr]   [ 46%] Building CXX object lib/CMakeFiles/jxl_dec-obj.dir/jxl/dec_xyb.cc.o
[INFO] [stderr]   [ 46%] Building CXX object lib/CMakeFiles/jxl_dec-obj.dir/jxl/decode.cc.o
[INFO] [stderr] 
[INFO] [stderr]   --- stderr
[INFO] [stderr]   -- Compiler is not EMSCRIPTEN
[INFO] [stderr]   CMake Warning at CMakeLists.txt:395 (message):
[INFO] [stderr]     asciidoc was not found, the man pages will not be installed.
[INFO] [stderr] 
[INFO] [stderr] 
[INFO] [stderr]   CMake Warning:
[INFO] [stderr]     Manually-specified variables were not used by the project:
[INFO] [stderr] 
[INFO] [stderr]       CMAKE_ASM_COMPILER
[INFO] [stderr]       CMAKE_ASM_FLAGS
[INFO] [stderr] 
[INFO] [stderr] 
[INFO] [stderr]   make: warning: -j16 forced in submake: resetting jobserver mode.
[INFO] [stderr]   Compiled HWY_TARGETS: AVX3 AVX2 SSE4 Scalar
[INFO] [stderr]   HWY_BASELINE_TARGETS: Scalar
[INFO] [stderr]   c++: fatal error: Killed signal terminated program cc1plus
[INFO] [stderr]   compilation terminated.
[INFO] [stderr]   make[2]: *** [lib/CMakeFiles/jxl_enc-obj.dir/build.make:102: lib/CMakeFiles/jxl_enc-obj.dir/jxl/enc_ac_strategy.cc.o] Error 1
[INFO] [stderr]   make[2]: *** Waiting for unfinished jobs....
[INFO] [stderr]   c++: fatal error: Killed signal terminated program cc1plus
[INFO] [stderr]   compilation terminated.
[INFO] [stderr]   make[2]: *** [lib/CMakeFiles/jxl_enc-obj.dir/build.make:63: lib/CMakeFiles/jxl_enc-obj.dir/jxl/butteraugli/butteraugli.cc.o] Error 1
[INFO] [stderr]   c++: fatal error: Killed signal terminated program cc1plus
[INFO] [stderr]   compilation terminated.
[INFO] [stderr]   make[2]: *** [lib/CMakeFiles/jxl_enc-obj.dir/build.make:115: lib/CMakeFiles/jxl_enc-obj.dir/jxl/enc_adaptive_quantization.cc.o] Error 1
[INFO] [stderr]   make[1]: *** [CMakeFiles/Makefile2:796: lib/CMakeFiles/jxl_enc-obj.dir/all] Error 2
[INFO] [stderr]   make[1]: *** Waiting for unfinished jobs....
[INFO] [stderr]   c++: fatal error: Killed signal terminated program cc1plus
[INFO] [stderr]   compilation terminated.
[INFO] [stderr]   make[2]: *** [lib/CMakeFiles/jxl_dec-obj.dir/build.make:258: lib/CMakeFiles/jxl_dec-obj.dir/jxl/convolve.cc.o] Error 1
[INFO] [stderr]   make[2]: *** Waiting for unfinished jobs....
[INFO] [stderr]   c++: fatal error: Killed signal terminated program cc1plus
[INFO] [stderr]   compilation terminated.
[INFO] [stderr]   make[2]: *** [lib/CMakeFiles/jxl_dec-obj.dir/build.make:245: lib/CMakeFiles/jxl_dec-obj.dir/jxl/compressed_dc.cc.o] Error 1
[INFO] [stderr]   c++: fatal error: Killed signal terminated program cc1plus
[INFO] [stderr]   compilation terminated.
[INFO] [stderr]   make[2]: *** [lib/CMakeFiles/jxl_dec-obj.dir/build.make:297: lib/CMakeFiles/jxl_dec-obj.dir/jxl/dec_cache.cc.o] Error 1
[INFO] [stderr]   c++: fatal error: Killed signal terminated program cc1plus
[INFO] [stderr]   compilation terminated.
[INFO] [stderr]   make[2]: *** [lib/CMakeFiles/jxl_dec-obj.dir/build.make:349: lib/CMakeFiles/jxl_dec-obj.dir/jxl/dec_group.cc.o] Error 1
[INFO] [stderr]   c++: fatal error: Killed signal terminated program cc1plus
[INFO] [stderr]   compilation terminated.
[INFO] [stderr]   make[2]: *** [lib/CMakeFiles/jxl_profiler.dir/build.make:63: lib/CMakeFiles/jxl_profiler.dir/profiler/profiler.cc.o] Error 1
[INFO] [stderr]   c++: fatal error: Killed signal terminated program cc1plus
[INFO] [stderr]   compilation terminated.
[INFO] [stderr]   make[2]: *** [lib/CMakeFiles/jxl_dec-obj.dir/build.make:336: lib/CMakeFiles/jxl_dec-obj.dir/jxl/dec_frame.cc.o] Error 1
[INFO] [stderr]   make[1]: *** [CMakeFiles/Makefile2:919: lib/CMakeFiles/jxl_profiler.dir/all] Error 2
[INFO] [stderr]   c++: fatal error: Killed signal terminated program cc1plus
[INFO] [stderr]   compilation terminated.
[INFO] [stderr]   make[2]: *** [third_party/highway/CMakeFiles/hwy_benchmark.dir/build.make:63: third_party/highway/CMakeFiles/hwy_benchmark.dir/hwy/examples/benchmark.cc.o] Error 1
[INFO] [stderr]   make[1]: *** [CMakeFiles/Makefile2:416: third_party/highway/CMakeFiles/hwy_benchmark.dir/all] Error 2
[INFO] [stderr]   c++: fatal error: Killed signal terminated program cc1plus
[INFO] [stderr]   compilation terminated.
[INFO] [stderr]   make[2]: *** [lib/CMakeFiles/jxl_dec-obj.dir/build.make:388: lib/CMakeFiles/jxl_dec-obj.dir/jxl/dec_modular.cc.o] Error 1
[INFO] [stderr]   make[1]: *** [CMakeFiles/Makefile2:742: lib/CMakeFiles/jxl_dec-obj.dir/all] Error 2
[INFO] [stderr]   make: *** [Makefile:141: all] Error 2
[INFO] [stderr]   thread 'main' panicked at '
[INFO] [stderr]   command did not execute successfully, got: exit status: 2
[INFO] [stderr] 
[INFO] [stderr]   build script failed, must exit now', /opt/rustwide/cargo-home/registry/src/github.com-1ecc6299db9ec823/cmake-0.1.46/src/lib.rs:974:5
[INFO] [stderr]   stack backtrace:
[INFO] [stderr]      0:     0x55d84b3bfb5c - std::backtrace_rs::backtrace::libunwind::trace::h51faa62df48810e4
[INFO] [stderr]                                  at /rustc/58268ff091703ace98c3c2a8c5f2fb2c3aecace2/library/std/src/../../backtrace/src/backtrace/libunwind.rs:90:5
[INFO] [stderr]      1:     0x55d84b3bfb5c - std::backtrace_rs::backtrace::trace_unsynchronized::h91de4d8e16d607e4
[INFO] [stderr]                                  at /rustc/58268ff091703ace98c3c2a8c5f2fb2c3aecace2/library/std/src/../../backtrace/src/backtrace/mod.rs:66:5
[INFO] [stderr]      2:     0x55d84b3bfb5c - std::sys_common::backtrace::_print_fmt::h71b0935f97e4322c
[INFO] [stderr]                                  at /rustc/58268ff091703ace98c3c2a8c5f2fb2c3aecace2/library/std/src/sys_common/backtrace.rs:67:5
[INFO] [stderr]      3:     0x55d84b3bfb5c - <std::sys_common::backtrace::_print::DisplayBacktrace as core::fmt::Display>::fmt::h9a78218788c14e18
[INFO] [stderr]                                  at /rustc/58268ff091703ace98c3c2a8c5f2fb2c3aecace2/library/std/src/sys_common/backtrace.rs:46:22
[INFO] [stderr]      4:     0x55d84b3e5f0c - core::fmt::write::h3381b3176fe2b3d3
[INFO] [stderr]                                  at /rustc/58268ff091703ace98c3c2a8c5f2fb2c3aecace2/library/core/src/fmt/mod.rs:1150:17
[INFO] [stderr]      5:     0x55d84b3bc245 - std::io::Write::write_fmt::h1d5220480c7a2437
[INFO] [stderr]                                  at /rustc/58268ff091703ace98c3c2a8c5f2fb2c3aecace2/library/std/src/io/mod.rs:1667:15
[INFO] [stderr]      6:     0x55d84b3c1c30 - std::sys_common::backtrace::_print::h4b77abc4d907ed0e
[INFO] [stderr]                                  at /rustc/58268ff091703ace98c3c2a8c5f2fb2c3aecace2/library/std/src/sys_common/backtrace.rs:49:5
[INFO] [stderr]      7:     0x55d84b3c1c30 - std::sys_common::backtrace::print::hb170c60b542377ad
[INFO] [stderr]                                  at /rustc/58268ff091703ace98c3c2a8c5f2fb2c3aecace2/library/std/src/sys_common/backtrace.rs:36:9
[INFO] [stderr]      8:     0x55d84b3c1c30 - std::panicking::default_hook::{{closure}}::h12bbda9af8901ee3
[INFO] [stderr]                                  at /rustc/58268ff091703ace98c3c2a8c5f2fb2c3aecace2/library/std/src/panicking.rs:210:50
[INFO] [stderr]      9:     0x55d84b3c17e7 - std::panicking::default_hook::h8c6c66d3f3ba6768
[INFO] [stderr]                                  at /rustc/58268ff091703ace98c3c2a8c5f2fb2c3aecace2/library/std/src/panicking.rs:227:9
[INFO] [stderr]     10:     0x55d84b3c22e4 - std::panicking::rust_panic_with_hook::h36f2fa0bb09f4069
[INFO] [stderr]                                  at /rustc/58268ff091703ace98c3c2a8c5f2fb2c3aecace2/library/std/src/panicking.rs:624:17
[INFO] [stderr]     11:     0x55d84b3c1dc0 - std::panicking::begin_panic_handler::{{closure}}::h9c42b65a42d06a7a
[INFO] [stderr]                                  at /rustc/58268ff091703ace98c3c2a8c5f2fb2c3aecace2/library/std/src/panicking.rs:521:13
[INFO] [stderr]     12:     0x55d84b3c0024 - std::sys_common::backtrace::__rust_end_short_backtrace::hc791bddfe31e532c
[INFO] [stderr]                                  at /rustc/58268ff091703ace98c3c2a8c5f2fb2c3aecace2/library/std/src/sys_common/backtrace.rs:141:18
[INFO] [stderr]     13:     0x55d84b3c1d29 - rust_begin_unwind
[INFO] [stderr]                                  at /rustc/58268ff091703ace98c3c2a8c5f2fb2c3aecace2/library/std/src/panicking.rs:517:5
[INFO] [stderr]     14:     0x55d84ae34b6b - std::panicking::begin_panic_fmt::h32ac317c038a272d
[INFO] [stderr]                                  at /rustc/58268ff091703ace98c3c2a8c5f2fb2c3aecace2/library/std/src/panicking.rs:460:5
[INFO] [stderr]     15:     0x55d84ae42bcb - cmake::fail::h487ec6ada033e865
[INFO] [stderr]                                  at /opt/rustwide/cargo-home/registry/src/github.com-1ecc6299db9ec823/cmake-0.1.46/src/lib.rs:974:5
[INFO] [stderr]     16:     0x55d84ae425e9 - cmake::run::hab24d1ade5cb3b60
[INFO] [stderr]                                  at /opt/rustwide/cargo-home/registry/src/github.com-1ecc6299db9ec823/cmake-0.1.46/src/lib.rs:952:9
[INFO] [stderr]     17:     0x55d84ae3f49c - cmake::Config::build::hbafbbaa4136f62d3
[INFO] [stderr]                                  at /opt/rustwide/cargo-home/registry/src/github.com-1ecc6299db9ec823/cmake-0.1.46/src/lib.rs:832:9
[INFO] [stderr]     18:     0x55d84ae397f4 - libjxl_src::build::build::h1187a11cc9e4cc4b
[INFO] [stderr]                                  at /opt/rustwide/cargo-home/registry/src/github.com-1ecc6299db9ec823/libjxl-src-0.7.0/src/build.rs:21:5
[INFO] [stderr]     19:     0x55d84ae3867b - build_script_build::main::h6604c0c136d4bed4
[INFO] [stderr]                                  at /opt/rustwide/workdir/build.rs:7:5
[INFO] [stderr]     20:     0x55d84ae3731b - core::ops::function::FnOnce::call_once::he20454f2013ce404
[INFO] [stderr]                                  at /rustc/58268ff091703ace98c3c2a8c5f2fb2c3aecace2/library/core/src/ops/function.rs:227:5
[INFO] [stderr]     21:     0x55d84ae36f8e - std::sys_common::backtrace::__rust_begin_short_backtrace::h8abe30a9b4f2394a
[INFO] [stderr]                                  at /rustc/58268ff091703ace98c3c2a8c5f2fb2c3aecace2/library/std/src/sys_common/backtrace.rs:125:18
[INFO] [stderr]     22:     0x55d84ae38d81 - std::rt::lang_start::{{closure}}::h079cff19233ab3a2
[INFO] [stderr]                                  at /rustc/58268ff091703ace98c3c2a8c5f2fb2c3aecace2/library/std/src/rt.rs:63:18
[INFO] [stderr]     23:     0x55d84b3c27ea - core::ops::function::impls::<impl core::ops::function::FnOnce<A> for &F>::call_once::hc590b210ed55e22f
[INFO] [stderr]                                  at /rustc/58268ff091703ace98c3c2a8c5f2fb2c3aecace2/library/core/src/ops/function.rs:259:13
[INFO] [stderr]     24:     0x55d84b3c27ea - std::panicking::try::do_call::h5f0600b7a33ea1af
[INFO] [stderr]                                  at /rustc/58268ff091703ace98c3c2a8c5f2fb2c3aecace2/library/std/src/panicking.rs:403:40
[INFO] [stderr]     25:     0x55d84b3c27ea - std::panicking::try::he15826df0f376a33
[INFO] [stderr]                                  at /rustc/58268ff091703ace98c3c2a8c5f2fb2c3aecace2/library/std/src/panicking.rs:367:19
[INFO] [stderr]     26:     0x55d84b3c27ea - std::panic::catch_unwind::hd8af3a578b6b4c86
[INFO] [stderr]                                  at /rustc/58268ff091703ace98c3c2a8c5f2fb2c3aecace2/library/std/src/panic.rs:129:14
[INFO] [stderr]     27:     0x55d84b3c27ea - std::rt::lang_start_internal::{{closure}}::h301d1329324ae1f0
[INFO] [stderr]                                  at /rustc/58268ff091703ace98c3c2a8c5f2fb2c3aecace2/library/std/src/rt.rs:45:48
[INFO] [stderr]     28:     0x55d84b3c27ea - std::panicking::try::do_call::h941e8fdb0bd03655
[INFO] [stderr]                                  at /rustc/58268ff091703ace98c3c2a8c5f2fb2c3aecace2/library/std/src/panicking.rs:403:40
[INFO] [stderr]     29:     0x55d84b3c27ea - std::panicking::try::ha20a77bf65530f63
[INFO] [stderr]                                  at /rustc/58268ff091703ace98c3c2a8c5f2fb2c3aecace2/library/std/src/panicking.rs:367:19
[INFO] [stderr]     30:     0x55d84b3c27ea - std::panic::catch_unwind::h33afc061cc69ef90
[INFO] [stderr]                                  at /rustc/58268ff091703ace98c3c2a8c5f2fb2c3aecace2/library/std/src/panic.rs:129:14
[INFO] [stderr]     31:     0x55d84b3c27ea - std::rt::lang_start_internal::hc05c244593147106
[INFO] [stderr]                                  at /rustc/58268ff091703ace98c3c2a8c5f2fb2c3aecace2/library/std/src/rt.rs:45:20
[INFO] [stderr]     32:     0x55d84ae38d50 - std::rt::lang_start::h8c4007dcd2b33394
[INFO] [stderr]                                  at /rustc/58268ff091703ace98c3c2a8c5f2fb2c3aecace2/library/std/src/rt.rs:62:5
[INFO] [stderr]     33:     0x55d84ae38c0c - main
[INFO] [stderr]     34:     0x7fe425eea0b3 - __libc_start_main
[INFO] [stderr]     35:     0x55d84ae3602e - _start
[INFO] [stderr]     36:                0x0 - <unknown>
[INFO] running `Command { std: "docker" "inspect" "cf2eeef63757b96f1237a3508dd246b8281853e2b9dbc4b9749162959ccfb60e", kill_on_drop: false }`
[INFO] running `Command { std: "docker" "rm" "-f" "cf2eeef63757b96f1237a3508dd246b8281853e2b9dbc4b9749162959ccfb60e", kill_on_drop: false }`
[INFO] [stdout] cf2eeef63757b96f1237a3508dd246b8281853e2b9dbc4b9749162959ccfb60e
