[INFO] fetching crate libgatekeeper-sys 0.2.0...
[INFO] checking libgatekeeper-sys-0.2.0 against 1.55.0 for beta-1.56-3
[INFO] extracting crate libgatekeeper-sys 0.2.0 into /workspace/builds/worker-12/source
[INFO] validating manifest of crates.io crate libgatekeeper-sys 0.2.0 on toolchain 1.55.0
[INFO] running `Command { std: "/workspace/cargo-home/bin/cargo" "+1.55.0" "metadata" "--manifest-path" "Cargo.toml" "--no-deps", kill_on_drop: false }`
[INFO] started tweaking crates.io crate libgatekeeper-sys 0.2.0
[INFO] finished tweaking crates.io crate libgatekeeper-sys 0.2.0
[INFO] tweaked toml for crates.io crate libgatekeeper-sys 0.2.0 written to /workspace/builds/worker-12/source/Cargo.toml
[INFO] crate crates.io crate libgatekeeper-sys 0.2.0 already has a lockfile, it will not be regenerated
[INFO] running `Command { std: "/workspace/cargo-home/bin/cargo" "+1.55.0" "fetch" "--manifest-path" "Cargo.toml", kill_on_drop: false }`
[INFO] running `Command { std: "docker" "create" "-v" "/var/lib/crater-agent-workspace/builds/worker-12/target:/opt/rustwide/target:rw,Z" "-v" "/var/lib/crater-agent-workspace/builds/worker-12/source:/opt/rustwide/workdir:ro,Z" "-v" "/var/lib/crater-agent-workspace/cargo-home:/opt/rustwide/cargo-home:ro,Z" "-v" "/var/lib/crater-agent-workspace/rustup-home:/opt/rustwide/rustup-home:ro,Z" "-e" "SOURCE_DIR=/opt/rustwide/workdir" "-e" "CARGO_TARGET_DIR=/opt/rustwide/target" "-e" "CARGO_HOME=/opt/rustwide/cargo-home" "-e" "RUSTUP_HOME=/opt/rustwide/rustup-home" "-w" "/opt/rustwide/workdir" "-m" "1610612736" "--user" "0:0" "--network" "none" "ghcr.io/rust-lang/crates-build-env/linux@sha256:a89201d6b5b9fd45c15d5952ece0a0129e7e80cb26ec023fd59cf09bc26f1604" "/opt/rustwide/cargo-home/bin/cargo" "+1.55.0" "metadata" "--no-deps" "--format-version=1", kill_on_drop: false }`
[INFO] [stdout] 5f56090f6793e90d44d32ea19ee96527ba1941f46e9186a0ba49b52c0f474fdd
[INFO] [stderr] WARNING: Your kernel does not support swap limit capabilities or the cgroup is not mounted. Memory limited without swap.
[INFO] running `Command { std: "docker" "start" "-a" "5f56090f6793e90d44d32ea19ee96527ba1941f46e9186a0ba49b52c0f474fdd", kill_on_drop: false }`
[INFO] running `Command { std: "docker" "inspect" "5f56090f6793e90d44d32ea19ee96527ba1941f46e9186a0ba49b52c0f474fdd", kill_on_drop: false }`
[INFO] running `Command { std: "docker" "rm" "-f" "5f56090f6793e90d44d32ea19ee96527ba1941f46e9186a0ba49b52c0f474fdd", kill_on_drop: false }`
[INFO] [stdout] 5f56090f6793e90d44d32ea19ee96527ba1941f46e9186a0ba49b52c0f474fdd
[INFO] running `Command { std: "docker" "create" "-v" "/var/lib/crater-agent-workspace/builds/worker-12/target:/opt/rustwide/target:rw,Z" "-v" "/var/lib/crater-agent-workspace/builds/worker-12/source:/opt/rustwide/workdir:ro,Z" "-v" "/var/lib/crater-agent-workspace/cargo-home:/opt/rustwide/cargo-home:ro,Z" "-v" "/var/lib/crater-agent-workspace/rustup-home:/opt/rustwide/rustup-home:ro,Z" "-e" "SOURCE_DIR=/opt/rustwide/workdir" "-e" "CARGO_TARGET_DIR=/opt/rustwide/target" "-e" "CARGO_INCREMENTAL=0" "-e" "RUST_BACKTRACE=full" "-e" "RUSTFLAGS=--cap-lints=warn" "-e" "CARGO_HOME=/opt/rustwide/cargo-home" "-e" "RUSTUP_HOME=/opt/rustwide/rustup-home" "-w" "/opt/rustwide/workdir" "-m" "1610612736" "--user" "0:0" "--network" "none" "ghcr.io/rust-lang/crates-build-env/linux@sha256:a89201d6b5b9fd45c15d5952ece0a0129e7e80cb26ec023fd59cf09bc26f1604" "/opt/rustwide/cargo-home/bin/cargo" "+1.55.0" "check" "--frozen" "--all" "--all-targets" "--message-format=json", kill_on_drop: false }`
[INFO] [stdout] d58d134fe6525402aa152743cfa3ab3c0c916065ffaf21265e3e22b4e2563ca8
[INFO] [stderr] WARNING: Your kernel does not support swap limit capabilities or the cgroup is not mounted. Memory limited without swap.
[INFO] running `Command { std: "docker" "start" "-a" "d58d134fe6525402aa152743cfa3ab3c0c916065ffaf21265e3e22b4e2563ca8", kill_on_drop: false }`
[INFO] [stderr]     Blocking waiting for file lock on package cache
[INFO] [stderr]     Checking libgatekeeper-sys v0.2.0 (/opt/rustwide/workdir)
[INFO] [stdout] error[E0061]: this function takes 3 arguments but 2 arguments were supplied
[INFO] [stdout]   --> examples/issue_tag_unsafe.rs:74:35
[INFO] [stdout]    |
[INFO] [stdout] 74 |         let authenticate_result = authenticate_tag(tag, realm);
[INFO] [stdout]    |                                   ^^^^^^^^^^^^^^^^ ---  ----- supplied 2 arguments
[INFO] [stdout]    |                                   |
[INFO] [stdout]    |                                   expected 3 arguments
[INFO] [stdout]    |
[INFO] [stdout] note: function defined here
[INFO] [stdout]   --> /opt/rustwide/workdir/src/ffi.rs:32:12
[INFO] [stdout]    |
[INFO] [stdout] 32 |     pub fn authenticate_tag(
[INFO] [stdout]    |            ^^^^^^^^^^^^^^^^
[INFO] [stdout] 
[INFO] [stdout] 
[INFO] [stderr] error: could not compile `libgatekeeper-sys` due to 2 previous errors
[INFO] [stdout] error: aborting due to previous error
[INFO] [stdout] 
[INFO] [stdout] 
[INFO] [stderr] warning: build failed, waiting for other jobs to finish...
[INFO] [stdout] For more information about this error, try `rustc --explain E0061`.
[INFO] [stdout] 
[INFO] [stdout] error[E0061]: this function takes 1 argument but 0 arguments were supplied
[INFO] [stdout]   --> examples/read_tag.rs:7:26
[INFO] [stdout]    |
[INFO] [stdout] 7  |     let mut device = nfc.gatekeeper_device().ok_or("failed to get gatekeeper device")?;
[INFO] [stdout]    |                          ^^^^^^^^^^^^^^^^^- supplied 0 arguments
[INFO] [stdout]    |                          |
[INFO] [stdout]    |                          expected 1 argument
[INFO] [stdout]    |
[INFO] [stdout] note: associated function defined here
[INFO] [stdout]   --> /opt/rustwide/workdir/src/lib.rs:28:12
[INFO] [stdout]    |
[INFO] [stdout] 28 |     pub fn gatekeeper_device(&mut self, conn_str: String) -> Option<NfcDevice> {
[INFO] [stdout]    |            ^^^^^^^^^^^^^^^^^
[INFO] [stdout] 
[INFO] [stdout] 
[INFO] [stdout] error: aborting due to previous error
[INFO] [stdout] 
[INFO] [stdout] 
[INFO] [stdout] For more information about this error, try `rustc --explain E0061`.
[INFO] [stdout] 
[INFO] [stdout] warning: use of deprecated associated function `std::error::Error::description`: use the Display impl or to_string()
[INFO] [stdout]  --> examples/issue_tag.rs:7:36
[INFO] [stdout]   |
[INFO] [stdout] 7 |         Err(e) => println!("{}", e.description()),
[INFO] [stdout]   |                                    ^^^^^^^^^^^
[INFO] [stdout]   |
[INFO] [stdout]   = note: `#[warn(deprecated)]` on by default
[INFO] [stdout] 
[INFO] [stdout] 
[INFO] [stdout] error[E0061]: this function takes 1 argument but 0 arguments were supplied
[INFO] [stdout]   --> examples/issue_tag.rs:13:26
[INFO] [stdout]    |
[INFO] [stdout] 13 |     let mut device = nfc.gatekeeper_device().ok_or("failed to open NFC device")?;
[INFO] [stdout]    |                          ^^^^^^^^^^^^^^^^^- supplied 0 arguments
[INFO] [stdout]    |                          |
[INFO] [stdout]    |                          expected 1 argument
[INFO] [stdout]    |
[INFO] [stdout] note: associated function defined here
[INFO] [stdout]   --> /opt/rustwide/workdir/src/lib.rs:28:12
[INFO] [stdout]    |
[INFO] [stdout] 28 |     pub fn gatekeeper_device(&mut self, conn_str: String) -> Option<NfcDevice> {
[INFO] [stdout]    |            ^^^^^^^^^^^^^^^^^
[INFO] [stdout] 
[INFO] [stdout] 
[INFO] [stdout] error[E0308]: mismatched types
[INFO] [stdout]   --> examples/issue_tag.rs:24:51
[INFO] [stdout]    |
[INFO] [stdout] 24 |     tag.issue("cdfc36ef1b3d87a81a4114cb75459e27", &mut realm)
[INFO] [stdout]    |                                                   ^^^^^^^^^^ expected struct `Vec`, found `&mut Realm`
[INFO] [stdout]    |
[INFO] [stdout]    = note:         expected struct `Vec<&mut Realm>`
[INFO] [stdout]            found mutable reference `&mut Realm`
[INFO] [stdout] 
[INFO] [stdout] 
[INFO] [stdout] error: aborting due to 2 previous errors; 1 warning emitted
[INFO] [stdout] 
[INFO] [stdout] 
[INFO] [stdout] Some errors have detailed explanations: E0061, E0308.
[INFO] [stdout] 
[INFO] [stdout] For more information about an error, try `rustc --explain E0061`.
[INFO] [stdout] 
[INFO] [stderr] error: build failed
[INFO] running `Command { std: "docker" "inspect" "d58d134fe6525402aa152743cfa3ab3c0c916065ffaf21265e3e22b4e2563ca8", kill_on_drop: false }`
[INFO] running `Command { std: "docker" "rm" "-f" "d58d134fe6525402aa152743cfa3ab3c0c916065ffaf21265e3e22b4e2563ca8", kill_on_drop: false }`
[INFO] [stdout] d58d134fe6525402aa152743cfa3ab3c0c916065ffaf21265e3e22b4e2563ca8
