[INFO] fetching crate libb2-sys 0.0.1...
[INFO] checking libb2-sys-0.0.1 against 1.55.0 for beta-1.56-3
[INFO] extracting crate libb2-sys 0.0.1 into /workspace/builds/worker-10/source
[INFO] validating manifest of crates.io crate libb2-sys 0.0.1 on toolchain 1.55.0
[INFO] running `Command { std: "/workspace/cargo-home/bin/cargo" "+1.55.0" "metadata" "--manifest-path" "Cargo.toml" "--no-deps", kill_on_drop: false }`
[INFO] started tweaking crates.io crate libb2-sys 0.0.1
[INFO] finished tweaking crates.io crate libb2-sys 0.0.1
[INFO] tweaked toml for crates.io crate libb2-sys 0.0.1 written to /workspace/builds/worker-10/source/Cargo.toml
[INFO] running `Command { std: "/workspace/cargo-home/bin/cargo" "+1.55.0" "generate-lockfile" "--manifest-path" "Cargo.toml" "-Zno-index-update", kill_on_drop: false }`
[INFO] running `Command { std: "/workspace/cargo-home/bin/cargo" "+1.55.0" "fetch" "--manifest-path" "Cargo.toml", kill_on_drop: false }`
[INFO] running `Command { std: "docker" "create" "-v" "/var/lib/crater-agent-workspace/builds/worker-10/target:/opt/rustwide/target:rw,Z" "-v" "/var/lib/crater-agent-workspace/builds/worker-10/source:/opt/rustwide/workdir:ro,Z" "-v" "/var/lib/crater-agent-workspace/cargo-home:/opt/rustwide/cargo-home:ro,Z" "-v" "/var/lib/crater-agent-workspace/rustup-home:/opt/rustwide/rustup-home:ro,Z" "-e" "SOURCE_DIR=/opt/rustwide/workdir" "-e" "CARGO_TARGET_DIR=/opt/rustwide/target" "-e" "CARGO_HOME=/opt/rustwide/cargo-home" "-e" "RUSTUP_HOME=/opt/rustwide/rustup-home" "-w" "/opt/rustwide/workdir" "-m" "1610612736" "--user" "0:0" "--network" "none" "ghcr.io/rust-lang/crates-build-env/linux@sha256:a89201d6b5b9fd45c15d5952ece0a0129e7e80cb26ec023fd59cf09bc26f1604" "/opt/rustwide/cargo-home/bin/cargo" "+1.55.0" "metadata" "--no-deps" "--format-version=1", kill_on_drop: false }`
[INFO] [stdout] 45460052cf13b9d8c948bffdca8526b02c8e596f568f2be558031d33b8252844
[INFO] [stderr] WARNING: Your kernel does not support swap limit capabilities or the cgroup is not mounted. Memory limited without swap.
[INFO] running `Command { std: "docker" "start" "-a" "45460052cf13b9d8c948bffdca8526b02c8e596f568f2be558031d33b8252844", kill_on_drop: false }`
[INFO] running `Command { std: "docker" "inspect" "45460052cf13b9d8c948bffdca8526b02c8e596f568f2be558031d33b8252844", kill_on_drop: false }`
[INFO] running `Command { std: "docker" "rm" "-f" "45460052cf13b9d8c948bffdca8526b02c8e596f568f2be558031d33b8252844", kill_on_drop: false }`
[INFO] [stdout] 45460052cf13b9d8c948bffdca8526b02c8e596f568f2be558031d33b8252844
[INFO] running `Command { std: "docker" "create" "-v" "/var/lib/crater-agent-workspace/builds/worker-10/target:/opt/rustwide/target:rw,Z" "-v" "/var/lib/crater-agent-workspace/builds/worker-10/source:/opt/rustwide/workdir:ro,Z" "-v" "/var/lib/crater-agent-workspace/cargo-home:/opt/rustwide/cargo-home:ro,Z" "-v" "/var/lib/crater-agent-workspace/rustup-home:/opt/rustwide/rustup-home:ro,Z" "-e" "SOURCE_DIR=/opt/rustwide/workdir" "-e" "CARGO_TARGET_DIR=/opt/rustwide/target" "-e" "CARGO_INCREMENTAL=0" "-e" "RUST_BACKTRACE=full" "-e" "RUSTFLAGS=--cap-lints=warn" "-e" "CARGO_HOME=/opt/rustwide/cargo-home" "-e" "RUSTUP_HOME=/opt/rustwide/rustup-home" "-w" "/opt/rustwide/workdir" "-m" "1610612736" "--user" "0:0" "--network" "none" "ghcr.io/rust-lang/crates-build-env/linux@sha256:a89201d6b5b9fd45c15d5952ece0a0129e7e80cb26ec023fd59cf09bc26f1604" "/opt/rustwide/cargo-home/bin/cargo" "+1.55.0" "check" "--frozen" "--all" "--all-targets" "--message-format=json", kill_on_drop: false }`
[INFO] [stdout] 2e5924d07a40aba5f705df63580a82572d73937fcad10530646e1f09ab764ff6
[INFO] [stderr] WARNING: Your kernel does not support swap limit capabilities or the cgroup is not mounted. Memory limited without swap.
[INFO] running `Command { std: "docker" "start" "-a" "2e5924d07a40aba5f705df63580a82572d73937fcad10530646e1f09ab764ff6", kill_on_drop: false }`
[INFO] [stderr]     Blocking waiting for file lock on package cache
[INFO] [stderr]    Compiling libb2-sys v0.0.1 (/opt/rustwide/workdir)
[INFO] [stdout] error[E0061]: this function takes 0 arguments but 1 argument was supplied
[INFO] [stdout]     --> build.rs:20:15
[INFO] [stdout]      |
[INFO] [stdout] 20   |     let src = PathBuf::new(&env::var("CARGO_MANIFEST_DIR").unwrap()).join("libb2-0.96");
[INFO] [stdout]      |               ^^^^^^^^^^^^ ---------------------------------------- supplied 1 argument
[INFO] [stdout]      |               |
[INFO] [stdout]      |               expected 0 arguments
[INFO] [stdout]      |
[INFO] [stdout] note: associated function defined here
[INFO] [stdout] 
[INFO] [stdout] 
[INFO] [stdout] error[E0061]: this function takes 0 arguments but 1 argument was supplied
[INFO] [stdout]     --> build.rs:21:15
[INFO] [stdout]      |
[INFO] [stdout] 21   |     let dst = PathBuf::new(&env::var("OUT_DIR").unwrap());
[INFO] [stdout]      |               ^^^^^^^^^^^^ ----------------------------- supplied 1 argument
[INFO] [stdout]      |               |
[INFO] [stdout]      |               expected 0 arguments
[INFO] [stdout]      |
[INFO] [stdout] note: associated function defined here
[INFO] [stdout] 
[INFO] [stdout] 
[INFO] [stdout] error[E0599]: no variant or associated item named `FileNotFound` found for enum `std::io::ErrorKind` in the current scope
[INFO] [stdout]   --> build.rs:35:46
[INFO] [stdout]    |
[INFO] [stdout] 35 |         Err(ref e) if e.kind() == ErrorKind::FileNotFound => {
[INFO] [stdout]    |                                              ^^^^^^^^^^^^
[INFO] [stdout]    |                                              |
[INFO] [stdout]    |                                              variant or associated item not found in `std::io::ErrorKind`
[INFO] [stdout]    |                                              help: there is a variant with a similar name: `NotFound`
[INFO] [stdout] 
[INFO] [stdout] 
[INFO] [stdout] error: aborting due to 3 previous errors
[INFO] [stdout] 
[INFO] [stdout] 
[INFO] [stdout] Some errors have detailed explanations: E0061, E0599.
[INFO] [stdout] 
[INFO] [stdout] For more information about an error, try `rustc --explain E0061`.
[INFO] [stdout] 
[INFO] [stderr] error: could not compile `libb2-sys` due to 4 previous errors
[INFO] running `Command { std: "docker" "inspect" "2e5924d07a40aba5f705df63580a82572d73937fcad10530646e1f09ab764ff6", kill_on_drop: false }`
[INFO] running `Command { std: "docker" "rm" "-f" "2e5924d07a40aba5f705df63580a82572d73937fcad10530646e1f09ab764ff6", kill_on_drop: false }`
[INFO] [stdout] 2e5924d07a40aba5f705df63580a82572d73937fcad10530646e1f09ab764ff6
