[INFO] fetching crate lembas 0.3.1...
[INFO] checking lembas-0.3.1 against beta-2021-10-15 for beta-1.56-3
[INFO] extracting crate lembas 0.3.1 into /workspace/builds/worker-14/source
[INFO] validating manifest of crates.io crate lembas 0.3.1 on toolchain beta-2021-10-15
[INFO] running `Command { std: "/workspace/cargo-home/bin/cargo" "+beta-2021-10-15" "metadata" "--manifest-path" "Cargo.toml" "--no-deps", kill_on_drop: false }`
[INFO] started tweaking crates.io crate lembas 0.3.1
[INFO] finished tweaking crates.io crate lembas 0.3.1
[INFO] tweaked toml for crates.io crate lembas 0.3.1 written to /workspace/builds/worker-14/source/Cargo.toml
[INFO] crate crates.io crate lembas 0.3.1 already has a lockfile, it will not be regenerated
[INFO] running `Command { std: "/workspace/cargo-home/bin/cargo" "+beta-2021-10-15" "fetch" "--manifest-path" "Cargo.toml", kill_on_drop: false }`
[INFO] [stderr]     Blocking waiting for file lock on package cache
[INFO] running `Command { std: "docker" "create" "-v" "/var/lib/crater-agent-workspace/builds/worker-14/target:/opt/rustwide/target:rw,Z" "-v" "/var/lib/crater-agent-workspace/builds/worker-14/source:/opt/rustwide/workdir:ro,Z" "-v" "/var/lib/crater-agent-workspace/cargo-home:/opt/rustwide/cargo-home:ro,Z" "-v" "/var/lib/crater-agent-workspace/rustup-home:/opt/rustwide/rustup-home:ro,Z" "-e" "SOURCE_DIR=/opt/rustwide/workdir" "-e" "CARGO_TARGET_DIR=/opt/rustwide/target" "-e" "CARGO_HOME=/opt/rustwide/cargo-home" "-e" "RUSTUP_HOME=/opt/rustwide/rustup-home" "-w" "/opt/rustwide/workdir" "-m" "1610612736" "--user" "0:0" "--network" "none" "ghcr.io/rust-lang/crates-build-env/linux@sha256:a89201d6b5b9fd45c15d5952ece0a0129e7e80cb26ec023fd59cf09bc26f1604" "/opt/rustwide/cargo-home/bin/cargo" "+beta-2021-10-15" "metadata" "--no-deps" "--format-version=1", kill_on_drop: false }`
[INFO] [stderr] WARNING: Your kernel does not support swap limit capabilities or the cgroup is not mounted. Memory limited without swap.
[INFO] [stdout] 0727d3c698bbdf3241841880e4c546f8b54ef224be72907a62caed9bb1c0c044
[INFO] running `Command { std: "docker" "start" "-a" "0727d3c698bbdf3241841880e4c546f8b54ef224be72907a62caed9bb1c0c044", kill_on_drop: false }`
[INFO] running `Command { std: "docker" "inspect" "0727d3c698bbdf3241841880e4c546f8b54ef224be72907a62caed9bb1c0c044", kill_on_drop: false }`
[INFO] running `Command { std: "docker" "rm" "-f" "0727d3c698bbdf3241841880e4c546f8b54ef224be72907a62caed9bb1c0c044", kill_on_drop: false }`
[INFO] [stdout] 0727d3c698bbdf3241841880e4c546f8b54ef224be72907a62caed9bb1c0c044
[INFO] running `Command { std: "docker" "create" "-v" "/var/lib/crater-agent-workspace/builds/worker-14/target:/opt/rustwide/target:rw,Z" "-v" "/var/lib/crater-agent-workspace/builds/worker-14/source:/opt/rustwide/workdir:ro,Z" "-v" "/var/lib/crater-agent-workspace/cargo-home:/opt/rustwide/cargo-home:ro,Z" "-v" "/var/lib/crater-agent-workspace/rustup-home:/opt/rustwide/rustup-home:ro,Z" "-e" "SOURCE_DIR=/opt/rustwide/workdir" "-e" "CARGO_TARGET_DIR=/opt/rustwide/target" "-e" "CARGO_INCREMENTAL=0" "-e" "RUST_BACKTRACE=full" "-e" "RUSTFLAGS=--cap-lints=warn" "-e" "CARGO_HOME=/opt/rustwide/cargo-home" "-e" "RUSTUP_HOME=/opt/rustwide/rustup-home" "-w" "/opt/rustwide/workdir" "-m" "1610612736" "--user" "0:0" "--network" "none" "ghcr.io/rust-lang/crates-build-env/linux@sha256:a89201d6b5b9fd45c15d5952ece0a0129e7e80cb26ec023fd59cf09bc26f1604" "/opt/rustwide/cargo-home/bin/cargo" "+beta-2021-10-15" "check" "--frozen" "--all" "--all-targets" "--message-format=json", kill_on_drop: false }`
[INFO] [stdout] 5a86749f40c41405cce1b56a4f83d8bfaf0104a172b3060c68511e0355ad096c
[INFO] [stderr] WARNING: Your kernel does not support swap limit capabilities or the cgroup is not mounted. Memory limited without swap.
[INFO] running `Command { std: "docker" "start" "-a" "5a86749f40c41405cce1b56a4f83d8bfaf0104a172b3060c68511e0355ad096c", kill_on_drop: false }`
[INFO] [stderr]    Compiling log v0.4.14
[INFO] [stderr]    Compiling futures-channel v0.3.16
[INFO] [stderr]    Compiling minimal-lexical v0.1.2
[INFO] [stderr]    Compiling serde v1.0.128
[INFO] [stderr]    Compiling serde_json v1.0.66
[INFO] [stderr]     Checking glow v0.6.1
[INFO] [stderr]     Checking fragile v1.0.0
[INFO] [stderr]     Checking downcast v0.10.0
[INFO] [stderr]     Checking webbrowser v0.5.5
[INFO] [stderr]    Compiling wayland-sys v0.28.6
[INFO] [stderr]    Compiling tokio v1.10.0
[INFO] [stderr]     Checking tracing-core v0.1.19
[INFO] [stderr]    Compiling servo-fontconfig-sys v5.1.0
[INFO] [stderr]     Checking http v0.2.4
[INFO] [stderr]     Checking predicates-tree v1.0.3
[INFO] [stderr]    Compiling libc v0.2.100
[INFO] [stderr]     Checking ash v0.31.0
[INFO] [stderr]     Checking getrandom v0.2.3
[INFO] [stderr]     Checking signal-hook-registry v1.4.0
[INFO] [stderr]     Checking dirs-sys-next v0.1.2
[INFO] [stderr]     Checking net2 v0.2.37
[INFO] [stderr]     Checking memmap2 v0.2.3
[INFO] [stderr]     Checking iovec v0.1.4
[INFO] [stderr]     Checking gethostname v0.2.1
[INFO] [stderr]     Checking khronos-egl v3.0.2
[INFO] [stderr]     Checking shared_library v0.1.9
[INFO] [stderr]     Checking socket2 v0.4.1
[INFO] [stderr]     Checking dirs-sys v0.3.6
[INFO] [stderr]     Checking bstr v0.2.16
[INFO] [stderr]     Checking idna v0.2.3
[INFO] [stderr]     Checking dirs-next v2.0.0
[INFO] [stderr]    Compiling syn v1.0.65
[INFO] [stderr]     Checking ahash v0.7.4
[INFO] [stderr]     Checking rand_core v0.6.3
[INFO] [stderr]     Checking uuid v0.8.2
[INFO] [stderr]     Checking spirv_headers v1.5.0
[INFO] [stderr]     Checking approx v0.5.0
[INFO] [stderr]     Checking ordered-float v2.7.0
[INFO] [stderr]     Checking euclid v0.22.6
[INFO] [stderr]     Checking float-cmp v0.8.0
[INFO] [stderr]     Checking flate2 v1.0.20
[INFO] [stderr]     Checking dirs v3.0.2
[INFO] [stderr]     Checking osmesa-sys v0.1.2
[INFO] [stderr]     Checking rand_chacha v0.3.1
[INFO] [stderr]     Checking x11rb v0.8.1
[INFO] [stderr]     Checking hashbrown v0.11.2
[INFO] [stderr]     Checking glyph_brush_layout v0.2.3
[INFO] [stderr]     Checking predicates v1.0.8
[INFO] [stderr]     Checking mio v0.7.13
[INFO] [stderr]     Checking calloop v0.6.5
[INFO] [stderr]     Checking mio v0.6.23
[INFO] [stderr]     Checking want v0.3.0
[INFO] [stderr]     Checking globset v0.4.8
[INFO] [stderr]     Checking env_logger v0.9.0
[INFO] [stderr]     Checking url v2.2.2
[INFO] [stderr]     Checking wayland-commons v0.28.6
[INFO] [stderr]    Compiling gl_generator v0.14.0
[INFO] [stderr]     Checking nom v7.0.0
[INFO] [stderr]     Checking rand v0.8.4
[INFO] [stderr]     Checking guillotiere v0.6.2
[INFO] [stderr]     Checking indexmap v1.7.0
[INFO] [stderr]     Checking hashlink v0.7.0
[INFO] [stderr]     Checking glyph_brush_draw_cache v0.1.4
[INFO] [stderr]     Checking pathfinder_geometry v0.5.1
[INFO] [stderr]    Compiling jobserver v0.1.24
[INFO] [stderr]     Checking wayland-client v0.28.6
[INFO] [stderr]     Checking http-body v0.4.3
[INFO] [stderr]     Checking mio-extras v2.0.6
[INFO] [stderr]    Compiling cc v1.0.69
[INFO] [stderr]     Checking petgraph v0.5.1
[INFO] [stderr]     Checking twox-hash v1.6.1
[INFO] [stderr]    Compiling glutin_glx_sys v0.1.7
[INFO] [stderr]    Compiling glutin_egl_sys v0.1.5
[INFO] [stderr]    Compiling cmake v0.1.45
[INFO] [stderr]    Compiling embed-resource v1.6.3
[INFO] [stderr]     Checking glyph_brush v0.7.2
[INFO] [stderr]     Checking xcursor v0.3.4
[INFO] [stderr]    Compiling openssl-sys v0.9.66
[INFO] [stderr]    Compiling spirv_cross v0.23.1
[INFO] [stderr]    Compiling bzip2-sys v0.1.11+1.0.8
[INFO] [stderr]    Compiling libsqlite3-sys v0.22.2
[INFO] [stderr]    Compiling lembas v0.3.1 (/opt/rustwide/workdir)
[INFO] [stderr]    Compiling freetype-sys v0.13.1
[INFO] [stderr]    Compiling expat-sys v2.1.6
[INFO] [stderr]     Checking wayland-protocols v0.28.6
[INFO] [stderr]     Checking wayland-egl v0.28.6
[INFO] [stderr]     Checking wayland-cursor v0.28.6
[INFO] [stderr]     Checking freetype v0.7.0
[INFO] [stderr]    Compiling openssl v0.10.36
[INFO] [stderr]    Compiling native-tls v0.2.8
[INFO] [stderr]     Checking servo-fontconfig v0.5.1
[INFO] [stderr] error: could not compile `ash`
[INFO] [stderr] 
[INFO] [stderr] Caused by:
[INFO] [stderr]   process didn't exit successfully: `rustc --crate-name ash --edition=2018 /opt/rustwide/cargo-home/registry/src/github.com-1ecc6299db9ec823/ash-0.31.0/src/lib.rs --error-format=json --json=diagnostic-rendered-ansi --crate-type lib --emit=dep-info,metadata -C embed-bitcode=no -C debuginfo=2 --cfg 'feature="default"' --cfg 'feature="libloading"' -C metadata=5f61ee0abda79b2b -C extra-filename=-5f61ee0abda79b2b --out-dir /opt/rustwide/target/debug/deps -L dependency=/opt/rustwide/target/debug/deps --extern libloading=/opt/rustwide/target/debug/deps/liblibloading-6c38dafccf7ec98a.rmeta --cap-lints allow --cap-lints=warn` (signal: 9, SIGKILL: kill)
[INFO] [stderr] warning: build failed, waiting for other jobs to finish...
[INFO] [stderr] The following warnings were emitted during compilation:
[INFO] [stderr] 
[INFO] [stderr] warning: src/wrapper.cpp:2: warning: ignoring #pragma warning  [-Wunknown-pragmas]
[INFO] [stderr] warning:     2 | #pragma warning(disable : 4996 4101)
[INFO] [stderr] warning:       | 
[INFO] [stderr] warning: c++: fatal error: Killed signal terminated program cc1plus
[INFO] [stderr] warning: compilation terminated.
[INFO] [stderr] warning: c++: fatal error: Killed signal terminated program cc1plus
[INFO] [stderr] warning: compilation terminated.
[INFO] [stderr] warning: c++: fatal error: Killed signal terminated program cc1plus
[INFO] [stderr] warning: compilation terminated.
[INFO] [stderr] 
[INFO] [stderr] error: build failed
[INFO] running `Command { std: "docker" "inspect" "5a86749f40c41405cce1b56a4f83d8bfaf0104a172b3060c68511e0355ad096c", kill_on_drop: false }`
[INFO] running `Command { std: "docker" "rm" "-f" "5a86749f40c41405cce1b56a4f83d8bfaf0104a172b3060c68511e0355ad096c", kill_on_drop: false }`
[INFO] [stdout] 5a86749f40c41405cce1b56a4f83d8bfaf0104a172b3060c68511e0355ad096c
