[INFO] fetching crate lazy-pipe 0.1.3...
[INFO] checking lazy-pipe-0.1.3 against 1.55.0 for beta-1.56-3
[INFO] extracting crate lazy-pipe 0.1.3 into /workspace/builds/worker-7/source
[INFO] validating manifest of crates.io crate lazy-pipe 0.1.3 on toolchain 1.55.0
[INFO] running `Command { std: "/workspace/cargo-home/bin/cargo" "+1.55.0" "metadata" "--manifest-path" "Cargo.toml" "--no-deps", kill_on_drop: false }`
[INFO] started tweaking crates.io crate lazy-pipe 0.1.3
[INFO] finished tweaking crates.io crate lazy-pipe 0.1.3
[INFO] tweaked toml for crates.io crate lazy-pipe 0.1.3 written to /workspace/builds/worker-7/source/Cargo.toml
[INFO] running `Command { std: "/workspace/cargo-home/bin/cargo" "+1.55.0" "generate-lockfile" "--manifest-path" "Cargo.toml" "-Zno-index-update", kill_on_drop: false }`
[INFO] running `Command { std: "/workspace/cargo-home/bin/cargo" "+1.55.0" "fetch" "--manifest-path" "Cargo.toml", kill_on_drop: false }`
[INFO] running `Command { std: "docker" "create" "-v" "/var/lib/crater-agent-workspace/builds/worker-7/target:/opt/rustwide/target:rw,Z" "-v" "/var/lib/crater-agent-workspace/builds/worker-7/source:/opt/rustwide/workdir:ro,Z" "-v" "/var/lib/crater-agent-workspace/cargo-home:/opt/rustwide/cargo-home:ro,Z" "-v" "/var/lib/crater-agent-workspace/rustup-home:/opt/rustwide/rustup-home:ro,Z" "-e" "SOURCE_DIR=/opt/rustwide/workdir" "-e" "CARGO_TARGET_DIR=/opt/rustwide/target" "-e" "CARGO_HOME=/opt/rustwide/cargo-home" "-e" "RUSTUP_HOME=/opt/rustwide/rustup-home" "-w" "/opt/rustwide/workdir" "-m" "1610612736" "--user" "0:0" "--network" "none" "ghcr.io/rust-lang/crates-build-env/linux@sha256:a89201d6b5b9fd45c15d5952ece0a0129e7e80cb26ec023fd59cf09bc26f1604" "/opt/rustwide/cargo-home/bin/cargo" "+1.55.0" "metadata" "--no-deps" "--format-version=1", kill_on_drop: false }`
[INFO] [stdout] ad4895d030cb489435c0a59655b00916848c75ae0f6ef756c8b0a32a3acbad17
[INFO] [stderr] WARNING: Your kernel does not support swap limit capabilities or the cgroup is not mounted. Memory limited without swap.
[INFO] running `Command { std: "docker" "start" "-a" "ad4895d030cb489435c0a59655b00916848c75ae0f6ef756c8b0a32a3acbad17", kill_on_drop: false }`
[INFO] running `Command { std: "docker" "inspect" "ad4895d030cb489435c0a59655b00916848c75ae0f6ef756c8b0a32a3acbad17", kill_on_drop: false }`
[INFO] running `Command { std: "docker" "rm" "-f" "ad4895d030cb489435c0a59655b00916848c75ae0f6ef756c8b0a32a3acbad17", kill_on_drop: false }`
[INFO] [stdout] ad4895d030cb489435c0a59655b00916848c75ae0f6ef756c8b0a32a3acbad17
[INFO] running `Command { std: "docker" "create" "-v" "/var/lib/crater-agent-workspace/builds/worker-7/target:/opt/rustwide/target:rw,Z" "-v" "/var/lib/crater-agent-workspace/builds/worker-7/source:/opt/rustwide/workdir:ro,Z" "-v" "/var/lib/crater-agent-workspace/cargo-home:/opt/rustwide/cargo-home:ro,Z" "-v" "/var/lib/crater-agent-workspace/rustup-home:/opt/rustwide/rustup-home:ro,Z" "-e" "SOURCE_DIR=/opt/rustwide/workdir" "-e" "CARGO_TARGET_DIR=/opt/rustwide/target" "-e" "CARGO_INCREMENTAL=0" "-e" "RUST_BACKTRACE=full" "-e" "RUSTFLAGS=--cap-lints=warn" "-e" "CARGO_HOME=/opt/rustwide/cargo-home" "-e" "RUSTUP_HOME=/opt/rustwide/rustup-home" "-w" "/opt/rustwide/workdir" "-m" "1610612736" "--user" "0:0" "--network" "none" "ghcr.io/rust-lang/crates-build-env/linux@sha256:a89201d6b5b9fd45c15d5952ece0a0129e7e80cb26ec023fd59cf09bc26f1604" "/opt/rustwide/cargo-home/bin/cargo" "+1.55.0" "check" "--frozen" "--all" "--all-targets" "--message-format=json", kill_on_drop: false }`
[INFO] [stdout] eab6c976d8a9ec0fb8d69aba870e134e1cf74e4523193d36b56429af3cfed856
[INFO] [stderr] WARNING: Your kernel does not support swap limit capabilities or the cgroup is not mounted. Memory limited without swap.
[INFO] running `Command { std: "docker" "start" "-a" "eab6c976d8a9ec0fb8d69aba870e134e1cf74e4523193d36b56429af3cfed856", kill_on_drop: false }`
[INFO] [stderr]     Checking lazy-pipe v0.1.3 (/opt/rustwide/workdir)
[INFO] [stdout] error[E0554]: `#![feature]` may not be used on the stable release channel
[INFO] [stdout]  --> src/lib.rs:1:1
[INFO] [stdout]   |
[INFO] [stdout] 1 | #![feature(unsized_locals)]
[INFO] [stdout]   | ^^^^^^^^^^^^^^^^^^^^^^^^^^^
[INFO] [stdout] 
[INFO] [stdout] 
[INFO] [stdout] warning: the feature `unsized_locals` is incomplete and may not be safe to use and/or cause compiler crashes
[INFO] [stdout]  --> src/lib.rs:1:12
[INFO] [stdout]   |
[INFO] [stdout] 1 | #![feature(unsized_locals)]
[INFO] [stdout]   |            ^^^^^^^^^^^^^^
[INFO] [stdout]   |
[INFO] [stdout]   = note: `#[warn(incomplete_features)]` on by default
[INFO] [stdout]   = note: see issue #48055 <https://github.com/rust-lang/rust/issues/48055> for more information
[INFO] [stdout] 
[INFO] [stdout] 
[INFO] [stdout] warning: trait objects without an explicit `dyn` are deprecated
[INFO] [stdout]  --> src/structs.rs:3:26
[INFO] [stdout]   |
[INFO] [stdout] 3 |     pub(crate) func: Box<'a + FnOnce() -> Value>,
[INFO] [stdout]   |                          ^^^^^^^^^^^^^^^^^^^^^^ help: use `dyn`: `dyn 'a + FnOnce() -> Value`
[INFO] [stdout]   |
[INFO] [stdout]   = note: `#[warn(bare_trait_objects)]` on by default
[INFO] [stdout]   = warning: this is accepted in the current edition (Rust 2018) but is a hard error in Rust 2021!
[INFO] [stdout]   = note: for more information, see issue #80165 <https://github.com/rust-lang/rust/issues/80165>
[INFO] [stdout] 
[INFO] [stdout] 
[INFO] [stdout] error[E0277]: the size for values of type `Self` cannot be known at compilation time
[INFO] [stdout]   --> src/traits.rs:30:21
[INFO] [stdout]    |
[INFO] [stdout] 30 |     fn to<Next: 'a>(self, func: impl 'a + FnOnce(Self::Value) -> Next) -> PipeBox<'a, Next> {
[INFO] [stdout]    |                     ^^^^ doesn't have a size known at compile-time
[INFO] [stdout]    |
[INFO] [stdout] help: consider further restricting `Self`
[INFO] [stdout]    |
[INFO] [stdout] 30 |     fn to<Next: 'a>(self, func: impl 'a + FnOnce(Self::Value) -> Next) -> PipeBox<'a, Next> where Self: Sized {
[INFO] [stdout]    |                                                                                             ^^^^^^^^^^^^^^^^^
[INFO] [stdout] help: function arguments must have a statically known size, borrowed types always have a known size
[INFO] [stdout]    |
[INFO] [stdout] 30 |     fn to<Next: 'a>(&self, func: impl 'a + FnOnce(Self::Value) -> Next) -> PipeBox<'a, Next> {
[INFO] [stdout]    |                     ^
[INFO] [stdout] 
[INFO] [stdout] 
[INFO] [stdout] error[E0277]: the size for values of type `Self` cannot be known at compilation time
[INFO] [stdout]   --> src/traits.rs:43:12
[INFO] [stdout]    |
[INFO] [stdout] 43 |     fn get(self) -> Self::Value {
[INFO] [stdout]    |            ^^^^ doesn't have a size known at compile-time
[INFO] [stdout]    |
[INFO] [stdout] help: consider further restricting `Self`
[INFO] [stdout]    |
[INFO] [stdout] 43 |     fn get(self) -> Self::Value where Self: Sized {
[INFO] [stdout]    |                                 ^^^^^^^^^^^^^^^^^
[INFO] [stdout] help: function arguments must have a statically known size, borrowed types always have a known size
[INFO] [stdout]    |
[INFO] [stdout] 43 |     fn get(&self) -> Self::Value {
[INFO] [stdout]    |            ^
[INFO] [stdout] 
[INFO] [stdout] 
[INFO] [stdout] error: aborting due to 3 previous errors; 2 warnings emitted
[INFO] [stdout] 
[INFO] [stdout] 
[INFO] [stdout] Some errors have detailed explanations: E0277, E0554.
[INFO] [stdout] 
[INFO] [stdout] For more information about an error, try `rustc --explain E0277`.
[INFO] [stdout] 
[INFO] [stderr] error: could not compile `lazy-pipe` due to 4 previous errors; 2 warnings emitted
[INFO] [stderr] warning: build failed, waiting for other jobs to finish...
[INFO] [stdout] error[E0554]: `#![feature]` may not be used on the stable release channel
[INFO] [stdout]  --> src/lib.rs:1:1
[INFO] [stdout]   |
[INFO] [stdout] 1 | #![feature(unsized_locals)]
[INFO] [stdout]   | ^^^^^^^^^^^^^^^^^^^^^^^^^^^
[INFO] [stdout] 
[INFO] [stdout] 
[INFO] [stdout] warning: the feature `unsized_locals` is incomplete and may not be safe to use and/or cause compiler crashes
[INFO] [stdout]  --> src/lib.rs:1:12
[INFO] [stdout]   |
[INFO] [stdout] 1 | #![feature(unsized_locals)]
[INFO] [stdout]   |            ^^^^^^^^^^^^^^
[INFO] [stdout]   |
[INFO] [stdout]   = note: `#[warn(incomplete_features)]` on by default
[INFO] [stdout]   = note: see issue #48055 <https://github.com/rust-lang/rust/issues/48055> for more information
[INFO] [stdout] 
[INFO] [stdout] 
[INFO] [stdout] warning: trait objects without an explicit `dyn` are deprecated
[INFO] [stdout]  --> src/structs.rs:3:26
[INFO] [stdout]   |
[INFO] [stdout] 3 |     pub(crate) func: Box<'a + FnOnce() -> Value>,
[INFO] [stdout]   |                          ^^^^^^^^^^^^^^^^^^^^^^ help: use `dyn`: `dyn 'a + FnOnce() -> Value`
[INFO] [stdout]   |
[INFO] [stdout]   = note: `#[warn(bare_trait_objects)]` on by default
[INFO] [stdout]   = warning: this is accepted in the current edition (Rust 2018) but is a hard error in Rust 2021!
[INFO] [stdout]   = note: for more information, see issue #80165 <https://github.com/rust-lang/rust/issues/80165>
[INFO] [stdout] 
[INFO] [stdout] 
[INFO] [stdout] error[E0277]: the size for values of type `Self` cannot be known at compilation time
[INFO] [stdout]   --> src/traits.rs:30:21
[INFO] [stdout]    |
[INFO] [stdout] 30 |     fn to<Next: 'a>(self, func: impl 'a + FnOnce(Self::Value) -> Next) -> PipeBox<'a, Next> {
[INFO] [stdout]    |                     ^^^^ doesn't have a size known at compile-time
[INFO] [stdout]    |
[INFO] [stdout] help: consider further restricting `Self`
[INFO] [stdout]    |
[INFO] [stdout] 30 |     fn to<Next: 'a>(self, func: impl 'a + FnOnce(Self::Value) -> Next) -> PipeBox<'a, Next> where Self: Sized {
[INFO] [stdout]    |                                                                                             ^^^^^^^^^^^^^^^^^
[INFO] [stdout] help: function arguments must have a statically known size, borrowed types always have a known size
[INFO] [stdout]    |
[INFO] [stdout] 30 |     fn to<Next: 'a>(&self, func: impl 'a + FnOnce(Self::Value) -> Next) -> PipeBox<'a, Next> {
[INFO] [stdout]    |                     ^
[INFO] [stdout] 
[INFO] [stdout] 
[INFO] [stdout] error[E0277]: the size for values of type `Self` cannot be known at compilation time
[INFO] [stdout]   --> src/traits.rs:43:12
[INFO] [stdout]    |
[INFO] [stdout] 43 |     fn get(self) -> Self::Value {
[INFO] [stdout]    |            ^^^^ doesn't have a size known at compile-time
[INFO] [stdout]    |
[INFO] [stdout] help: consider further restricting `Self`
[INFO] [stdout]    |
[INFO] [stdout] 43 |     fn get(self) -> Self::Value where Self: Sized {
[INFO] [stdout]    |                                 ^^^^^^^^^^^^^^^^^
[INFO] [stdout] help: function arguments must have a statically known size, borrowed types always have a known size
[INFO] [stdout]    |
[INFO] [stdout] 43 |     fn get(&self) -> Self::Value {
[INFO] [stdout]    |            ^
[INFO] [stdout] 
[INFO] [stdout] 
[INFO] [stdout] error: aborting due to 3 previous errors; 2 warnings emitted
[INFO] [stdout] 
[INFO] [stdout] 
[INFO] [stdout] Some errors have detailed explanations: E0277, E0554.
[INFO] [stdout] 
[INFO] [stdout] For more information about an error, try `rustc --explain E0277`.
[INFO] [stdout] 
[INFO] [stderr] error: build failed
[INFO] running `Command { std: "docker" "inspect" "eab6c976d8a9ec0fb8d69aba870e134e1cf74e4523193d36b56429af3cfed856", kill_on_drop: false }`
[INFO] running `Command { std: "docker" "rm" "-f" "eab6c976d8a9ec0fb8d69aba870e134e1cf74e4523193d36b56429af3cfed856", kill_on_drop: false }`
[INFO] [stdout] eab6c976d8a9ec0fb8d69aba870e134e1cf74e4523193d36b56429af3cfed856
