[INFO] fetching crate kul_core 0.1.2...
[INFO] checking kul_core-0.1.2 against beta-2021-10-15 for beta-1.56-3
[INFO] extracting crate kul_core 0.1.2 into /workspace/builds/worker-95/source
[INFO] validating manifest of crates.io crate kul_core 0.1.2 on toolchain beta-2021-10-15
[INFO] running `Command { std: "/workspace/cargo-home/bin/cargo" "+beta-2021-10-15" "metadata" "--manifest-path" "Cargo.toml" "--no-deps", kill_on_drop: false }`
[INFO] started tweaking crates.io crate kul_core 0.1.2
[INFO] finished tweaking crates.io crate kul_core 0.1.2
[INFO] tweaked toml for crates.io crate kul_core 0.1.2 written to /workspace/builds/worker-95/source/Cargo.toml
[INFO] running `Command { std: "/workspace/cargo-home/bin/cargo" "+beta-2021-10-15" "generate-lockfile" "--manifest-path" "Cargo.toml" "-Zno-index-update", kill_on_drop: false }`
[INFO] [stderr]     Blocking waiting for file lock on package cache
[INFO] running `Command { std: "/workspace/cargo-home/bin/cargo" "+beta-2021-10-15" "fetch" "--manifest-path" "Cargo.toml", kill_on_drop: false }`
[INFO] [stderr]     Blocking waiting for file lock on package cache
[INFO] running `Command { std: "docker" "create" "-v" "/var/lib/crater-agent-workspace/builds/worker-95/target:/opt/rustwide/target:rw,Z" "-v" "/var/lib/crater-agent-workspace/builds/worker-95/source:/opt/rustwide/workdir:ro,Z" "-v" "/var/lib/crater-agent-workspace/cargo-home:/opt/rustwide/cargo-home:ro,Z" "-v" "/var/lib/crater-agent-workspace/rustup-home:/opt/rustwide/rustup-home:ro,Z" "-e" "SOURCE_DIR=/opt/rustwide/workdir" "-e" "CARGO_TARGET_DIR=/opt/rustwide/target" "-e" "CARGO_HOME=/opt/rustwide/cargo-home" "-e" "RUSTUP_HOME=/opt/rustwide/rustup-home" "-w" "/opt/rustwide/workdir" "-m" "1610612736" "--user" "0:0" "--network" "none" "ghcr.io/rust-lang/crates-build-env/linux@sha256:a89201d6b5b9fd45c15d5952ece0a0129e7e80cb26ec023fd59cf09bc26f1604" "/opt/rustwide/cargo-home/bin/cargo" "+beta-2021-10-15" "metadata" "--no-deps" "--format-version=1", kill_on_drop: false }`
[INFO] [stdout] c12ad195c3fba2211271c4ff838f0eeac299df880c2f9eef43673184fefc600c
[INFO] running `Command { std: "docker" "start" "-a" "c12ad195c3fba2211271c4ff838f0eeac299df880c2f9eef43673184fefc600c", kill_on_drop: false }`
[INFO] running `Command { std: "docker" "inspect" "c12ad195c3fba2211271c4ff838f0eeac299df880c2f9eef43673184fefc600c", kill_on_drop: false }`
[INFO] running `Command { std: "docker" "rm" "-f" "c12ad195c3fba2211271c4ff838f0eeac299df880c2f9eef43673184fefc600c", kill_on_drop: false }`
[INFO] [stdout] c12ad195c3fba2211271c4ff838f0eeac299df880c2f9eef43673184fefc600c
[INFO] running `Command { std: "docker" "create" "-v" "/var/lib/crater-agent-workspace/builds/worker-95/target:/opt/rustwide/target:rw,Z" "-v" "/var/lib/crater-agent-workspace/builds/worker-95/source:/opt/rustwide/workdir:ro,Z" "-v" "/var/lib/crater-agent-workspace/cargo-home:/opt/rustwide/cargo-home:ro,Z" "-v" "/var/lib/crater-agent-workspace/rustup-home:/opt/rustwide/rustup-home:ro,Z" "-e" "SOURCE_DIR=/opt/rustwide/workdir" "-e" "CARGO_TARGET_DIR=/opt/rustwide/target" "-e" "CARGO_INCREMENTAL=0" "-e" "RUST_BACKTRACE=full" "-e" "RUSTFLAGS=--cap-lints=warn" "-e" "CARGO_HOME=/opt/rustwide/cargo-home" "-e" "RUSTUP_HOME=/opt/rustwide/rustup-home" "-w" "/opt/rustwide/workdir" "-m" "1610612736" "--user" "0:0" "--network" "none" "ghcr.io/rust-lang/crates-build-env/linux@sha256:a89201d6b5b9fd45c15d5952ece0a0129e7e80cb26ec023fd59cf09bc26f1604" "/opt/rustwide/cargo-home/bin/cargo" "+beta-2021-10-15" "check" "--frozen" "--all" "--all-targets" "--message-format=json", kill_on_drop: false }`
[INFO] [stdout] 43312050aca6114c558b63016d0696311e3712d15720a6a7dc6cdefd9ee7f9ae
[INFO] running `Command { std: "docker" "start" "-a" "43312050aca6114c558b63016d0696311e3712d15720a6a7dc6cdefd9ee7f9ae", kill_on_drop: false }`
[INFO] [stderr]     Blocking waiting for file lock on package cache
[INFO] [stderr]     Checking kul_core v0.1.2 (/opt/rustwide/workdir)
[INFO] [stdout] error[E0433]: failed to resolve: use of undeclared crate or module `kul_shared_tests`
[INFO] [stdout]   --> tests/pair_bindings.rs:14:5
[INFO] [stdout]    |
[INFO] [stdout] 14 | use kul_shared_tests::{suites::test_suite0, bindings::BindingsSpec};
[INFO] [stdout]    |     ^^^^^^^^^^^^^^^^ use of undeclared crate or module `kul_shared_tests`
[INFO] [stdout] 
[INFO] [stdout] 
[INFO] [stdout] error[E0433]: failed to resolve: use of undeclared crate or module `kul_shared_tests`
[INFO] [stdout]   --> tests/mutref_stack_alloc.rs:12:5
[INFO] [stdout]    |
[INFO] [stdout] 12 | use kul_shared_tests::{
[INFO] [stdout]    |     ^^^^^^^^^^^^^^^^ use of undeclared crate or module `kul_shared_tests`
[INFO] [stdout] 
[INFO] [stdout] 
[INFO] [stdout] error[E0433]: failed to resolve: use of undeclared type `BasicTestOperatorBindings`
[INFO] [stdout]   --> tests/mutref_stack_alloc.rs:30:19
[INFO] [stdout]    |
[INFO] [stdout] 30 |         bindings: BasicTestOperatorBindings::default(),
[INFO] [stdout]    |                   ^^^^^^^^^^^^^^^^^^^^^^^^^ use of undeclared type `BasicTestOperatorBindings`
[INFO] [stdout] 
[INFO] [stdout] 
[INFO] [stdout] error[E0412]: cannot find type `BasicTestOperatorBindings` in this scope
[INFO] [stdout]   --> tests/mutref_stack_alloc.rs:25:25
[INFO] [stdout]    |
[INFO] [stdout] 25 |                         BasicTestOperatorBindings<DA<'a>>>
[INFO] [stdout]    |                         ^^^^^^^^^^^^^^^^^^^^^^^^^ not found in this scope
[INFO] [stdout] 
[INFO] [stdout] 
[INFO] [stdout] error[E0425]: cannot find function `test_suite0` in this scope
[INFO] [stdout]   --> tests/mutref_stack_alloc.rs:41:5
[INFO] [stdout]    |
[INFO] [stdout] 41 |     test_suite0(parser(&mut datum_array));
[INFO] [stdout]    |     ^^^^^^^^^^^ not found in this scope
[INFO] [stdout] 
[INFO] [stdout] 
[INFO] [stdout] error[E0433]: failed to resolve: use of undeclared type `BindingsSpec`
[INFO] [stdout]   --> tests/pair_bindings.rs:47:41
[INFO] [stdout]    |
[INFO] [stdout] 47 | ...                   BindingsSpec::default()));
[INFO] [stdout]    |                       ^^^^^^^^^^^^ use of undeclared type `BindingsSpec`
[INFO] [stdout] 
[INFO] [stdout] 
[INFO] [stdout] error[E0425]: cannot find function `test_suite0` in this scope
[INFO] [stdout]   --> tests/pair_bindings.rs:46:5
[INFO] [stdout]    |
[INFO] [stdout] 46 |     test_suite0(parser::<_, _, CombErr>(SliceDatumAllocator::new(&mut datum_array[..]),
[INFO] [stdout]    |     ^^^^^^^^^^^ not found in this scope
[INFO] [stdout] 
[INFO] [stdout] 
[INFO] [stdout] error: aborting due to 3 previous errors
[INFO] [stdout] 
[INFO] [stdout] 
[INFO] [stdout] Some errors have detailed explanations: E0425, E0433.
[INFO] [stdout] 
[INFO] [stdout] For more information about an error, try `rustc --explain E0425`.
[INFO] [stdout] 
[INFO] [stderr] error: could not compile `kul_core` due to 4 previous errors
[INFO] [stdout] error: aborting due to 4 previous errors
[INFO] [stdout] 
[INFO] [stdout] 
[INFO] [stderr] warning: build failed, waiting for other jobs to finish...
[INFO] [stdout] Some errors have detailed explanations: E0412, E0425, E0433.
[INFO] [stdout] 
[INFO] [stdout] For more information about an error, try `rustc --explain E0412`.
[INFO] [stdout] 
[INFO] [stderr] error: build failed
[INFO] running `Command { std: "docker" "inspect" "43312050aca6114c558b63016d0696311e3712d15720a6a7dc6cdefd9ee7f9ae", kill_on_drop: false }`
[INFO] running `Command { std: "docker" "rm" "-f" "43312050aca6114c558b63016d0696311e3712d15720a6a7dc6cdefd9ee7f9ae", kill_on_drop: false }`
[INFO] [stdout] 43312050aca6114c558b63016d0696311e3712d15720a6a7dc6cdefd9ee7f9ae
