[INFO] fetching crate kube-derive 0.61.0...
[INFO] checking kube-derive-0.61.0 against beta-2021-10-15 for beta-1.56-3
[INFO] extracting crate kube-derive 0.61.0 into /workspace/builds/worker-11/source
[INFO] validating manifest of crates.io crate kube-derive 0.61.0 on toolchain beta-2021-10-15
[INFO] running `Command { std: "/workspace/cargo-home/bin/cargo" "+beta-2021-10-15" "metadata" "--manifest-path" "Cargo.toml" "--no-deps", kill_on_drop: false }`
[INFO] started tweaking crates.io crate kube-derive 0.61.0
[INFO] finished tweaking crates.io crate kube-derive 0.61.0
[INFO] tweaked toml for crates.io crate kube-derive 0.61.0 written to /workspace/builds/worker-11/source/Cargo.toml
[INFO] running `Command { std: "/workspace/cargo-home/bin/cargo" "+beta-2021-10-15" "generate-lockfile" "--manifest-path" "Cargo.toml" "-Zno-index-update", kill_on_drop: false }`
[INFO] [stderr]     Blocking waiting for file lock on package cache
[INFO] running `Command { std: "/workspace/cargo-home/bin/cargo" "+beta-2021-10-15" "fetch" "--manifest-path" "Cargo.toml", kill_on_drop: false }`
[INFO] [stderr]     Blocking waiting for file lock on package cache
[INFO] [stderr]     Blocking waiting for file lock on package cache
[INFO] running `Command { std: "docker" "create" "-v" "/var/lib/crater-agent-workspace/builds/worker-11/target:/opt/rustwide/target:rw,Z" "-v" "/var/lib/crater-agent-workspace/builds/worker-11/source:/opt/rustwide/workdir:ro,Z" "-v" "/var/lib/crater-agent-workspace/cargo-home:/opt/rustwide/cargo-home:ro,Z" "-v" "/var/lib/crater-agent-workspace/rustup-home:/opt/rustwide/rustup-home:ro,Z" "-e" "SOURCE_DIR=/opt/rustwide/workdir" "-e" "CARGO_TARGET_DIR=/opt/rustwide/target" "-e" "CARGO_HOME=/opt/rustwide/cargo-home" "-e" "RUSTUP_HOME=/opt/rustwide/rustup-home" "-w" "/opt/rustwide/workdir" "-m" "1610612736" "--user" "0:0" "--network" "none" "ghcr.io/rust-lang/crates-build-env/linux@sha256:a89201d6b5b9fd45c15d5952ece0a0129e7e80cb26ec023fd59cf09bc26f1604" "/opt/rustwide/cargo-home/bin/cargo" "+beta-2021-10-15" "metadata" "--no-deps" "--format-version=1", kill_on_drop: false }`
[INFO] [stdout] a5a0c70e8087d88f5ea720ccc9b2fbfed0ecfebfa907f8416b4c19606ad64193
[INFO] running `Command { std: "docker" "start" "-a" "a5a0c70e8087d88f5ea720ccc9b2fbfed0ecfebfa907f8416b4c19606ad64193", kill_on_drop: false }`
[INFO] running `Command { std: "docker" "inspect" "a5a0c70e8087d88f5ea720ccc9b2fbfed0ecfebfa907f8416b4c19606ad64193", kill_on_drop: false }`
[INFO] running `Command { std: "docker" "rm" "-f" "a5a0c70e8087d88f5ea720ccc9b2fbfed0ecfebfa907f8416b4c19606ad64193", kill_on_drop: false }`
[INFO] [stdout] a5a0c70e8087d88f5ea720ccc9b2fbfed0ecfebfa907f8416b4c19606ad64193
[INFO] running `Command { std: "docker" "create" "-v" "/var/lib/crater-agent-workspace/builds/worker-11/target:/opt/rustwide/target:rw,Z" "-v" "/var/lib/crater-agent-workspace/builds/worker-11/source:/opt/rustwide/workdir:ro,Z" "-v" "/var/lib/crater-agent-workspace/cargo-home:/opt/rustwide/cargo-home:ro,Z" "-v" "/var/lib/crater-agent-workspace/rustup-home:/opt/rustwide/rustup-home:ro,Z" "-e" "SOURCE_DIR=/opt/rustwide/workdir" "-e" "CARGO_TARGET_DIR=/opt/rustwide/target" "-e" "CARGO_INCREMENTAL=0" "-e" "RUST_BACKTRACE=full" "-e" "RUSTFLAGS=--cap-lints=warn" "-e" "CARGO_HOME=/opt/rustwide/cargo-home" "-e" "RUSTUP_HOME=/opt/rustwide/rustup-home" "-w" "/opt/rustwide/workdir" "-m" "1610612736" "--user" "0:0" "--network" "none" "ghcr.io/rust-lang/crates-build-env/linux@sha256:a89201d6b5b9fd45c15d5952ece0a0129e7e80cb26ec023fd59cf09bc26f1604" "/opt/rustwide/cargo-home/bin/cargo" "+beta-2021-10-15" "check" "--frozen" "--all" "--all-targets" "--message-format=json", kill_on_drop: false }`
[INFO] [stdout] e5c3e0d66269d26a95236e62c99e23a0277a6a29c84da3f0e05827a69148e6bc
[INFO] running `Command { std: "docker" "start" "-a" "e5c3e0d66269d26a95236e62c99e23a0277a6a29c84da3f0e05827a69148e6bc", kill_on_drop: false }`
[INFO] [stderr]    Compiling proc-macro2 v1.0.30
[INFO] [stderr]    Compiling syn v1.0.80
[INFO] [stderr]    Compiling serde_derive v1.0.130
[INFO] [stderr]    Compiling serde v1.0.130
[INFO] [stderr]    Compiling serde_json v1.0.68
[INFO] [stderr]    Compiling fnv v1.0.7
[INFO] [stderr]     Checking unicode-xid v0.2.2
[INFO] [stderr]    Compiling strsim v0.10.0
[INFO] [stderr]    Compiling ident_case v1.0.1
[INFO] [stderr]     Checking itoa v0.4.8
[INFO] [stderr]     Checking hashbrown v0.11.2
[INFO] [stderr]    Compiling trybuild v1.0.50
[INFO] [stderr]    Compiling k8s-openapi v0.13.1
[INFO] [stderr]     Checking linked-hash-map v0.5.4
[INFO] [stderr]    Compiling schemars v0.8.6
[INFO] [stderr]     Checking dyn-clone v1.0.4
[INFO] [stderr]     Checking bytes v1.1.0
[INFO] [stderr]     Checking dtoa v0.4.8
[INFO] [stderr]     Checking glob v0.3.0
[INFO] [stderr]     Checking termcolor v1.1.2
[INFO] [stderr]     Checking base64 v0.13.0
[INFO] [stderr]    Compiling num-traits v0.2.14
[INFO] [stderr]    Compiling num-integer v0.1.44
[INFO] [stderr]    Compiling indexmap v1.7.0
[INFO] [stderr]     Checking time v0.1.44
[INFO] [stderr]     Checking yaml-rust v0.4.5
[INFO] [stderr]    Compiling quote v1.0.10
[INFO] [stderr]     Checking ordered-float v2.8.0
[INFO] [stderr]    Compiling darling_core v0.13.0
[INFO] [stderr]    Compiling serde_derive_internals v0.25.0
[INFO] [stderr]    Compiling schemars_derive v0.8.6
[INFO] [stderr]    Compiling darling_macro v0.13.0
[INFO] [stderr]     Checking darling v0.13.0
[INFO] [stderr]     Checking chrono v0.4.19
[INFO] [stderr]     Checking serde-value v0.7.0
[INFO] [stderr]     Checking toml v0.5.8
[INFO] [stderr]     Checking serde_yaml v0.8.21
[INFO] [stderr]     Checking kube-derive v0.61.0 (/opt/rustwide/workdir)
[INFO] [stdout] error[E0433]: failed to resolve: use of undeclared crate or module `kube`
[INFO] [stdout]   --> tests/crd_schema_test.rs:50:9
[INFO] [stdout]    |
[INFO] [stdout] 50 |     use kube::core::CustomResourceExt;
[INFO] [stdout]    |         ^^^^ use of undeclared crate or module `kube`
[INFO] [stdout] 
[INFO] [stdout] 
[INFO] [stdout] error[E0433]: failed to resolve: use of undeclared crate or module `kube`
[INFO] [stdout]   --> tests/crd_schema_test.rs:56:9
[INFO] [stdout]    |
[INFO] [stdout] 56 |     use kube::core::CustomResourceExt;
[INFO] [stdout]    |         ^^^^ use of undeclared crate or module `kube`
[INFO] [stdout] 
[INFO] [stdout] 
[INFO] [stdout] error[E0433]: failed to resolve: use of undeclared crate or module `kube`
[INFO] [stdout]   --> tests/crd_schema_test.rs:62:9
[INFO] [stdout]    |
[INFO] [stdout] 62 |     use kube::core::CustomResourceExt;
[INFO] [stdout]    |         ^^^^ use of undeclared crate or module `kube`
[INFO] [stdout] 
[INFO] [stdout] 
[INFO] [stdout] error[E0433]: failed to resolve: use of undeclared crate or module `kube`
[INFO] [stdout]  --> tests/crd_schema_test.rs:7:10
[INFO] [stdout]   |
[INFO] [stdout] 7 | #[derive(CustomResource, Serialize, Deserialize, Debug, PartialEq, Clone, JsonSchema)]
[INFO] [stdout]   |          ^^^^^^^^^^^^^^ use of undeclared crate or module `kube`
[INFO] [stdout]   |
[INFO] [stdout]   = note: this error originates in the derive macro `CustomResource` (in Nightly builds, run with -Z macro-backtrace for more info)
[INFO] [stdout] 
[INFO] [stdout] 
[INFO] [stdout] error[E0433]: failed to resolve: could not find `kube` in the list of imported crates
[INFO] [stdout]  --> tests/crd_schema_test.rs:7:10
[INFO] [stdout]   |
[INFO] [stdout] 7 | #[derive(CustomResource, Serialize, Deserialize, Debug, PartialEq, Clone, JsonSchema)]
[INFO] [stdout]   |          ^^^^^^^^^^^^^^ could not find `kube` in the list of imported crates
[INFO] [stdout]   |
[INFO] [stdout]   = note: this error originates in the derive macro `CustomResource` (in Nightly builds, run with -Z macro-backtrace for more info)
[INFO] [stdout] 
[INFO] [stdout] 
[INFO] [stdout] error: aborting due to 5 previous errors
[INFO] [stdout] 
[INFO] [stdout] 
[INFO] [stdout] For more information about this error, try `rustc --explain E0433`.
[INFO] [stdout] 
[INFO] [stderr] error: could not compile `kube-derive` due to 6 previous errors
[INFO] [stderr] warning: build failed, waiting for other jobs to finish...
[INFO] [stderr] error: build failed
[INFO] running `Command { std: "docker" "inspect" "e5c3e0d66269d26a95236e62c99e23a0277a6a29c84da3f0e05827a69148e6bc", kill_on_drop: false }`
[INFO] running `Command { std: "docker" "rm" "-f" "e5c3e0d66269d26a95236e62c99e23a0277a6a29c84da3f0e05827a69148e6bc", kill_on_drop: false }`
[INFO] [stdout] e5c3e0d66269d26a95236e62c99e23a0277a6a29c84da3f0e05827a69148e6bc
