[INFO] fetching crate kmip-protocol 0.4.0...
[INFO] checking kmip-protocol-0.4.0 against 1.55.0 for beta-1.56-3
[INFO] extracting crate kmip-protocol 0.4.0 into /workspace/builds/worker-54/source
[INFO] validating manifest of crates.io crate kmip-protocol 0.4.0 on toolchain 1.55.0
[INFO] running `Command { std: "/workspace/cargo-home/bin/cargo" "+1.55.0" "metadata" "--manifest-path" "Cargo.toml" "--no-deps", kill_on_drop: false }`
[INFO] started tweaking crates.io crate kmip-protocol 0.4.0
[INFO] removed 1 missing examples
[INFO] finished tweaking crates.io crate kmip-protocol 0.4.0
[INFO] tweaked toml for crates.io crate kmip-protocol 0.4.0 written to /workspace/builds/worker-54/source/Cargo.toml
[INFO] crate crates.io crate kmip-protocol 0.4.0 already has a lockfile, it will not be regenerated
[INFO] running `Command { std: "/workspace/cargo-home/bin/cargo" "+1.55.0" "fetch" "--manifest-path" "Cargo.toml", kill_on_drop: false }`
[INFO] [stderr]     Blocking waiting for file lock on package cache
[INFO] [stderr]  Downloading crates ...
[INFO] [stderr]   Downloaded kmip-ttlv v0.3.1
[INFO] [stderr]   Downloaded async-tls v0.11.0
[INFO] [stderr]   Downloaded enum-flags v0.1.8
[INFO] [stderr]   Downloaded thread-id v3.3.0
[INFO] [stderr]   Downloaded simple-logging v2.0.2
[INFO] running `Command { std: "docker" "create" "-v" "/var/lib/crater-agent-workspace/builds/worker-54/target:/opt/rustwide/target:rw,Z" "-v" "/var/lib/crater-agent-workspace/builds/worker-54/source:/opt/rustwide/workdir:ro,Z" "-v" "/var/lib/crater-agent-workspace/cargo-home:/opt/rustwide/cargo-home:ro,Z" "-v" "/var/lib/crater-agent-workspace/rustup-home:/opt/rustwide/rustup-home:ro,Z" "-e" "SOURCE_DIR=/opt/rustwide/workdir" "-e" "CARGO_TARGET_DIR=/opt/rustwide/target" "-e" "CARGO_HOME=/opt/rustwide/cargo-home" "-e" "RUSTUP_HOME=/opt/rustwide/rustup-home" "-w" "/opt/rustwide/workdir" "-m" "1610612736" "--user" "0:0" "--network" "none" "ghcr.io/rust-lang/crates-build-env/linux@sha256:a89201d6b5b9fd45c15d5952ece0a0129e7e80cb26ec023fd59cf09bc26f1604" "/opt/rustwide/cargo-home/bin/cargo" "+1.55.0" "metadata" "--no-deps" "--format-version=1", kill_on_drop: false }`
[INFO] [stdout] 72aa090ae4e241837fc550855b0db60071d49db6eb46f4c6a0d87e9f38a52a49
[INFO] running `Command { std: "docker" "start" "-a" "72aa090ae4e241837fc550855b0db60071d49db6eb46f4c6a0d87e9f38a52a49", kill_on_drop: false }`
[INFO] running `Command { std: "docker" "inspect" "72aa090ae4e241837fc550855b0db60071d49db6eb46f4c6a0d87e9f38a52a49", kill_on_drop: false }`
[INFO] running `Command { std: "docker" "rm" "-f" "72aa090ae4e241837fc550855b0db60071d49db6eb46f4c6a0d87e9f38a52a49", kill_on_drop: false }`
[INFO] [stdout] 72aa090ae4e241837fc550855b0db60071d49db6eb46f4c6a0d87e9f38a52a49
[INFO] running `Command { std: "docker" "create" "-v" "/var/lib/crater-agent-workspace/builds/worker-54/target:/opt/rustwide/target:rw,Z" "-v" "/var/lib/crater-agent-workspace/builds/worker-54/source:/opt/rustwide/workdir:ro,Z" "-v" "/var/lib/crater-agent-workspace/cargo-home:/opt/rustwide/cargo-home:ro,Z" "-v" "/var/lib/crater-agent-workspace/rustup-home:/opt/rustwide/rustup-home:ro,Z" "-e" "SOURCE_DIR=/opt/rustwide/workdir" "-e" "CARGO_TARGET_DIR=/opt/rustwide/target" "-e" "CARGO_INCREMENTAL=0" "-e" "RUST_BACKTRACE=full" "-e" "RUSTFLAGS=--cap-lints=warn" "-e" "CARGO_HOME=/opt/rustwide/cargo-home" "-e" "RUSTUP_HOME=/opt/rustwide/rustup-home" "-w" "/opt/rustwide/workdir" "-m" "1610612736" "--user" "0:0" "--network" "none" "ghcr.io/rust-lang/crates-build-env/linux@sha256:a89201d6b5b9fd45c15d5952ece0a0129e7e80cb26ec023fd59cf09bc26f1604" "/opt/rustwide/cargo-home/bin/cargo" "+1.55.0" "check" "--frozen" "--all" "--all-targets" "--message-format=json", kill_on_drop: false }`
[INFO] [stdout] 3eea6899fcf1b8b46084c27b0c6cfe0b3fd50ea1a1b6aedbad66957fd05493e8
[INFO] running `Command { std: "docker" "start" "-a" "3eea6899fcf1b8b46084c27b0c6cfe0b3fd50ea1a1b6aedbad66957fd05493e8", kill_on_drop: false }`
[INFO] [stderr]    Compiling proc-macro2 v1.0.29
[INFO] [stderr]    Compiling syn v1.0.78
[INFO] [stderr]    Compiling semver v1.0.4
[INFO] [stderr]    Compiling libc v0.2.103
[INFO] [stderr]    Compiling serde v1.0.130
[INFO] [stderr]    Compiling unicode-segmentation v1.8.0
[INFO] [stderr]     Checking unicode-width v0.1.9
[INFO] [stderr]     Checking ansi_term v0.11.0
[INFO] [stderr]     Checking hex v0.4.3
[INFO] [stderr]     Checking vec_map v0.8.2
[INFO] [stderr]     Checking strsim v0.8.0
[INFO] [stderr]     Checking lazy_static v1.4.0
[INFO] [stderr]     Checking ansi_term v0.12.1
[INFO] [stderr]     Checking diff v0.1.12
[INFO] [stderr]    Compiling proc-macro-error-attr v1.0.4
[INFO] [stderr]    Compiling proc-macro-error v1.0.4
[INFO] [stderr]     Checking textwrap v0.11.0
[INFO] [stderr]     Checking pretty_assertions v0.7.2
[INFO] [stderr]    Compiling heck v0.3.3
[INFO] [stderr]    Compiling rustc_version v0.4.0
[INFO] [stderr]    Compiling quote v1.0.10
[INFO] [stderr]    Compiling kmip-ttlv v0.3.1
[INFO] [stderr]    Compiling kmip-protocol v0.4.0 (/opt/rustwide/workdir)
[INFO] [stderr]     Checking atty v0.2.14
[INFO] [stderr]     Checking thread-id v3.3.0
[INFO] [stderr]     Checking simple-logging v2.0.2
[INFO] [stderr]     Checking clap v2.33.3
[INFO] [stderr]     Checking serde_bytes v0.11.5
[INFO] [stderr]    Compiling trait-set v0.2.0
[INFO] [stderr]    Compiling maybe-async v0.2.6
[INFO] [stderr]    Compiling enum-display-derive v0.1.1
[INFO] [stderr]    Compiling serde_derive v1.0.130
[INFO] [stderr]    Compiling enum-flags v0.1.8
[INFO] [stderr]    Compiling structopt-derive v0.4.16
[INFO] [stderr]     Checking structopt v0.3.23
[INFO] [stdout] error: This demo requires one of the tls-with-xxx features to be enabled.
[INFO] [stdout]  --> examples/demo/main.rs:9:1
[INFO] [stdout]   |
[INFO] [stdout] 9 | compile_error!("This demo requires one of the tls-with-xxx features to be enabled.");
[INFO] [stdout]   | ^^^^^^^^^^^^^^^^^^^^^^^^^^^^^^^^^^^^^^^^^^^^^^^^^^^^^^^^^^^^^^^^^^^^^^^^^^^^^^^^^^^^^
[INFO] [stdout] 
[INFO] [stdout] 
[INFO] [stdout] error[E0432]: unresolved import `kmip_protocol::client`
[INFO] [stdout]  --> examples/demo/util.rs:1:20
[INFO] [stdout]   |
[INFO] [stdout] 1 | use kmip_protocol::client::Client;
[INFO] [stdout]   |                    ^^^^^^ could not find `client` in `kmip_protocol`
[INFO] [stdout] 
[INFO] [stdout] 
[INFO] [stdout] error[E0432]: unresolved import `kmip_protocol::client`
[INFO] [stdout]   --> examples/demo/main.rs:16:20
[INFO] [stdout]    |
[INFO] [stdout] 16 | use kmip_protocol::client::{Client, ClientCertificate, ConnectionSettings};
[INFO] [stdout]    |                    ^^^^^^ could not find `client` in `kmip_protocol`
[INFO] [stdout] 
[INFO] [stdout] 
[INFO] [stdout] error[E0433]: failed to resolve: could not find `client` in `kmip_protocol`
[INFO] [stdout]   --> examples/demo/util.rs:38:65
[INFO] [stdout]    |
[INFO] [stdout] 38 | impl<T: ReadWrite, U> SelfLoggingError<T, U> for kmip_protocol::client::Result<U> {
[INFO] [stdout]    |                                                                 ^^^^^^ could not find `client` in `kmip_protocol`
[INFO] [stdout] 
[INFO] [stdout] 
[INFO] [stdout] error[E0433]: failed to resolve: could not find `client` in `kmip_protocol`
[INFO] [stdout]    --> examples/demo/main.rs:100:32
[INFO] [stdout]     |
[INFO] [stdout] 100 | ) -> Result<(), kmip_protocol::client::Error> {
[INFO] [stdout]     |                                ^^^^^^ could not find `client` in `kmip_protocol`
[INFO] [stdout] 
[INFO] [stdout] 
[INFO] [stdout] error[E0433]: failed to resolve: could not find `client` in `kmip_protocol`
[INFO] [stdout]    --> examples/demo/main.rs:156:97
[INFO] [stdout]     |
[INFO] [stdout] 156 | async fn query_server_properties<T: ReadWrite>(client: &Client<T>) -> Result<(), kmip_protocol::client::Error> {
[INFO] [stdout]     |                                                                                                 ^^^^^^ could not find `client` in `kmip_protocol`
[INFO] [stdout] 
[INFO] [stdout] 
[INFO] [stdout] warning: unused import: `structopt::StructOpt`
[INFO] [stdout]   --> examples/demo/main.rs:19:5
[INFO] [stdout]    |
[INFO] [stdout] 19 | use structopt::StructOpt;
[INFO] [stdout]    |     ^^^^^^^^^^^^^^^^^^^^
[INFO] [stdout]    |
[INFO] [stdout]    = note: `#[warn(unused_imports)]` on by default
[INFO] [stdout] 
[INFO] [stdout] 
[INFO] [stdout] warning: unused import: `util::init_logging`
[INFO] [stdout]   --> examples/demo/main.rs:20:5
[INFO] [stdout]    |
[INFO] [stdout] 20 | use util::init_logging;
[INFO] [stdout]    |     ^^^^^^^^^^^^^^^^^^
[INFO] [stdout] 
[INFO] [stdout] 
[INFO] [stdout] error[E0601]: `main` function not found in crate `demo`
[INFO] [stdout]    --> examples/demo/main.rs:1:1
[INFO] [stdout]     |
[INFO] [stdout] 1   | / #[cfg(not(any(
[INFO] [stdout] 2   | |     feature = "tls-with-openssl",
[INFO] [stdout] 3   | |     feature = "tls-with-openssl-vendored",
[INFO] [stdout] 4   | |     feature = "tls-with-rustls",
[INFO] [stdout] ...   |
[INFO] [stdout] 226 | |     }
[INFO] [stdout] 227 | | }
[INFO] [stdout]     | |_^ consider adding a `main` function to `examples/demo/main.rs`
[INFO] [stdout] 
[INFO] [stdout] 
[INFO] [stdout] warning: unused import: `SelfLoggingError`
[INFO] [stdout]   --> examples/demo/main.rs:24:12
[INFO] [stdout]    |
[INFO] [stdout] 24 |     util::{SelfLoggingError, ToCsvString},
[INFO] [stdout]    |            ^^^^^^^^^^^^^^^^
[INFO] [stdout] 
[INFO] [stdout] 
[INFO] [stdout] warning: unused import: `ToCsvString`
[INFO] [stdout]   --> examples/demo/main.rs:24:30
[INFO] [stdout]    |
[INFO] [stdout] 24 |     util::{SelfLoggingError, ToCsvString},
[INFO] [stdout]    |                              ^^^^^^^^^^^
[INFO] [stdout] 
[INFO] [stdout] 
[INFO] [stdout] error: aborting due to 7 previous errors; 4 warnings emitted
[INFO] [stdout] 
[INFO] [stdout] 
[INFO] [stdout] Some errors have detailed explanations: E0432, E0433, E0601.
[INFO] [stdout] 
[INFO] [stdout] For more information about an error, try `rustc --explain E0432`.
[INFO] [stdout] 
[INFO] [stderr] error: could not compile `kmip-protocol` due to 8 previous errors; 4 warnings emitted
[INFO] running `Command { std: "docker" "inspect" "3eea6899fcf1b8b46084c27b0c6cfe0b3fd50ea1a1b6aedbad66957fd05493e8", kill_on_drop: false }`
[INFO] running `Command { std: "docker" "rm" "-f" "3eea6899fcf1b8b46084c27b0c6cfe0b3fd50ea1a1b6aedbad66957fd05493e8", kill_on_drop: false }`
[INFO] [stdout] 3eea6899fcf1b8b46084c27b0c6cfe0b3fd50ea1a1b6aedbad66957fd05493e8
