[INFO] fetching crate kazari 0.0.1...
[INFO] checking kazari-0.0.1 against beta-2021-10-15 for beta-1.56-3
[INFO] extracting crate kazari 0.0.1 into /workspace/builds/worker-94/source
[INFO] validating manifest of crates.io crate kazari 0.0.1 on toolchain beta-2021-10-15
[INFO] running `Command { std: "/workspace/cargo-home/bin/cargo" "+beta-2021-10-15" "metadata" "--manifest-path" "Cargo.toml" "--no-deps", kill_on_drop: false }`
[INFO] started tweaking crates.io crate kazari 0.0.1
[INFO] finished tweaking crates.io crate kazari 0.0.1
[INFO] tweaked toml for crates.io crate kazari 0.0.1 written to /workspace/builds/worker-94/source/Cargo.toml
[INFO] running `Command { std: "/workspace/cargo-home/bin/cargo" "+beta-2021-10-15" "generate-lockfile" "--manifest-path" "Cargo.toml" "-Zno-index-update", kill_on_drop: false }`
[INFO] [stderr]     Blocking waiting for file lock on package cache
[INFO] running `Command { std: "/workspace/cargo-home/bin/cargo" "+beta-2021-10-15" "fetch" "--manifest-path" "Cargo.toml", kill_on_drop: false }`
[INFO] [stderr]     Blocking waiting for file lock on package cache
[INFO] [stderr]     Blocking waiting for file lock on package cache
[INFO] [stderr]  Downloading crates ...
[INFO] [stderr]   Downloaded embedded-graphics-core v0.3.3
[INFO] [stderr]   Downloaded micromath v1.1.1
[INFO] [stderr]   Downloaded embedded-graphics v0.7.1
[INFO] running `Command { std: "docker" "create" "-v" "/var/lib/crater-agent-workspace/builds/worker-94/target:/opt/rustwide/target:rw,Z" "-v" "/var/lib/crater-agent-workspace/builds/worker-94/source:/opt/rustwide/workdir:ro,Z" "-v" "/var/lib/crater-agent-workspace/cargo-home:/opt/rustwide/cargo-home:ro,Z" "-v" "/var/lib/crater-agent-workspace/rustup-home:/opt/rustwide/rustup-home:ro,Z" "-e" "SOURCE_DIR=/opt/rustwide/workdir" "-e" "CARGO_TARGET_DIR=/opt/rustwide/target" "-e" "CARGO_HOME=/opt/rustwide/cargo-home" "-e" "RUSTUP_HOME=/opt/rustwide/rustup-home" "-w" "/opt/rustwide/workdir" "-m" "1610612736" "--user" "0:0" "--network" "none" "ghcr.io/rust-lang/crates-build-env/linux@sha256:a89201d6b5b9fd45c15d5952ece0a0129e7e80cb26ec023fd59cf09bc26f1604" "/opt/rustwide/cargo-home/bin/cargo" "+beta-2021-10-15" "metadata" "--no-deps" "--format-version=1", kill_on_drop: false }`
[INFO] [stdout] 6f3822cc17b9cce52c2b8b96307937382ec866e77fe47cc8d82e446fa514f57c
[INFO] running `Command { std: "docker" "start" "-a" "6f3822cc17b9cce52c2b8b96307937382ec866e77fe47cc8d82e446fa514f57c", kill_on_drop: false }`
[INFO] running `Command { std: "docker" "inspect" "6f3822cc17b9cce52c2b8b96307937382ec866e77fe47cc8d82e446fa514f57c", kill_on_drop: false }`
[INFO] running `Command { std: "docker" "rm" "-f" "6f3822cc17b9cce52c2b8b96307937382ec866e77fe47cc8d82e446fa514f57c", kill_on_drop: false }`
[INFO] [stdout] 6f3822cc17b9cce52c2b8b96307937382ec866e77fe47cc8d82e446fa514f57c
[INFO] running `Command { std: "docker" "create" "-v" "/var/lib/crater-agent-workspace/builds/worker-94/target:/opt/rustwide/target:rw,Z" "-v" "/var/lib/crater-agent-workspace/builds/worker-94/source:/opt/rustwide/workdir:ro,Z" "-v" "/var/lib/crater-agent-workspace/cargo-home:/opt/rustwide/cargo-home:ro,Z" "-v" "/var/lib/crater-agent-workspace/rustup-home:/opt/rustwide/rustup-home:ro,Z" "-e" "SOURCE_DIR=/opt/rustwide/workdir" "-e" "CARGO_TARGET_DIR=/opt/rustwide/target" "-e" "CARGO_INCREMENTAL=0" "-e" "RUST_BACKTRACE=full" "-e" "RUSTFLAGS=--cap-lints=warn" "-e" "CARGO_HOME=/opt/rustwide/cargo-home" "-e" "RUSTUP_HOME=/opt/rustwide/rustup-home" "-w" "/opt/rustwide/workdir" "-m" "1610612736" "--user" "0:0" "--network" "none" "ghcr.io/rust-lang/crates-build-env/linux@sha256:a89201d6b5b9fd45c15d5952ece0a0129e7e80cb26ec023fd59cf09bc26f1604" "/opt/rustwide/cargo-home/bin/cargo" "+beta-2021-10-15" "check" "--frozen" "--all" "--all-targets" "--message-format=json", kill_on_drop: false }`
[INFO] [stdout] a679bcb7110fd440f443580b960f452fa6e0c70fec77f8b16e8abd4986477b26
[INFO] running `Command { std: "docker" "start" "-a" "a679bcb7110fd440f443580b960f452fa6e0c70fec77f8b16e8abd4986477b26", kill_on_drop: false }`
[INFO] [stderr]    Compiling az v1.1.2
[INFO] [stderr]     Checking byteorder v1.4.3
[INFO] [stderr]     Checking micromath v1.1.1
[INFO] [stderr]     Checking ahash v0.4.7
[INFO] [stderr]     Checking ansi_term v0.12.1
[INFO] [stderr]     Checking smallvec v1.7.0
[INFO] [stderr]     Checking diff v0.1.12
[INFO] [stderr]    Compiling num-traits v0.2.14
[INFO] [stderr]     Checking pretty_assertions v0.7.2
[INFO] [stderr]     Checking hashbrown v0.9.1
[INFO] [stderr]     Checking embedded-graphics-core v0.3.3
[INFO] [stderr]     Checking float-cmp v0.8.0
[INFO] [stderr]     Checking embedded-graphics v0.7.1
[INFO] [stderr]     Checking kazari v0.0.1 (/opt/rustwide/workdir)
[INFO] [stdout] error[E0432]: unresolved import `embedded_graphics::mono_font::ascii::Font9x18`
[INFO] [stdout]  --> src/canvas/mod.rs:7:17
[INFO] [stdout]   |
[INFO] [stdout] 7 |     mono_font::{ascii::Font9x18, MonoTextStyle},
[INFO] [stdout]   |                 ^^^^^^^^^^^^^^^ no `Font9x18` in `mono_font::ascii`
[INFO] [stdout] 
[INFO] [stdout] 
[INFO] [stdout] error[E0432]: unresolved import `embedded_graphics::mono_font::ascii::Font9x18`
[INFO] [stdout]  --> src/canvas/mod.rs:7:17
[INFO] [stdout]   |
[INFO] [stdout] 7 |     mono_font::{ascii::Font9x18, MonoTextStyle},
[INFO] [stdout]   |                 ^^^^^^^^^^^^^^^ no `Font9x18` in `mono_font::ascii`
[INFO] [stdout] 
[INFO] [stdout] 
[INFO] [stdout] error[E0061]: this function takes 3 arguments but 2 arguments were supplied
[INFO] [stdout]    --> src/canvas/mod.rs:169:9
[INFO] [stdout]     |
[INFO] [stdout] 169 |         Text::new(text, (pos + Position::new(0, 18)/* FIXME: */).into())
[INFO] [stdout]     |         ^^^^^^^^^ ----  ----------------------------------------------- supplied 2 arguments
[INFO] [stdout]     |         |
[INFO] [stdout]     |         expected 3 arguments
[INFO] [stdout]     |
[INFO] [stdout] note: associated function defined here
[INFO] [stdout]    --> /opt/rustwide/cargo-home/registry/src/github.com-1ecc6299db9ec823/embedded-graphics-0.7.1/src/text/text.rs:39:18
[INFO] [stdout]     |
[INFO] [stdout] 39  |     pub const fn new(text: &'a str, position: Point, character_style: S) -> Self {
[INFO] [stdout]     |                  ^^^
[INFO] [stdout] 
[INFO] [stdout] 
[INFO] [stdout] error[E0599]: no method named `into_styled` found for struct `Text` in the current scope
[INFO] [stdout]    --> src/canvas/mod.rs:170:14
[INFO] [stdout]     |
[INFO] [stdout] 170 |             .into_styled(MonoTextStyle::new(Font9x18, color.into()))
[INFO] [stdout]     |              ^^^^^^^^^^^ method not found in `Text<'_, _>`
[INFO] [stdout] 
[INFO] [stdout] 
[INFO] [stdout] error[E0061]: this function takes 3 arguments but 2 arguments were supplied
[INFO] [stdout]    --> src/canvas/mod.rs:169:9
[INFO] [stdout]     |
[INFO] [stdout] 169 |         Text::new(text, (pos + Position::new(0, 18)/* FIXME: */).into())
[INFO] [stdout]     |         ^^^^^^^^^ ----  ----------------------------------------------- supplied 2 arguments
[INFO] [stdout]     |         |
[INFO] [stdout]     |         expected 3 arguments
[INFO] [stdout]     |
[INFO] [stdout] note: associated function defined here
[INFO] [stdout]    --> /opt/rustwide/cargo-home/registry/src/github.com-1ecc6299db9ec823/embedded-graphics-0.7.1/src/text/text.rs:39:18
[INFO] [stdout]     |
[INFO] [stdout] 39  |     pub const fn new(text: &'a str, position: Point, character_style: S) -> Self {
[INFO] [stdout]     |                  ^^^
[INFO] [stdout] 
[INFO] [stdout] 
[INFO] [stdout] error[E0599]: no method named `into_styled` found for struct `Text` in the current scope
[INFO] [stdout]    --> src/canvas/mod.rs:170:14
[INFO] [stdout]     |
[INFO] [stdout] 170 |             .into_styled(MonoTextStyle::new(Font9x18, color.into()))
[INFO] [stdout]     |              ^^^^^^^^^^^ method not found in `Text<'_, _>`
[INFO] [stdout] 
[INFO] [stdout] 
[INFO] [stdout] error: aborting due to 3 previous errors
[INFO] [stdout] 
[INFO] [stdout] 
[INFO] [stdout] Some errors have detailed explanations: E0061, E0432, E0599.
[INFO] [stdout] 
[INFO] [stdout] For more information about an error, try `rustc --explain E0061`.
[INFO] [stdout] 
[INFO] [stderr] error: could not compile `kazari` due to 4 previous errors
[INFO] [stderr] warning: build failed, waiting for other jobs to finish...
[INFO] [stdout] error: aborting due to 3 previous errors
[INFO] [stdout] 
[INFO] [stdout] 
[INFO] [stdout] Some errors have detailed explanations: E0061, E0432, E0599.
[INFO] [stdout] 
[INFO] [stdout] For more information about an error, try `rustc --explain E0061`.
[INFO] [stdout] 
[INFO] [stderr] error: build failed
[INFO] running `Command { std: "docker" "inspect" "a679bcb7110fd440f443580b960f452fa6e0c70fec77f8b16e8abd4986477b26", kill_on_drop: false }`
[INFO] running `Command { std: "docker" "rm" "-f" "a679bcb7110fd440f443580b960f452fa6e0c70fec77f8b16e8abd4986477b26", kill_on_drop: false }`
[INFO] [stdout] a679bcb7110fd440f443580b960f452fa6e0c70fec77f8b16e8abd4986477b26
