[INFO] fetching crate jsonrpc-v2 0.10.1...
[INFO] checking jsonrpc-v2-0.10.1 against 1.55.0 for beta-1.56-3
[INFO] extracting crate jsonrpc-v2 0.10.1 into /workspace/builds/worker-93/source
[INFO] validating manifest of crates.io crate jsonrpc-v2 0.10.1 on toolchain 1.55.0
[INFO] running `Command { std: "/workspace/cargo-home/bin/cargo" "+1.55.0" "metadata" "--manifest-path" "Cargo.toml" "--no-deps", kill_on_drop: false }`
[INFO] started tweaking crates.io crate jsonrpc-v2 0.10.1
[INFO] finished tweaking crates.io crate jsonrpc-v2 0.10.1
[INFO] tweaked toml for crates.io crate jsonrpc-v2 0.10.1 written to /workspace/builds/worker-93/source/Cargo.toml
[INFO] crate crates.io crate jsonrpc-v2 0.10.1 already has a lockfile, it will not be regenerated
[INFO] running `Command { std: "/workspace/cargo-home/bin/cargo" "+1.55.0" "fetch" "--manifest-path" "Cargo.toml", kill_on_drop: false }`
[INFO] [stderr]     Blocking waiting for file lock on package cache
[INFO] [stderr]     Blocking waiting for file lock on package cache
[INFO] [stderr]  Downloading crates ...
[INFO] [stderr]   Downloaded actix-web-codegen v0.1.3
[INFO] [stderr]   Downloaded hyper v0.14.4
[INFO] [stderr]   Downloaded actix-testing v0.1.0
[INFO] [stderr]   Downloaded actix-connect v2.0.0
[INFO] [stderr]   Downloaded const-random v0.1.13
[INFO] [stderr]   Downloaded dtoa v0.4.7
[INFO] [stderr]   Downloaded sha-1 v0.9.2
[INFO] [stderr]   Downloaded actix-codec v0.1.2
[INFO] [stderr]   Downloaded actix-server-config v0.1.2
[INFO] [stderr]   Downloaded actix-threadpool v0.1.2
[INFO] [stderr]   Downloaded tokio-signal v0.2.9
[INFO] [stderr]   Downloaded actix-server v0.6.1
[INFO] [stderr]   Downloaded trust-dns-proto v0.7.4
[INFO] [stderr]   Downloaded actix-router v0.1.5
[INFO] [stderr]   Downloaded actix-rt v0.2.6
[INFO] [stderr]   Downloaded actix-connect v0.2.5
[INFO] [stderr]   Downloaded hashbrown v0.6.3
[INFO] [stderr]   Downloaded actix-web v3.3.2
[INFO] [stderr]   Downloaded resolv-conf v0.7.0
[INFO] [stderr]   Downloaded ahash v0.2.19
[INFO] [stderr]   Downloaded actix-utils v0.4.7
[INFO] [stderr]   Downloaded actix-tls v2.0.0
[INFO] [stderr]   Downloaded erased-serde v0.3.13
[INFO] [stderr]   Downloaded awc v2.0.3
[INFO] [stderr]   Downloaded trust-dns-resolver v0.19.6
[INFO] [stderr]   Downloaded pin-project-internal v1.0.4
[INFO] [stderr]   Downloaded tokio-util v0.6.3
[INFO] [stderr]   Downloaded time v0.2.24
[INFO] [stderr]   Downloaded http v0.2.3
[INFO] [stderr]   Downloaded trust-dns-resolver v0.11.1
[INFO] [stderr]   Downloaded actix-service v0.4.2
[INFO] [stderr]   Downloaded actix-http v0.2.11
[INFO] [stderr]   Downloaded awc v0.2.8
[INFO] [stderr]   Downloaded enum-as-inner v0.2.1
[INFO] [stderr]   Downloaded actix-router v0.2.6
[INFO] [stderr]   Downloaded actix-http v2.2.0
[INFO] [stderr]   Downloaded actix-web v1.0.9
[INFO] [stderr]   Downloaded trust-dns-proto v0.19.6
[INFO] [stderr]   Downloaded cookie v0.14.3
[INFO] [stderr]   Downloaded jsonrpc-v2-macros v0.1.0
[INFO] [stderr]   Downloaded actix-web-codegen v0.4.0
[INFO] [stderr]   Downloaded standback v0.2.14
[INFO] [stderr]   Downloaded extensions v0.2.0
[INFO] [stderr]   Downloaded pin-project v1.0.4
[INFO] [stderr]   Downloaded const-random-macro v0.1.13
[INFO] running `Command { std: "docker" "create" "-v" "/var/lib/crater-agent-workspace/builds/worker-93/target:/opt/rustwide/target:rw,Z" "-v" "/var/lib/crater-agent-workspace/builds/worker-93/source:/opt/rustwide/workdir:ro,Z" "-v" "/var/lib/crater-agent-workspace/cargo-home:/opt/rustwide/cargo-home:ro,Z" "-v" "/var/lib/crater-agent-workspace/rustup-home:/opt/rustwide/rustup-home:ro,Z" "-e" "SOURCE_DIR=/opt/rustwide/workdir" "-e" "CARGO_TARGET_DIR=/opt/rustwide/target" "-e" "CARGO_HOME=/opt/rustwide/cargo-home" "-e" "RUSTUP_HOME=/opt/rustwide/rustup-home" "-w" "/opt/rustwide/workdir" "-m" "1610612736" "--user" "0:0" "--network" "none" "ghcr.io/rust-lang/crates-build-env/linux@sha256:a89201d6b5b9fd45c15d5952ece0a0129e7e80cb26ec023fd59cf09bc26f1604" "/opt/rustwide/cargo-home/bin/cargo" "+1.55.0" "metadata" "--no-deps" "--format-version=1", kill_on_drop: false }`
[INFO] [stdout] e7437e965441c71b65968796121b2934dc168a3aa8817a652210183dda024a1d
[INFO] running `Command { std: "docker" "start" "-a" "e7437e965441c71b65968796121b2934dc168a3aa8817a652210183dda024a1d", kill_on_drop: false }`
[INFO] running `Command { std: "docker" "inspect" "e7437e965441c71b65968796121b2934dc168a3aa8817a652210183dda024a1d", kill_on_drop: false }`
[INFO] running `Command { std: "docker" "rm" "-f" "e7437e965441c71b65968796121b2934dc168a3aa8817a652210183dda024a1d", kill_on_drop: false }`
[INFO] [stdout] e7437e965441c71b65968796121b2934dc168a3aa8817a652210183dda024a1d
[INFO] running `Command { std: "docker" "create" "-v" "/var/lib/crater-agent-workspace/builds/worker-93/target:/opt/rustwide/target:rw,Z" "-v" "/var/lib/crater-agent-workspace/builds/worker-93/source:/opt/rustwide/workdir:ro,Z" "-v" "/var/lib/crater-agent-workspace/cargo-home:/opt/rustwide/cargo-home:ro,Z" "-v" "/var/lib/crater-agent-workspace/rustup-home:/opt/rustwide/rustup-home:ro,Z" "-e" "SOURCE_DIR=/opt/rustwide/workdir" "-e" "CARGO_TARGET_DIR=/opt/rustwide/target" "-e" "CARGO_INCREMENTAL=0" "-e" "RUST_BACKTRACE=full" "-e" "RUSTFLAGS=--cap-lints=warn" "-e" "CARGO_HOME=/opt/rustwide/cargo-home" "-e" "RUSTUP_HOME=/opt/rustwide/rustup-home" "-w" "/opt/rustwide/workdir" "-m" "1610612736" "--user" "0:0" "--network" "none" "ghcr.io/rust-lang/crates-build-env/linux@sha256:a89201d6b5b9fd45c15d5952ece0a0129e7e80cb26ec023fd59cf09bc26f1604" "/opt/rustwide/cargo-home/bin/cargo" "+1.55.0" "check" "--frozen" "--all" "--all-targets" "--message-format=json", kill_on_drop: false }`
[INFO] [stdout] 4e8ae5e77d45fdba99c4c596581a9437fc2201204179b07104f5aaf5535f092d
[INFO] running `Command { std: "docker" "start" "-a" "4e8ae5e77d45fdba99c4c596581a9437fc2201204179b07104f5aaf5535f092d", kill_on_drop: false }`
[INFO] [stderr]     Blocking waiting for file lock on package cache
[INFO] [stderr]    Compiling syn v1.0.58
[INFO] [stderr]    Compiling libc v0.2.82
[INFO] [stderr]    Compiling log v0.4.13
[INFO] [stderr]    Compiling memchr v2.3.4
[INFO] [stderr]     Checking futures-core v0.3.9
[INFO] [stderr]     Checking futures-sink v0.3.9
[INFO] [stderr]     Checking pin-project-lite v0.2.4
[INFO] [stderr]     Checking once_cell v1.5.2
[INFO] [stderr]    Compiling proc-macro-nested v0.1.6
[INFO] [stderr]     Checking futures-io v0.3.9
[INFO] [stderr]     Checking pin-project-lite v0.1.11
[INFO] [stderr]     Checking bytes v0.5.6
[INFO] [stderr]    Compiling pin-project-internal v0.4.27
[INFO] [stderr]    Compiling getrandom v0.1.16
[INFO] [stderr]    Compiling serde_derive v1.0.119
[INFO] [stderr]     Checking adler v0.2.3
[INFO] [stderr]     Checking copyless v0.1.5
[INFO] [stderr]    Compiling serde v1.0.119
[INFO] [stderr]     Checking ppv-lite86 v0.2.10
[INFO] [stderr]    Compiling unicode-segmentation v1.7.1
[INFO] [stderr]     Checking gimli v0.23.0
[INFO] [stderr]     Checking rustc-demangle v0.1.18
[INFO] [stderr]    Compiling cc v1.0.66
[INFO] [stderr]     Checking match_cfg v0.1.0
[INFO] [stderr]     Checking object v0.22.0
[INFO] [stderr]     Checking byteorder v1.4.2
[INFO] [stderr]    Compiling const_fn v0.4.5
[INFO] [stderr]     Checking regex-syntax v0.6.22
[INFO] [stderr]    Compiling encoding_rs v0.8.26
[INFO] [stderr]    Compiling serde_json v1.0.61
[INFO] [stderr]     Checking opaque-debug v0.3.0
[INFO] [stderr]     Checking cpuid-bool v0.1.2
[INFO] [stderr]    Compiling miniz_oxide v0.4.3
[INFO] [stderr]    Compiling standback v0.2.14
[INFO] [stderr]    Compiling time v0.2.24
[INFO] [stderr]    Compiling indexmap v1.6.1
[INFO] [stderr]     Checking thread_local v1.1.0
[INFO] [stderr]    Compiling cookie v0.14.3
[INFO] [stderr]    Compiling tokio v1.2.0
[INFO] [stderr]     Checking lock_api v0.4.2
[INFO] [stderr]     Checking tinyvec v1.1.0
[INFO] [stderr]     Checking form_urlencoded v1.0.0
[INFO] [stderr]     Checking http v0.2.3
[INFO] [stderr]     Checking lru-cache v0.1.2
[INFO] [stderr]     Checking bytestring v1.0.0
[INFO] [stderr]    Compiling quote v1.0.8
[INFO] [stderr]     Checking block-buffer v0.9.0
[INFO] [stderr]     Checking digest v0.9.0
[INFO] [stderr]     Checking futures-channel v0.3.9
[INFO] [stderr]     Checking futures-task v0.3.9
[INFO] [stderr]     Checking fxhash v0.2.1
[INFO] [stderr]     Checking unicode-normalization v0.1.16
[INFO] [stderr]     Checking sha-1 v0.9.2
[INFO] [stderr]    Compiling heck v0.3.2
[INFO] [stderr]     Checking extensions v0.2.0
[INFO] [stderr]     Checking tracing v0.1.22
[INFO] [stderr]     Checking aho-corasick v0.7.15
[INFO] [stderr]    Compiling brotli-sys v0.3.2
[INFO] [stderr]     Checking idna v0.2.0
[INFO] [stderr]     Checking iovec v0.1.4
[INFO] [stderr]     Checking net2 v0.2.37
[INFO] [stderr]     Checking signal-hook-registry v1.3.0
[INFO] [stderr]     Checking num_cpus v1.13.0
[INFO] [stderr]     Checking parking_lot_core v0.8.2
[INFO] [stderr]     Checking hostname v0.3.1
[INFO] [stderr]     Checking socket2 v0.3.19
[INFO] [stderr]     Checking mio v0.7.7
[INFO] [stderr]     Checking resolv-conf v0.7.0
[INFO] [stderr]     Checking bytes v0.4.12
[INFO] [stderr]     Checking flate2 v1.0.19
[INFO] [stderr]     Checking threadpool v1.8.1
[INFO] [stderr]     Checking parking_lot v0.11.1
[INFO] [stderr]     Checking url v2.2.0
[INFO] [stderr]     Checking mio v0.6.23
[INFO] [stderr]     Checking rand_core v0.5.1
[INFO] [stderr]     Checking addr2line v0.14.1
[INFO] [stderr]     Checking regex v1.4.3
[INFO] [stderr]     Checking http v0.1.21
[INFO] [stderr]     Checking rand_chacha v0.2.2
[INFO] [stderr]     Checking backtrace v0.3.55
[INFO] [stderr]     Checking rand v0.7.3
[INFO] [stderr]     Checking mio-uds v0.6.8
[INFO] [stderr]     Checking tokio v0.2.24
[INFO] [stderr]     Checking tokio-util v0.3.1
[INFO] [stderr]    Compiling futures-macro v0.3.9
[INFO] [stderr]    Compiling derive_more v0.99.11
[INFO] [stderr]    Compiling actix-macros v0.1.3
[INFO] [stderr]    Compiling thiserror-impl v1.0.23
[INFO] [stderr]    Compiling time-macros-impl v0.1.1
[INFO] [stderr]    Compiling async-trait v0.1.42
[INFO] [stderr]    Compiling enum-as-inner v0.3.3
[INFO] [stderr]    Compiling pin-project-internal v1.0.4
[INFO] [stderr]    Compiling actix-web-codegen v0.4.0
[INFO] [stderr]    Compiling tokio-macros v1.1.0
[INFO] [stderr]     Checking time-macros v0.1.1
[INFO] [stderr]     Checking futures-util v0.3.9
[INFO] [stderr]     Checking brotli2 v0.3.2
[INFO] [stderr]     Checking thiserror v1.0.23
[INFO] [stderr]     Checking pin-project v1.0.4
[INFO] [stderr]     Checking pin-project v0.4.27
[INFO] [stderr]     Checking actix-codec v0.3.0
[INFO] [stderr]     Checking tracing-futures v0.2.4
[INFO] [stderr]     Checking actix-threadpool v0.3.3
[INFO] [stderr]     Checking actix-rt v1.1.1
[INFO] [stderr]     Checking actix-service v1.0.6
[INFO] [stderr]     Checking futures-executor v0.3.9
[INFO] [stderr]     Checking h2 v0.2.7
[INFO] [stderr]     Checking futures v0.3.9
[INFO] [stderr]     Checking trust-dns-proto v0.19.6
[INFO] [stderr]     Checking actix-utils v2.0.0
[INFO] [stderr]     Checking actix-server v1.0.4
[INFO] [stderr]     Checking actix-tls v2.0.0
[INFO] [stderr]     Checking actix-testing v1.0.1
[INFO] [stderr]     Checking trust-dns-resolver v0.19.6
[INFO] [stderr]     Checking actix-connect v2.0.0
[INFO] [stderr]     Checking serde_urlencoded v0.7.0
[INFO] [stderr]     Checking actix-router v0.2.6
[INFO] [stderr]     Checking erased-serde v0.3.13
[INFO] [stderr]     Checking actix-http v2.2.0
[INFO] [stderr]     Checking awc v2.0.3
[INFO] [stderr]     Checking actix-web v3.3.2
[INFO] [stderr]     Checking jsonrpc-v2 v0.10.1 (/opt/rustwide/workdir)
[INFO] [stdout] error[E0432]: unresolved import `actix_web_v2`
[INFO] [stdout]  --> examples/actix-web-v2.rs:1:5
[INFO] [stdout]   |
[INFO] [stdout] 1 | use actix_web_v2::{guard, web, App, HttpServer};
[INFO] [stdout]   |     ^^^^^^^^^^^^ use of undeclared crate or module `actix_web_v2`
[INFO] [stdout] 
[INFO] [stdout] 
[INFO] [stdout] error[E0433]: failed to resolve: use of undeclared crate or module `hyper`
[INFO] [stdout]   --> examples/hyper.rs:38:33
[INFO] [stdout]    |
[INFO] [stdout] 38 |     let server = hyper::server::Server::bind(&addr).serve(rpc.into_hyper_web_service());
[INFO] [stdout]    |                                 ^^^^^^ not found in `hyper::server`
[INFO] [stdout]    |
[INFO] [stdout] help: consider importing one of these items
[INFO] [stdout]    |
[INFO] [stdout] 1  | use actix_web_v3::dev::Server;
[INFO] [stdout]    |
[INFO] [stdout] 1  | use jsonrpc_v2::Server;
[INFO] [stdout]    |
[INFO] [stdout] 
[INFO] [stdout] 
[INFO] [stdout] error: aborting due to previous error
[INFO] [stdout] 
[INFO] [stdout] 
[INFO] [stdout] For more information about this error, try `rustc --explain E0432`.
[INFO] [stdout] 
[INFO] [stderr] error: could not compile `jsonrpc-v2` due to 2 previous errors
[INFO] [stderr] warning: build failed, waiting for other jobs to finish...
[INFO] [stdout] error[E0432]: unresolved import `actix_web_v1`
[INFO] [stdout]  --> examples/actix-web-v1.rs:1:5
[INFO] [stdout]   |
[INFO] [stdout] 1 | use actix_web_v1::{guard, web, App, HttpServer};
[INFO] [stdout]   |     ^^^^^^^^^^^^ use of undeclared crate or module `actix_web_v1`
[INFO] [stdout] 
[INFO] [stdout] 
[INFO] [stdout] error: aborting due to previous error
[INFO] [stdout] 
[INFO] [stdout] 
[INFO] [stdout] For more information about this error, try `rustc --explain E0432`.
[INFO] [stdout] 
[INFO] [stdout] error[E0599]: no method named `into_hyper_web_service` found for struct `Arc<jsonrpc_v2::Server<MapRouter>>` in the current scope
[INFO] [stdout]   --> examples/hyper.rs:38:63
[INFO] [stdout]    |
[INFO] [stdout] 38 |     let server = hyper::server::Server::bind(&addr).serve(rpc.into_hyper_web_service());
[INFO] [stdout]    |                                                               ^^^^^^^^^^^^^^^^^^^^^^ help: there is an associated function with a similar name: `into_actix_web_service`
[INFO] [stdout] 
[INFO] [stdout] 
[INFO] [stdout] error: aborting due to 2 previous errors
[INFO] [stdout] 
[INFO] [stdout] 
[INFO] [stdout] Some errors have detailed explanations: E0433, E0599.
[INFO] [stdout] 
[INFO] [stdout] For more information about an error, try `rustc --explain E0433`.
[INFO] [stdout] 
[INFO] [stderr] error: build failed
[INFO] running `Command { std: "docker" "inspect" "4e8ae5e77d45fdba99c4c596581a9437fc2201204179b07104f5aaf5535f092d", kill_on_drop: false }`
[INFO] running `Command { std: "docker" "rm" "-f" "4e8ae5e77d45fdba99c4c596581a9437fc2201204179b07104f5aaf5535f092d", kill_on_drop: false }`
[INFO] [stdout] 4e8ae5e77d45fdba99c4c596581a9437fc2201204179b07104f5aaf5535f092d
