[INFO] fetching crate iswow64 0.1.0...
[INFO] checking iswow64-0.1.0 against 1.55.0 for beta-1.56-3
[INFO] extracting crate iswow64 0.1.0 into /workspace/builds/worker-14/source
[INFO] validating manifest of crates.io crate iswow64 0.1.0 on toolchain 1.55.0
[INFO] running `Command { std: "/workspace/cargo-home/bin/cargo" "+1.55.0" "metadata" "--manifest-path" "Cargo.toml" "--no-deps", kill_on_drop: false }`
[INFO] started tweaking crates.io crate iswow64 0.1.0
[INFO] finished tweaking crates.io crate iswow64 0.1.0
[INFO] tweaked toml for crates.io crate iswow64 0.1.0 written to /workspace/builds/worker-14/source/Cargo.toml
[INFO] running `Command { std: "/workspace/cargo-home/bin/cargo" "+1.55.0" "generate-lockfile" "--manifest-path" "Cargo.toml" "-Zno-index-update", kill_on_drop: false }`
[INFO] [stderr]     Blocking waiting for file lock on package cache
[INFO] running `Command { std: "/workspace/cargo-home/bin/cargo" "+1.55.0" "fetch" "--manifest-path" "Cargo.toml", kill_on_drop: false }`
[INFO] [stderr]     Blocking waiting for file lock on package cache
[INFO] [stderr]     Blocking waiting for file lock on package cache
[INFO] [stderr]  Downloading crates ...
[INFO] [stderr]   Downloaded winapi-build v0.1.1
[INFO] [stderr]   Downloaded kernel32-sys v0.2.2
[INFO] [stderr]   Downloaded winapi v0.2.8
[INFO] running `Command { std: "docker" "create" "-v" "/var/lib/crater-agent-workspace/builds/worker-14/target:/opt/rustwide/target:rw,Z" "-v" "/var/lib/crater-agent-workspace/builds/worker-14/source:/opt/rustwide/workdir:ro,Z" "-v" "/var/lib/crater-agent-workspace/cargo-home:/opt/rustwide/cargo-home:ro,Z" "-v" "/var/lib/crater-agent-workspace/rustup-home:/opt/rustwide/rustup-home:ro,Z" "-e" "SOURCE_DIR=/opt/rustwide/workdir" "-e" "CARGO_TARGET_DIR=/opt/rustwide/target" "-e" "CARGO_HOME=/opt/rustwide/cargo-home" "-e" "RUSTUP_HOME=/opt/rustwide/rustup-home" "-w" "/opt/rustwide/workdir" "-m" "1610612736" "--user" "0:0" "--network" "none" "ghcr.io/rust-lang/crates-build-env/linux@sha256:a89201d6b5b9fd45c15d5952ece0a0129e7e80cb26ec023fd59cf09bc26f1604" "/opt/rustwide/cargo-home/bin/cargo" "+1.55.0" "metadata" "--no-deps" "--format-version=1", kill_on_drop: false }`
[INFO] [stdout] 5fa4522954ed03743e3d29b6786a23c669a6f664b622dfea21b5fcf446a42e4c
[INFO] running `Command { std: "docker" "start" "-a" "5fa4522954ed03743e3d29b6786a23c669a6f664b622dfea21b5fcf446a42e4c", kill_on_drop: false }`
[INFO] running `Command { std: "docker" "inspect" "5fa4522954ed03743e3d29b6786a23c669a6f664b622dfea21b5fcf446a42e4c", kill_on_drop: false }`
[INFO] running `Command { std: "docker" "rm" "-f" "5fa4522954ed03743e3d29b6786a23c669a6f664b622dfea21b5fcf446a42e4c", kill_on_drop: false }`
[INFO] [stdout] 5fa4522954ed03743e3d29b6786a23c669a6f664b622dfea21b5fcf446a42e4c
[INFO] running `Command { std: "docker" "create" "-v" "/var/lib/crater-agent-workspace/builds/worker-14/target:/opt/rustwide/target:rw,Z" "-v" "/var/lib/crater-agent-workspace/builds/worker-14/source:/opt/rustwide/workdir:ro,Z" "-v" "/var/lib/crater-agent-workspace/cargo-home:/opt/rustwide/cargo-home:ro,Z" "-v" "/var/lib/crater-agent-workspace/rustup-home:/opt/rustwide/rustup-home:ro,Z" "-e" "SOURCE_DIR=/opt/rustwide/workdir" "-e" "CARGO_TARGET_DIR=/opt/rustwide/target" "-e" "CARGO_INCREMENTAL=0" "-e" "RUST_BACKTRACE=full" "-e" "RUSTFLAGS=--cap-lints=warn" "-e" "CARGO_HOME=/opt/rustwide/cargo-home" "-e" "RUSTUP_HOME=/opt/rustwide/rustup-home" "-w" "/opt/rustwide/workdir" "-m" "1610612736" "--user" "0:0" "--network" "none" "ghcr.io/rust-lang/crates-build-env/linux@sha256:a89201d6b5b9fd45c15d5952ece0a0129e7e80cb26ec023fd59cf09bc26f1604" "/opt/rustwide/cargo-home/bin/cargo" "+1.55.0" "check" "--frozen" "--all" "--all-targets" "--message-format=json", kill_on_drop: false }`
[INFO] [stdout] 24c94e0389c245ed021f542097e43337fb6c24d398ba775f982fb80080ee6d5b
[INFO] running `Command { std: "docker" "start" "-a" "24c94e0389c245ed021f542097e43337fb6c24d398ba775f982fb80080ee6d5b", kill_on_drop: false }`
[INFO] [stderr]     Blocking waiting for file lock on package cache
[INFO] [stderr]     Checking iswow64 v0.1.0 (/opt/rustwide/workdir)
[INFO] [stdout] error[E0432]: unresolved import `winapi`
[INFO] [stdout]   --> src/lib.rs:25:5
[INFO] [stdout]    |
[INFO] [stdout] 25 | use winapi::BOOL;
[INFO] [stdout]    |     ^^^^^^ maybe a missing crate `winapi`?
[INFO] [stdout] 
[INFO] [stdout] 
[INFO] [stderr] error: could not compile `iswow64` due to 3 previous errors
[INFO] [stdout] error[E0432]: unresolved import `kernel32`
[INFO] [stdout]   --> src/lib.rs:26:5
[INFO] [stdout]    |
[INFO] [stdout] 26 | use kernel32::{IsWow64Process, GetCurrentProcess, GetLastError};
[INFO] [stdout]    |     ^^^^^^^^ maybe a missing crate `kernel32`?
[INFO] [stdout] 
[INFO] [stdout] 
[INFO] [stderr] warning: build failed, waiting for other jobs to finish...
[INFO] [stdout] error: aborting due to 2 previous errors
[INFO] [stdout] 
[INFO] [stdout] 
[INFO] [stdout] For more information about this error, try `rustc --explain E0432`.
[INFO] [stdout] 
[INFO] [stdout] error[E0432]: unresolved import `winapi`
[INFO] [stdout]   --> src/lib.rs:25:5
[INFO] [stdout]    |
[INFO] [stdout] 25 | use winapi::BOOL;
[INFO] [stdout]    |     ^^^^^^ maybe a missing crate `winapi`?
[INFO] [stdout] 
[INFO] [stdout] 
[INFO] [stdout] error[E0432]: unresolved import `kernel32`
[INFO] [stdout]   --> src/lib.rs:26:5
[INFO] [stdout]    |
[INFO] [stdout] 26 | use kernel32::{IsWow64Process, GetCurrentProcess, GetLastError};
[INFO] [stdout]    |     ^^^^^^^^ maybe a missing crate `kernel32`?
[INFO] [stdout] 
[INFO] [stdout] 
[INFO] [stderr] error: build failed
[INFO] [stdout] error: aborting due to 2 previous errors
[INFO] [stdout] 
[INFO] [stdout] 
[INFO] [stdout] For more information about this error, try `rustc --explain E0432`.
[INFO] [stdout] 
[INFO] running `Command { std: "docker" "inspect" "24c94e0389c245ed021f542097e43337fb6c24d398ba775f982fb80080ee6d5b", kill_on_drop: false }`
[INFO] running `Command { std: "docker" "rm" "-f" "24c94e0389c245ed021f542097e43337fb6c24d398ba775f982fb80080ee6d5b", kill_on_drop: false }`
[INFO] [stdout] 24c94e0389c245ed021f542097e43337fb6c24d398ba775f982fb80080ee6d5b
