[INFO] fetching crate intrusive-containers 0.2.4...
[INFO] checking intrusive-containers-0.2.4 against beta-2021-10-15 for beta-1.56-3
[INFO] extracting crate intrusive-containers 0.2.4 into /workspace/builds/worker-106/source
[INFO] validating manifest of crates.io crate intrusive-containers 0.2.4 on toolchain beta-2021-10-15
[INFO] running `Command { std: "/workspace/cargo-home/bin/cargo" "+beta-2021-10-15" "metadata" "--manifest-path" "Cargo.toml" "--no-deps", kill_on_drop: false }`
[INFO] started tweaking crates.io crate intrusive-containers 0.2.4
[INFO] finished tweaking crates.io crate intrusive-containers 0.2.4
[INFO] tweaked toml for crates.io crate intrusive-containers 0.2.4 written to /workspace/builds/worker-106/source/Cargo.toml
[INFO] running `Command { std: "/workspace/cargo-home/bin/cargo" "+beta-2021-10-15" "generate-lockfile" "--manifest-path" "Cargo.toml" "-Zno-index-update", kill_on_drop: false }`
[INFO] [stderr]     Blocking waiting for file lock on package cache
[INFO] running `Command { std: "/workspace/cargo-home/bin/cargo" "+beta-2021-10-15" "fetch" "--manifest-path" "Cargo.toml", kill_on_drop: false }`
[INFO] [stderr]     Blocking waiting for file lock on package cache
[INFO] [stderr]     Blocking waiting for file lock on package cache
[INFO] running `Command { std: "docker" "create" "-v" "/var/lib/crater-agent-workspace/builds/worker-106/target:/opt/rustwide/target:rw,Z" "-v" "/var/lib/crater-agent-workspace/builds/worker-106/source:/opt/rustwide/workdir:ro,Z" "-v" "/var/lib/crater-agent-workspace/cargo-home:/opt/rustwide/cargo-home:ro,Z" "-v" "/var/lib/crater-agent-workspace/rustup-home:/opt/rustwide/rustup-home:ro,Z" "-e" "SOURCE_DIR=/opt/rustwide/workdir" "-e" "CARGO_TARGET_DIR=/opt/rustwide/target" "-e" "CARGO_HOME=/opt/rustwide/cargo-home" "-e" "RUSTUP_HOME=/opt/rustwide/rustup-home" "-w" "/opt/rustwide/workdir" "-m" "1610612736" "--user" "0:0" "--network" "none" "ghcr.io/rust-lang/crates-build-env/linux@sha256:a89201d6b5b9fd45c15d5952ece0a0129e7e80cb26ec023fd59cf09bc26f1604" "/opt/rustwide/cargo-home/bin/cargo" "+beta-2021-10-15" "metadata" "--no-deps" "--format-version=1", kill_on_drop: false }`
[INFO] [stdout] cc6c635d833427dd17f9f34a48e1aa59060e692cd9c307b1d1cf4d915f4d418b
[INFO] running `Command { std: "docker" "start" "-a" "cc6c635d833427dd17f9f34a48e1aa59060e692cd9c307b1d1cf4d915f4d418b", kill_on_drop: false }`
[INFO] running `Command { std: "docker" "inspect" "cc6c635d833427dd17f9f34a48e1aa59060e692cd9c307b1d1cf4d915f4d418b", kill_on_drop: false }`
[INFO] running `Command { std: "docker" "rm" "-f" "cc6c635d833427dd17f9f34a48e1aa59060e692cd9c307b1d1cf4d915f4d418b", kill_on_drop: false }`
[INFO] [stdout] cc6c635d833427dd17f9f34a48e1aa59060e692cd9c307b1d1cf4d915f4d418b
[INFO] running `Command { std: "docker" "create" "-v" "/var/lib/crater-agent-workspace/builds/worker-106/target:/opt/rustwide/target:rw,Z" "-v" "/var/lib/crater-agent-workspace/builds/worker-106/source:/opt/rustwide/workdir:ro,Z" "-v" "/var/lib/crater-agent-workspace/cargo-home:/opt/rustwide/cargo-home:ro,Z" "-v" "/var/lib/crater-agent-workspace/rustup-home:/opt/rustwide/rustup-home:ro,Z" "-e" "SOURCE_DIR=/opt/rustwide/workdir" "-e" "CARGO_TARGET_DIR=/opt/rustwide/target" "-e" "CARGO_INCREMENTAL=0" "-e" "RUST_BACKTRACE=full" "-e" "RUSTFLAGS=--cap-lints=warn" "-e" "CARGO_HOME=/opt/rustwide/cargo-home" "-e" "RUSTUP_HOME=/opt/rustwide/rustup-home" "-w" "/opt/rustwide/workdir" "-m" "1610612736" "--user" "0:0" "--network" "none" "ghcr.io/rust-lang/crates-build-env/linux@sha256:a89201d6b5b9fd45c15d5952ece0a0129e7e80cb26ec023fd59cf09bc26f1604" "/opt/rustwide/cargo-home/bin/cargo" "+beta-2021-10-15" "check" "--frozen" "--all" "--all-targets" "--message-format=json", kill_on_drop: false }`
[INFO] [stdout] 45f8494f9b1116537813dc83c28df0666be24201d47066c55998642c23aeaed3
[INFO] running `Command { std: "docker" "start" "-a" "45f8494f9b1116537813dc83c28df0666be24201d47066c55998642c23aeaed3", kill_on_drop: false }`
[INFO] [stderr]     Blocking waiting for file lock on package cache
[INFO] [stderr]     Checking intrusive-containers v0.2.4 (/opt/rustwide/workdir)
[INFO] [stderr]     Checking rand v0.4.6
[INFO] [stdout] warning: lint `raw_pointer_derive` has been removed: using derive with raw pointers is ok
[INFO] [stdout]   --> src/rawlink.rs:30:9
[INFO] [stdout]    |
[INFO] [stdout] 30 | #[allow(raw_pointer_derive)]
[INFO] [stdout]    |         ^^^^^^^^^^^^^^^^^^
[INFO] [stdout]    |
[INFO] [stdout]    = note: `#[warn(renamed_and_removed_lints)]` on by default
[INFO] [stdout] 
[INFO] [stdout] 
[INFO] [stdout] error[E0433]: failed to resolve: could not find `order` in `iter`
[INFO] [stdout]     --> src/linked_list.rs:1023:19
[INFO] [stdout]      |
[INFO] [stdout] 1023 |             iter::order::eq(self.iter(), other.iter())
[INFO] [stdout]      |                   ^^^^^ could not find `order` in `iter`
[INFO] [stdout] 
[INFO] [stdout] 
[INFO] [stdout] error[E0433]: failed to resolve: could not find `order` in `iter`
[INFO] [stdout]     --> src/linked_list.rs:1028:19
[INFO] [stdout]      |
[INFO] [stdout] 1028 |             iter::order::ne(self.iter(), other.iter())
[INFO] [stdout]      |                   ^^^^^ could not find `order` in `iter`
[INFO] [stdout] 
[INFO] [stdout] 
[INFO] [stdout] error[E0433]: failed to resolve: could not find `order` in `iter`
[INFO] [stdout]     --> src/linked_list.rs:1046:15
[INFO] [stdout]      |
[INFO] [stdout] 1046 |         iter::order::partial_cmp(self.iter(), other.iter())
[INFO] [stdout]      |               ^^^^^ could not find `order` in `iter`
[INFO] [stdout] 
[INFO] [stdout] 
[INFO] [stdout] error[E0433]: failed to resolve: could not find `order` in `iter`
[INFO] [stdout]     --> src/linked_list.rs:1057:15
[INFO] [stdout]      |
[INFO] [stdout] 1057 |         iter::order::cmp(self.iter(), other.iter())
[INFO] [stdout]      |               ^^^^^ could not find `order` in `iter`
[INFO] [stdout] 
[INFO] [stdout] 
[INFO] [stdout] error[E0425]: cannot find function `into_raw` in module `boxed`
[INFO] [stdout]     --> src/linked_list.rs:1308:16
[INFO] [stdout]      |
[INFO] [stdout] 1308 |         boxed::into_raw(self);
[INFO] [stdout]      |                ^^^^^^^^ not found in `boxed`
[INFO] [stdout] 
[INFO] [stdout] 
[INFO] [stdout] error[E0554]: `#![feature]` may not be used on the beta release channel
[INFO] [stdout]   --> src/lib.rs:18:1
[INFO] [stdout]    |
[INFO] [stdout] 18 | #![feature(core)]
[INFO] [stdout]    | ^^^^^^^^^^^^^^^^^
[INFO] [stdout] 
[INFO] [stdout] 
[INFO] [stdout] error[E0554]: `#![feature]` may not be used on the beta release channel
[INFO] [stdout]   --> src/lib.rs:21:45
[INFO] [stdout]    |
[INFO] [stdout] 21 | #![cfg_attr(any(not(feature="nostd"),test), feature(alloc))]
[INFO] [stdout]    |                                             ^^^^^^^^^^^^^^
[INFO] [stdout] 
[INFO] [stdout] 
[INFO] [stdout] warning: use of deprecated macro `try`: use the `?` operator instead
[INFO] [stdout]    --> src/linked_list.rs:909:9
[INFO] [stdout]     |
[INFO] [stdout] 909 |         try!(write!(f, "["));
[INFO] [stdout]     |         ^^^
[INFO] [stdout]     |
[INFO] [stdout]     = note: `#[warn(deprecated)]` on by default
[INFO] [stdout] 
[INFO] [stdout] 
[INFO] [stdout] warning: use of deprecated macro `try`: use the `?` operator instead
[INFO] [stdout]    --> src/linked_list.rs:913:13
[INFO] [stdout]     |
[INFO] [stdout] 913 |             try!(write!(f, "{:?}", e));
[INFO] [stdout]     |             ^^^
[INFO] [stdout] 
[INFO] [stdout] 
[INFO] [stdout] warning: use of deprecated macro `try`: use the `?` operator instead
[INFO] [stdout]    --> src/linked_list.rs:912:25
[INFO] [stdout]     |
[INFO] [stdout] 912 |             if i != 0 { try!(write!(f, ", ")); }
[INFO] [stdout]     |                         ^^^
[INFO] [stdout] 
[INFO] [stdout] 
[INFO] [stdout] error[E0658]: use of unstable library feature 'core_intrinsics': intrinsics are unlikely to ever be stabilized, instead they should be used through stabilized interfaces in the rest of the standard library
[INFO] [stdout]   --> src/linked_list.rs:22:5
[INFO] [stdout]    |
[INFO] [stdout] 22 | use std::intrinsics::forget;
[INFO] [stdout]    |     ^^^^^^^^^^^^^^^^^^^^^^^
[INFO] [stdout] 
[INFO] [stdout] 
[INFO] [stdout] error[E0658]: use of unstable library feature 'core_intrinsics': intrinsics are unlikely to ever be stabilized, instead they should be used through stabilized interfaces in the rest of the standard library
[INFO] [stdout]     --> src/linked_list.rs:1295:9
[INFO] [stdout]      |
[INFO] [stdout] 1295 |         forget(self);
[INFO] [stdout]      |         ^^^^^^
[INFO] [stdout] 
[INFO] [stdout] 
[INFO] [stdout] error: aborting due to 9 previous errors; 4 warnings emitted
[INFO] [stdout] 
[INFO] [stdout] 
[INFO] [stdout] Some errors have detailed explanations: E0425, E0433, E0554, E0658.
[INFO] [stdout] 
[INFO] [stdout] For more information about an error, try `rustc --explain E0425`.
[INFO] [stdout] 
[INFO] [stderr] error: could not compile `intrusive-containers` due to 10 previous errors; 4 warnings emitted
[INFO] [stderr] warning: build failed, waiting for other jobs to finish...
[INFO] [stderr] error: build failed
[INFO] running `Command { std: "docker" "inspect" "45f8494f9b1116537813dc83c28df0666be24201d47066c55998642c23aeaed3", kill_on_drop: false }`
[INFO] running `Command { std: "docker" "rm" "-f" "45f8494f9b1116537813dc83c28df0666be24201d47066c55998642c23aeaed3", kill_on_drop: false }`
[INFO] [stdout] 45f8494f9b1116537813dc83c28df0666be24201d47066c55998642c23aeaed3
