[INFO] fetching crate informalsystems-prost 0.8.1...
[INFO] checking informalsystems-prost-0.8.1 against beta-2021-10-15 for beta-1.56-3
[INFO] extracting crate informalsystems-prost 0.8.1 into /workspace/builds/worker-32/source
[INFO] validating manifest of crates.io crate informalsystems-prost 0.8.1 on toolchain beta-2021-10-15
[INFO] running `Command { std: "/workspace/cargo-home/bin/cargo" "+beta-2021-10-15" "metadata" "--manifest-path" "Cargo.toml" "--no-deps", kill_on_drop: false }`
[INFO] started tweaking crates.io crate informalsystems-prost 0.8.1
[INFO] finished tweaking crates.io crate informalsystems-prost 0.8.1
[INFO] tweaked toml for crates.io crate informalsystems-prost 0.8.1 written to /workspace/builds/worker-32/source/Cargo.toml
[INFO] running `Command { std: "/workspace/cargo-home/bin/cargo" "+beta-2021-10-15" "generate-lockfile" "--manifest-path" "Cargo.toml" "-Zno-index-update", kill_on_drop: false }`
[INFO] [stderr]     Blocking waiting for file lock on package cache
[INFO] running `Command { std: "/workspace/cargo-home/bin/cargo" "+beta-2021-10-15" "fetch" "--manifest-path" "Cargo.toml", kill_on_drop: false }`
[INFO] [stderr]     Blocking waiting for file lock on package cache
[INFO] [stderr]     Blocking waiting for file lock on package cache
[INFO] running `Command { std: "docker" "create" "-v" "/var/lib/crater-agent-workspace/builds/worker-32/target:/opt/rustwide/target:rw,Z" "-v" "/var/lib/crater-agent-workspace/builds/worker-32/source:/opt/rustwide/workdir:ro,Z" "-v" "/var/lib/crater-agent-workspace/cargo-home:/opt/rustwide/cargo-home:ro,Z" "-v" "/var/lib/crater-agent-workspace/rustup-home:/opt/rustwide/rustup-home:ro,Z" "-e" "SOURCE_DIR=/opt/rustwide/workdir" "-e" "CARGO_TARGET_DIR=/opt/rustwide/target" "-e" "CARGO_HOME=/opt/rustwide/cargo-home" "-e" "RUSTUP_HOME=/opt/rustwide/rustup-home" "-w" "/opt/rustwide/workdir" "-m" "1610612736" "--user" "0:0" "--network" "none" "ghcr.io/rust-lang/crates-build-env/linux@sha256:a89201d6b5b9fd45c15d5952ece0a0129e7e80cb26ec023fd59cf09bc26f1604" "/opt/rustwide/cargo-home/bin/cargo" "+beta-2021-10-15" "metadata" "--no-deps" "--format-version=1", kill_on_drop: false }`
[INFO] [stdout] 290febb4a3521429286aba5ddcff8e3875df5254ee299fd4a74b01761140f5fe
[INFO] running `Command { std: "docker" "start" "-a" "290febb4a3521429286aba5ddcff8e3875df5254ee299fd4a74b01761140f5fe", kill_on_drop: false }`
[INFO] running `Command { std: "docker" "inspect" "290febb4a3521429286aba5ddcff8e3875df5254ee299fd4a74b01761140f5fe", kill_on_drop: false }`
[INFO] running `Command { std: "docker" "rm" "-f" "290febb4a3521429286aba5ddcff8e3875df5254ee299fd4a74b01761140f5fe", kill_on_drop: false }`
[INFO] [stdout] 290febb4a3521429286aba5ddcff8e3875df5254ee299fd4a74b01761140f5fe
[INFO] running `Command { std: "docker" "create" "-v" "/var/lib/crater-agent-workspace/builds/worker-32/target:/opt/rustwide/target:rw,Z" "-v" "/var/lib/crater-agent-workspace/builds/worker-32/source:/opt/rustwide/workdir:ro,Z" "-v" "/var/lib/crater-agent-workspace/cargo-home:/opt/rustwide/cargo-home:ro,Z" "-v" "/var/lib/crater-agent-workspace/rustup-home:/opt/rustwide/rustup-home:ro,Z" "-e" "SOURCE_DIR=/opt/rustwide/workdir" "-e" "CARGO_TARGET_DIR=/opt/rustwide/target" "-e" "CARGO_INCREMENTAL=0" "-e" "RUST_BACKTRACE=full" "-e" "RUSTFLAGS=--cap-lints=warn" "-e" "CARGO_HOME=/opt/rustwide/cargo-home" "-e" "RUSTUP_HOME=/opt/rustwide/rustup-home" "-w" "/opt/rustwide/workdir" "-m" "1610612736" "--user" "0:0" "--network" "none" "ghcr.io/rust-lang/crates-build-env/linux@sha256:a89201d6b5b9fd45c15d5952ece0a0129e7e80cb26ec023fd59cf09bc26f1604" "/opt/rustwide/cargo-home/bin/cargo" "+beta-2021-10-15" "check" "--frozen" "--all" "--all-targets" "--message-format=json", kill_on_drop: false }`
[INFO] [stdout] 1a1e0dabae9ae362dbc9ea1a8c743454a3ada545dd763fd82eb965dec96830ba
[INFO] running `Command { std: "docker" "start" "-a" "1a1e0dabae9ae362dbc9ea1a8c743454a3ada545dd763fd82eb965dec96830ba", kill_on_drop: false }`
[INFO] [stderr]     Blocking waiting for file lock on package cache
[INFO] [stderr]    Compiling semver v1.0.4
[INFO] [stderr]    Compiling crossbeam-utils v0.8.5
[INFO] [stderr]    Compiling memchr v2.4.1
[INFO] [stderr]    Compiling crossbeam-epoch v0.9.5
[INFO] [stderr]    Compiling syn v1.0.80
[INFO] [stderr]    Compiling rayon-core v1.9.1
[INFO] [stderr]     Checking plotters-backend v0.3.2
[INFO] [stderr]     Checking remove_dir_all v0.5.3
[INFO] [stderr]     Checking regex-automata v0.1.10
[INFO] [stderr]     Checking same-file v1.0.6
[INFO] [stderr]     Checking quick-error v1.2.3
[INFO] [stderr]     Checking bit-vec v0.6.3
[INFO] [stderr]     Checking half v1.8.0
[INFO] [stderr]     Checking bytes v1.1.0
[INFO] [stderr]     Checking oorandom v11.1.3
[INFO] [stderr]     Checking quick-error v2.0.1
[INFO] [stderr]     Checking byteorder v1.4.3
[INFO] [stderr]    Compiling memoffset v0.6.4
[INFO] [stderr]    Compiling num-traits v0.2.14
[INFO] [stderr]    Compiling rayon v1.5.1
[INFO] [stderr]     Checking regex v1.5.4
[INFO] [stderr]     Checking getrandom v0.2.3
[INFO] [stderr]     Checking wait-timeout v0.2.0
[INFO] [stderr]     Checking serde_json v1.0.68
[INFO] [stderr]     Checking clap v2.33.3
[INFO] [stderr]     Checking env_logger v0.8.4
[INFO] [stderr]     Checking walkdir v2.3.2
[INFO] [stderr]     Checking rand_core v0.6.3
[INFO] [stderr]     Checking serde_cbor v0.11.2
[INFO] [stderr]     Checking bit-set v0.5.2
[INFO] [stderr]     Checking plotters-svg v0.3.1
[INFO] [stderr]     Checking tinytemplate v1.2.1
[INFO] [stderr]     Checking rand_chacha v0.3.1
[INFO] [stderr]     Checking rand_xorshift v0.3.0
[INFO] [stderr]     Checking crossbeam-channel v0.5.1
[INFO] [stderr]     Checking csv-core v0.1.10
[INFO] [stderr]     Checking bstr v0.2.17
[INFO] [stderr]     Checking rand v0.8.4
[INFO] [stderr]    Compiling rustc_version v0.4.0
[INFO] [stderr]     Checking crossbeam-deque v0.8.1
[INFO] [stderr]     Checking csv v1.1.6
[INFO] [stderr]    Compiling cast v0.2.7
[INFO] [stderr]     Checking tempfile v3.2.0
[INFO] [stderr]     Checking plotters v0.3.1
[INFO] [stderr]     Checking rusty-fork v0.3.0
[INFO] [stderr]     Checking proptest v1.0.0
[INFO] [stderr]     Checking criterion-plot v0.4.4
[INFO] [stderr]    Compiling serde_derive v1.0.130
[INFO] [stderr]    Compiling informalsystems-prost-derive v0.8.1
[INFO] [stderr]     Checking informalsystems-prost v0.8.1 (/opt/rustwide/workdir)
[INFO] [stderr]     Checking criterion v0.3.5
[INFO] [stdout] error[E0433]: failed to resolve: use of undeclared crate or module `prost`
[INFO] [stdout]  --> benches/varint.rs:5:5
[INFO] [stdout]   |
[INFO] [stdout] 5 | use prost::encoding::{decode_varint, encode_varint, encoded_len_varint};
[INFO] [stdout]   |     ^^^^^ use of undeclared crate or module `prost`
[INFO] [stdout] 
[INFO] [stdout] 
[INFO] [stdout] error[E0425]: cannot find value `encoded_len_varint` in this scope
[INFO] [stdout]   --> benches/varint.rs:16:14
[INFO] [stdout]    |
[INFO] [stdout] 16 |         .map(encoded_len_varint)
[INFO] [stdout]    |              ^^^^^^^^^^^^^^^^^^ not found in this scope
[INFO] [stdout]    |
[INFO] [stdout] help: consider importing this function
[INFO] [stdout]    |
[INFO] [stdout] 1  | use informalsystems_prost::encoding::encoded_len_varint;
[INFO] [stdout]    |
[INFO] [stdout] 
[INFO] [stdout] 
[INFO] [stdout] error[E0425]: cannot find function `encode_varint` in this scope
[INFO] [stdout]   --> benches/varint.rs:29:25
[INFO] [stdout]    |
[INFO] [stdout] 29 |                         encode_varint(value, &mut buf);
[INFO] [stdout]    |                         ^^^^^^^^^^^^^
[INFO] [stdout]    |
[INFO] [stdout] help: a local variable with a similar name exists
[INFO] [stdout]    |
[INFO] [stdout] 29 |                         encode_values(value, &mut buf);
[INFO] [stdout]    |                         ~~~~~~~~~~~~~
[INFO] [stdout] help: consider importing this function
[INFO] [stdout]    |
[INFO] [stdout] 1  | use informalsystems_prost::encoding::encode_varint;
[INFO] [stdout]    |
[INFO] [stdout] 
[INFO] [stdout] 
[INFO] [stdout] error[E0425]: cannot find function `encode_varint` in this scope
[INFO] [stdout]   --> benches/varint.rs:45:21
[INFO] [stdout]    |
[INFO] [stdout] 45 |                     encode_varint(value, &mut buf);
[INFO] [stdout]    |                     ^^^^^^^^^^^^^ not found in this scope
[INFO] [stdout]    |
[INFO] [stdout] help: consider importing this function
[INFO] [stdout]    |
[INFO] [stdout] 1  | use informalsystems_prost::encoding::encode_varint;
[INFO] [stdout]    |
[INFO] [stdout] 
[INFO] [stdout] 
[INFO] [stdout] error[E0425]: cannot find function `decode_varint` in this scope
[INFO] [stdout]   --> benches/varint.rs:51:38
[INFO] [stdout]    |
[INFO] [stdout] 51 |                         let result = decode_varint(&mut buf);
[INFO] [stdout]    |                                      ^^^^^^^^^^^^^
[INFO] [stdout]    |
[INFO] [stdout] help: a local variable with a similar name exists
[INFO] [stdout]    |
[INFO] [stdout] 51 |                         let result = decode_values(&mut buf);
[INFO] [stdout]    |                                      ~~~~~~~~~~~~~
[INFO] [stdout] help: consider importing this function
[INFO] [stdout]    |
[INFO] [stdout] 1  | use informalsystems_prost::encoding::decode_varint;
[INFO] [stdout]    |
[INFO] [stdout] 
[INFO] [stdout] 
[INFO] [stdout] error[E0425]: cannot find function `encoded_len_varint` in this scope
[INFO] [stdout]   --> benches/varint.rs:66:28
[INFO] [stdout]    |
[INFO] [stdout] 66 |                     sum += encoded_len_varint(value);
[INFO] [stdout]    |                            ^^^^^^^^^^^^^^^^^^ not found in this scope
[INFO] [stdout]    |
[INFO] [stdout] help: consider importing this function
[INFO] [stdout]    |
[INFO] [stdout] 1  | use informalsystems_prost::encoding::encoded_len_varint;
[INFO] [stdout]    |
[INFO] [stdout] 
[INFO] [stdout] 
[INFO] [stdout] error: aborting due to 6 previous errors
[INFO] [stdout] 
[INFO] [stdout] 
[INFO] [stdout] Some errors have detailed explanations: E0425, E0433.
[INFO] [stdout] 
[INFO] [stdout] For more information about an error, try `rustc --explain E0425`.
[INFO] [stdout] 
[INFO] [stderr] error: could not compile `informalsystems-prost` due to 7 previous errors
[INFO] [stderr] warning: build failed, waiting for other jobs to finish...
[INFO] [stderr] error: build failed
[INFO] running `Command { std: "docker" "inspect" "1a1e0dabae9ae362dbc9ea1a8c743454a3ada545dd763fd82eb965dec96830ba", kill_on_drop: false }`
[INFO] running `Command { std: "docker" "rm" "-f" "1a1e0dabae9ae362dbc9ea1a8c743454a3ada545dd763fd82eb965dec96830ba", kill_on_drop: false }`
[INFO] [stdout] 1a1e0dabae9ae362dbc9ea1a8c743454a3ada545dd763fd82eb965dec96830ba
