[INFO] fetching crate in_space 0.0.5...
[INFO] checking in_space-0.0.5 against beta-2021-10-15 for beta-1.56-3
[INFO] extracting crate in_space 0.0.5 into /workspace/builds/worker-7/source
[INFO] validating manifest of crates.io crate in_space 0.0.5 on toolchain beta-2021-10-15
[INFO] running `Command { std: "/workspace/cargo-home/bin/cargo" "+beta-2021-10-15" "metadata" "--manifest-path" "Cargo.toml" "--no-deps", kill_on_drop: false }`
[INFO] started tweaking crates.io crate in_space 0.0.5
[INFO] finished tweaking crates.io crate in_space 0.0.5
[INFO] tweaked toml for crates.io crate in_space 0.0.5 written to /workspace/builds/worker-7/source/Cargo.toml
[INFO] running `Command { std: "/workspace/cargo-home/bin/cargo" "+beta-2021-10-15" "generate-lockfile" "--manifest-path" "Cargo.toml" "-Zno-index-update", kill_on_drop: false }`
[INFO] running `Command { std: "/workspace/cargo-home/bin/cargo" "+beta-2021-10-15" "fetch" "--manifest-path" "Cargo.toml", kill_on_drop: false }`
[INFO] [stderr]  Downloading crates ...
[INFO] [stderr]   Downloaded in_space_routes v0.0.5
[INFO] running `Command { std: "docker" "create" "-v" "/var/lib/crater-agent-workspace/builds/worker-7/target:/opt/rustwide/target:rw,Z" "-v" "/var/lib/crater-agent-workspace/builds/worker-7/source:/opt/rustwide/workdir:ro,Z" "-v" "/var/lib/crater-agent-workspace/cargo-home:/opt/rustwide/cargo-home:ro,Z" "-v" "/var/lib/crater-agent-workspace/rustup-home:/opt/rustwide/rustup-home:ro,Z" "-e" "SOURCE_DIR=/opt/rustwide/workdir" "-e" "CARGO_TARGET_DIR=/opt/rustwide/target" "-e" "CARGO_HOME=/opt/rustwide/cargo-home" "-e" "RUSTUP_HOME=/opt/rustwide/rustup-home" "-w" "/opt/rustwide/workdir" "-m" "1610612736" "--user" "0:0" "--network" "none" "ghcr.io/rust-lang/crates-build-env/linux@sha256:a89201d6b5b9fd45c15d5952ece0a0129e7e80cb26ec023fd59cf09bc26f1604" "/opt/rustwide/cargo-home/bin/cargo" "+beta-2021-10-15" "metadata" "--no-deps" "--format-version=1", kill_on_drop: false }`
[INFO] [stdout] 07aca9c5501c3d17aaedefb4948101e1386de0ebd363cfc5a428579f2b616c2f
[INFO] [stderr] WARNING: Your kernel does not support swap limit capabilities or the cgroup is not mounted. Memory limited without swap.
[INFO] running `Command { std: "docker" "start" "-a" "07aca9c5501c3d17aaedefb4948101e1386de0ebd363cfc5a428579f2b616c2f", kill_on_drop: false }`
[INFO] running `Command { std: "docker" "inspect" "07aca9c5501c3d17aaedefb4948101e1386de0ebd363cfc5a428579f2b616c2f", kill_on_drop: false }`
[INFO] running `Command { std: "docker" "rm" "-f" "07aca9c5501c3d17aaedefb4948101e1386de0ebd363cfc5a428579f2b616c2f", kill_on_drop: false }`
[INFO] [stdout] 07aca9c5501c3d17aaedefb4948101e1386de0ebd363cfc5a428579f2b616c2f
[INFO] running `Command { std: "docker" "create" "-v" "/var/lib/crater-agent-workspace/builds/worker-7/target:/opt/rustwide/target:rw,Z" "-v" "/var/lib/crater-agent-workspace/builds/worker-7/source:/opt/rustwide/workdir:ro,Z" "-v" "/var/lib/crater-agent-workspace/cargo-home:/opt/rustwide/cargo-home:ro,Z" "-v" "/var/lib/crater-agent-workspace/rustup-home:/opt/rustwide/rustup-home:ro,Z" "-e" "SOURCE_DIR=/opt/rustwide/workdir" "-e" "CARGO_TARGET_DIR=/opt/rustwide/target" "-e" "CARGO_INCREMENTAL=0" "-e" "RUST_BACKTRACE=full" "-e" "RUSTFLAGS=--cap-lints=warn" "-e" "CARGO_HOME=/opt/rustwide/cargo-home" "-e" "RUSTUP_HOME=/opt/rustwide/rustup-home" "-w" "/opt/rustwide/workdir" "-m" "1610612736" "--user" "0:0" "--network" "none" "ghcr.io/rust-lang/crates-build-env/linux@sha256:a89201d6b5b9fd45c15d5952ece0a0129e7e80cb26ec023fd59cf09bc26f1604" "/opt/rustwide/cargo-home/bin/cargo" "+beta-2021-10-15" "check" "--frozen" "--all" "--all-targets" "--message-format=json", kill_on_drop: false }`
[INFO] [stdout] 313678635d82a4adaf309cadf269a40b7c2ccf31680757b663919d24dcfb2235
[INFO] [stderr] WARNING: Your kernel does not support swap limit capabilities or the cgroup is not mounted. Memory limited without swap.
[INFO] running `Command { std: "docker" "start" "-a" "313678635d82a4adaf309cadf269a40b7c2ccf31680757b663919d24dcfb2235", kill_on_drop: false }`
[INFO] [stderr]    Compiling slab v0.4.5
[INFO] [stderr]    Compiling bytes v1.1.0
[INFO] [stderr]    Compiling mime v0.3.16
[INFO] [stderr]    Compiling utf-8 v0.7.6
[INFO] [stderr]    Compiling safemem v0.3.3
[INFO] [stderr]    Compiling try-lock v0.2.3
[INFO] [stderr]    Compiling base64 v0.13.0
[INFO] [stderr]    Compiling httpdate v0.3.2
[INFO] [stderr]    Compiling tower-service v0.3.1
[INFO] [stderr]    Compiling dtoa v0.4.8
[INFO] [stderr]    Compiling urlencoding v1.3.3
[INFO] [stderr]    Compiling scoped-tls v1.0.0
[INFO] [stderr]    Compiling input_buffer v0.3.1
[INFO] [stderr]    Compiling httparse v1.5.1
[INFO] [stderr]     Checking headers-core v0.2.0
[INFO] [stderr]     Checking http-body v0.3.1
[INFO] [stderr]    Compiling getrandom v0.1.16
[INFO] [stderr]    Compiling getrandom v0.2.3
[INFO] [stderr]    Compiling socket2 v0.3.19
[INFO] [stderr]    Compiling tracing v0.1.29
[INFO] [stderr]    Compiling twoway v0.1.8
[INFO] [stderr]     Checking buf_redux v0.8.4
[INFO] [stderr]     Checking futures-util v0.3.17
[INFO] [stderr]    Compiling want v0.3.0
[INFO] [stderr]    Compiling mio v0.6.23
[INFO] [stderr]    Compiling block-buffer v0.9.0
[INFO] [stderr]    Compiling rand_core v0.6.3
[INFO] [stderr]    Compiling tokio-macros v0.2.6
[INFO] [stderr]    Compiling pin-project-internal v1.0.8
[INFO] [stderr]    Compiling pin-project-internal v0.4.28
[INFO] [stderr]    Compiling rand_core v0.5.1
[INFO] [stderr]     Checking rand_chacha v0.2.2
[INFO] [stderr]    Compiling http v0.2.5
[INFO] [stderr]    Compiling serde v1.0.130
[INFO] [stderr]     Checking headers v0.3.4
[INFO] [stderr]    Compiling mime_guess v2.0.3
[INFO] [stderr]    Compiling sha-1 v0.9.8
[INFO] [stderr]    Compiling rand_chacha v0.3.1
[INFO] [stderr]     Checking serde_json v1.0.68
[INFO] [stderr]     Checking serde_urlencoded v0.6.1
[INFO] [stderr]    Compiling mio-uds v0.6.8
[INFO] [stderr]     Checking rand v0.7.3
[INFO] [stderr]    Compiling rand v0.8.4
[INFO] [stderr]    Compiling tempfile v3.2.0
[INFO] [stderr]     Checking tungstenite v0.11.1
[INFO] [stderr]    Compiling tokio v0.2.25
[INFO] [stderr]    Compiling multipart v0.17.1
[INFO] [stderr]    Compiling pin-project v1.0.8
[INFO] [stderr]     Checking tracing-futures v0.2.5
[INFO] [stderr]    Compiling futures v0.3.17
[INFO] [stderr]    Compiling pin-project v0.4.28
[INFO] [stderr]     Checking tokio-util v0.3.1
[INFO] [stderr]     Checking tokio-tungstenite v0.11.0
[INFO] [stderr]     Checking h2 v0.2.7
[INFO] [stderr]     Checking hyper v0.13.10
[INFO] [stderr]     Checking warp v0.2.5
[INFO] [stderr]     Checking in_space_core v0.0.5
[INFO] [stderr]    Compiling in_space_routes v0.0.5
[INFO] [stdout] error[E0432]: unresolved import `syn::export`
[INFO] [stdout]   --> /opt/rustwide/cargo-home/registry/src/github.com-1ecc6299db9ec823/in_space_routes-0.0.5/src/lib.rs:13:10
[INFO] [stdout]    |
[INFO] [stdout] 13 | use syn::export::Span;
[INFO] [stdout]    |          ^^^^^^ could not find `export` in `syn`
[INFO] [stdout] 
[INFO] [stdout] 
[INFO] [stdout] error[E0433]: failed to resolve: could not find `export` in `syn`
[INFO] [stdout]   --> /opt/rustwide/cargo-home/registry/src/github.com-1ecc6299db9ec823/in_space_routes-0.0.5/src/lib.rs:38:23
[INFO] [stdout]    |
[INFO] [stdout] 38 |     path: Option<syn::export::TokenStream2>,
[INFO] [stdout]    |                       ^^^^^^ could not find `export` in `syn`
[INFO] [stdout] 
[INFO] [stdout] 
[INFO] [stdout] error[E0433]: failed to resolve: could not find `export` in `syn`
[INFO] [stdout]   --> /opt/rustwide/cargo-home/registry/src/github.com-1ecc6299db9ec823/in_space_routes-0.0.5/src/lib.rs:46:78
[INFO] [stdout]    |
[INFO] [stdout] 46 | fn create_route(struct_ty: &syn::Type, method: &syn::ImplItemMethod) -> syn::export::TokenStream2 {
[INFO] [stdout]    |                                                                              ^^^^^^ could not find `export` in `syn`
[INFO] [stdout] 
[INFO] [stdout] 
[INFO] [stdout] error[E0433]: failed to resolve: could not find `export` in `syn`
[INFO] [stdout]    --> /opt/rustwide/cargo-home/registry/src/github.com-1ecc6299db9ec823/in_space_routes-0.0.5/src/lib.rs:297:26
[INFO] [stdout]     |
[INFO] [stdout] 297 |     let routes: Vec<syn::export::TokenStream2> = controller_impl
[INFO] [stdout]     |                          ^^^^^^ could not find `export` in `syn`
[INFO] [stdout] 
[INFO] [stdout] 
[INFO] [stdout] error[E0283]: type annotations needed
[INFO] [stdout]    --> /opt/rustwide/cargo-home/registry/src/github.com-1ecc6299db9ec823/in_space_routes-0.0.5/src/lib.rs:38:5
[INFO] [stdout]     |
[INFO] [stdout] 33  | #[derive(Default)]
[INFO] [stdout]     |          ------- in this derive macro expansion
[INFO] [stdout] ...
[INFO] [stdout] 38  |     path: Option<syn::export::TokenStream2>,
[INFO] [stdout]     |     ^^^^^^^^^^^^^^^^^^^^^^^^^^^^^^^^^^^^^^^ cannot infer type
[INFO] [stdout]     |
[INFO] [stdout]     = note: cannot satisfy `_: std::default::Default`
[INFO] [stdout] note: required by `std::default::Default::default`
[INFO] [stdout]     = note: this error originates in the derive macro `Default` (in Nightly builds, run with -Z macro-backtrace for more info)
[INFO] [stdout] 
[INFO] [stdout] 
[INFO] [stdout] error: aborting due to 5 previous errors
[INFO] [stdout] 
[INFO] [stdout] 
[INFO] [stdout] Some errors have detailed explanations: E0283, E0432, E0433.
[INFO] [stdout] 
[INFO] [stdout] For more information about an error, try `rustc --explain E0283`.
[INFO] [stdout] 
[INFO] [stderr] error: could not compile `in_space_routes` due to 6 previous errors
[INFO] running `Command { std: "docker" "inspect" "313678635d82a4adaf309cadf269a40b7c2ccf31680757b663919d24dcfb2235", kill_on_drop: false }`
[INFO] running `Command { std: "docker" "rm" "-f" "313678635d82a4adaf309cadf269a40b7c2ccf31680757b663919d24dcfb2235", kill_on_drop: false }`
[INFO] [stdout] 313678635d82a4adaf309cadf269a40b7c2ccf31680757b663919d24dcfb2235
