[INFO] fetching crate imgui-wgpu 0.18.0...
[INFO] checking imgui-wgpu-0.18.0 against beta-2021-10-15 for beta-1.56-3
[INFO] extracting crate imgui-wgpu 0.18.0 into /workspace/builds/worker-5/source
[INFO] validating manifest of crates.io crate imgui-wgpu 0.18.0 on toolchain beta-2021-10-15
[INFO] running `Command { std: "/workspace/cargo-home/bin/cargo" "+beta-2021-10-15" "metadata" "--manifest-path" "Cargo.toml" "--no-deps", kill_on_drop: false }`
[INFO] started tweaking crates.io crate imgui-wgpu 0.18.0
[INFO] finished tweaking crates.io crate imgui-wgpu 0.18.0
[INFO] tweaked toml for crates.io crate imgui-wgpu 0.18.0 written to /workspace/builds/worker-5/source/Cargo.toml
[INFO] crate crates.io crate imgui-wgpu 0.18.0 already has a lockfile, it will not be regenerated
[INFO] running `Command { std: "/workspace/cargo-home/bin/cargo" "+beta-2021-10-15" "fetch" "--manifest-path" "Cargo.toml", kill_on_drop: false }`
[INFO] [stderr]  Downloading crates ...
[INFO] [stderr]   Downloaded wgpu-hal v0.11.0
[INFO] [stderr]   Downloaded imgui-winit-support v0.8.0
[INFO] running `Command { std: "docker" "create" "-v" "/var/lib/crater-agent-workspace/builds/worker-5/target:/opt/rustwide/target:rw,Z" "-v" "/var/lib/crater-agent-workspace/builds/worker-5/source:/opt/rustwide/workdir:ro,Z" "-v" "/var/lib/crater-agent-workspace/cargo-home:/opt/rustwide/cargo-home:ro,Z" "-v" "/var/lib/crater-agent-workspace/rustup-home:/opt/rustwide/rustup-home:ro,Z" "-e" "SOURCE_DIR=/opt/rustwide/workdir" "-e" "CARGO_TARGET_DIR=/opt/rustwide/target" "-e" "CARGO_HOME=/opt/rustwide/cargo-home" "-e" "RUSTUP_HOME=/opt/rustwide/rustup-home" "-w" "/opt/rustwide/workdir" "-m" "1610612736" "--user" "0:0" "--network" "none" "ghcr.io/rust-lang/crates-build-env/linux@sha256:a89201d6b5b9fd45c15d5952ece0a0129e7e80cb26ec023fd59cf09bc26f1604" "/opt/rustwide/cargo-home/bin/cargo" "+beta-2021-10-15" "metadata" "--no-deps" "--format-version=1", kill_on_drop: false }`
[INFO] [stderr] WARNING: Your kernel does not support swap limit capabilities or the cgroup is not mounted. Memory limited without swap.
[INFO] [stdout] 2e1b0ad26dbe021a56fc1d82c2947d03759072abbeee818970992586e3b2cdc0
[INFO] running `Command { std: "docker" "start" "-a" "2e1b0ad26dbe021a56fc1d82c2947d03759072abbeee818970992586e3b2cdc0", kill_on_drop: false }`
[INFO] running `Command { std: "docker" "inspect" "2e1b0ad26dbe021a56fc1d82c2947d03759072abbeee818970992586e3b2cdc0", kill_on_drop: false }`
[INFO] running `Command { std: "docker" "rm" "-f" "2e1b0ad26dbe021a56fc1d82c2947d03759072abbeee818970992586e3b2cdc0", kill_on_drop: false }`
[INFO] [stdout] 2e1b0ad26dbe021a56fc1d82c2947d03759072abbeee818970992586e3b2cdc0
[INFO] running `Command { std: "docker" "create" "-v" "/var/lib/crater-agent-workspace/builds/worker-5/target:/opt/rustwide/target:rw,Z" "-v" "/var/lib/crater-agent-workspace/builds/worker-5/source:/opt/rustwide/workdir:ro,Z" "-v" "/var/lib/crater-agent-workspace/cargo-home:/opt/rustwide/cargo-home:ro,Z" "-v" "/var/lib/crater-agent-workspace/rustup-home:/opt/rustwide/rustup-home:ro,Z" "-e" "SOURCE_DIR=/opt/rustwide/workdir" "-e" "CARGO_TARGET_DIR=/opt/rustwide/target" "-e" "CARGO_INCREMENTAL=0" "-e" "RUST_BACKTRACE=full" "-e" "RUSTFLAGS=--cap-lints=warn" "-e" "CARGO_HOME=/opt/rustwide/cargo-home" "-e" "RUSTUP_HOME=/opt/rustwide/rustup-home" "-w" "/opt/rustwide/workdir" "-m" "1610612736" "--user" "0:0" "--network" "none" "ghcr.io/rust-lang/crates-build-env/linux@sha256:a89201d6b5b9fd45c15d5952ece0a0129e7e80cb26ec023fd59cf09bc26f1604" "/opt/rustwide/cargo-home/bin/cargo" "+beta-2021-10-15" "check" "--frozen" "--all" "--all-targets" "--message-format=json", kill_on_drop: false }`
[INFO] [stdout] 24bffa4502b3cde61a5b6d6f8c6ddeaf7129119afc7ffa07df52cc8ce115fc6f
[INFO] [stderr] WARNING: Your kernel does not support swap limit capabilities or the cgroup is not mounted. Memory limited without swap.
[INFO] running `Command { std: "docker" "start" "-a" "24bffa4502b3cde61a5b6d6f8c6ddeaf7129119afc7ffa07df52cc8ce115fc6f", kill_on_drop: false }`
[INFO] [stderr]     Blocking waiting for file lock on package cache
[INFO] [stderr]    Compiling crossbeam-queue v0.3.2
[INFO] [stderr]     Checking glow v0.11.0
[INFO] [stderr]     Checking arrayvec v0.7.1
[INFO] [stderr]     Checking chlorine v1.0.7
[INFO] [stderr]    Compiling cgmath v0.18.0
[INFO] [stderr]     Checking jpeg-decoder v0.1.22
[INFO] [stderr]     Checking pollster v0.2.4
[INFO] [stderr]    Compiling wayland-sys v0.28.6
[INFO] [stderr]     Checking gpu-descriptor-types v0.1.1
[INFO] [stderr]     Checking gpu-alloc-types v0.2.0
[INFO] [stderr]     Checking wgpu-types v0.11.0
[INFO] [stderr]    Compiling imgui-sys v0.8.0
[INFO] [stderr]    Compiling wgpu-core v0.11.0
[INFO] [stderr]     Checking ash v0.33.3+1.2.191
[INFO] [stderr]     Checking parking_lot_core v0.8.5
[INFO] [stderr]     Checking nix v0.20.0
[INFO] [stderr]     Checking raw-window-handle v0.3.3
[INFO] [stderr]     Checking khronos-egl v4.1.0
[INFO] [stderr]     Checking nix v0.18.0
[INFO] [stderr]     Checking memmap2 v0.1.0
[INFO] [stderr]     Checking atty v0.2.14
[INFO] [stderr]     Checking mio v0.7.13
[INFO] [stderr]     Checking x11-dl v2.19.1
[INFO] [stderr]     Checking andrew v0.3.1
[INFO] [stderr]     Checking gpu-alloc v0.5.2
[INFO] [stderr]     Checking gpu-descriptor v0.2.1
[INFO] [stderr]     Checking parking_lot v0.11.2
[INFO] [stderr]    Compiling wayland-scanner v0.28.6
[INFO] [stderr]     Checking spirv v0.2.0+1.5.4
[INFO] [stderr]     Checking approx v0.4.0
[INFO] [stderr]     Checking regex v1.5.4
[INFO] [stderr]     Checking crossbeam-epoch v0.9.5
[INFO] [stderr]     Checking xcursor v0.3.4
[INFO] [stderr]    Compiling thiserror-impl v1.0.29
[INFO] [stderr]    Compiling bytemuck_derive v1.0.1
[INFO] [stderr]     Checking crossbeam-deque v0.8.1
[INFO] [stderr]     Checking crossbeam v0.8.1
[INFO] [stderr]     Checking mio-misc v1.2.1
[INFO] [stderr]    Compiling wayland-client v0.28.6
[INFO] [stderr]    Compiling wayland-protocols v0.28.6
[INFO] [stderr]     Checking env_logger v0.9.0
[INFO] [stderr]     Checking bytemuck v1.7.2
[INFO] [stderr]     Checking image v0.23.14
[INFO] [stderr]     Checking thiserror v1.0.29
[INFO] [stderr]     Checking naga v0.7.0
[INFO] [stderr]     Checking wayland-commons v0.28.6
[INFO] [stderr]     Checking calloop v0.6.5
[INFO] [stderr]     Checking wayland-cursor v0.28.6
[INFO] [stderr]     Checking imgui v0.8.0
[INFO] [stderr]     Checking wgpu-hal v0.11.0
[INFO] [stderr]     Checking wgpu v0.11.0
[INFO] [stderr]     Checking imgui-wgpu v0.18.0 (/opt/rustwide/workdir)
[INFO] [stderr]     Checking smithay-client-toolkit v0.12.3
[INFO] [stderr]     Checking winit v0.25.0
[INFO] [stderr]     Checking imgui-winit-support v0.8.0
[INFO] [stdout] error: couldn't read examples/../resources/cube.wgsl: No such file or directory (os error 2)
[INFO] [stdout]    --> examples/cube.rs:230:51
[INFO] [stdout]     |
[INFO] [stdout] 230 |         let shader = device.create_shader_module(&include_wgsl!("../resources/cube.wgsl"));
[INFO] [stdout]     |                                                   ^^^^^^^^^^^^^^^^^^^^^^^^^^^^^^^^^^^^^^^
[INFO] [stdout]     |
[INFO] [stdout]     = note: this error originates in the macro `include_str` (in Nightly builds, run with -Z macro-backtrace for more info)
[INFO] [stdout] 
[INFO] [stdout] 
[INFO] [stdout] error: couldn't read examples/../resources/Lenna.jpg: No such file or directory (os error 2)
[INFO] [stdout]    --> examples/custom-texture.rs:108:23
[INFO] [stdout]     |
[INFO] [stdout] 108 |     let lenna_bytes = include_bytes!("../resources/Lenna.jpg");
[INFO] [stdout]     |                       ^^^^^^^^^^^^^^^^^^^^^^^^^^^^^^^^^^^^^^^^
[INFO] [stdout]     |
[INFO] [stdout]     = note: this error originates in the macro `include_bytes` (in Nightly builds, run with -Z macro-backtrace for more info)
[INFO] [stdout] 
[INFO] [stdout] 
[INFO] [stdout] error[E0063]: missing field `force_fallback_adapter` in initializer of `RequestAdapterOptionsBase<&Surface>`
[INFO] [stdout]   --> examples/custom-texture.rs:40:54
[INFO] [stdout]    |
[INFO] [stdout] 40 |     let adapter = block_on(instance.request_adapter(&wgpu::RequestAdapterOptions {
[INFO] [stdout]    |                                                      ^^^^^^^^^^^^^^^^^^^^^^^^^^^ missing `force_fallback_adapter`
[INFO] [stdout] 
[INFO] [stdout] 
[INFO] [stdout] error[E0063]: missing field `force_fallback_adapter` in initializer of `RequestAdapterOptionsBase<&Surface>`
[INFO] [stdout]    --> examples/cube.rs:353:54
[INFO] [stdout]     |
[INFO] [stdout] 353 |     let adapter = block_on(instance.request_adapter(&wgpu::RequestAdapterOptions {
[INFO] [stdout]     |                                                      ^^^^^^^^^^^^^^^^^^^^^^^^^^^ missing `force_fallback_adapter`
[INFO] [stdout] 
[INFO] [stdout] 
[INFO] [stdout] error[E0609]: no field `output` on type `SurfaceTexture`
[INFO] [stdout]    --> examples/hello-world.rs:203:22
[INFO] [stdout]     |
[INFO] [stdout] 203 |                     .output
[INFO] [stdout]     |                      ^^^^^^ unknown field
[INFO] [stdout]     |
[INFO] [stdout]     = note: available fields are: `texture`, `suboptimal`
[INFO] [stdout] 
[INFO] [stdout] 
[INFO] [stdout] error[E0599]: no method named `submit` found for struct `SurfaceTexture` in the current scope
[INFO] [stdout]    --> examples/hello-world.rs:227:23
[INFO] [stdout]     |
[INFO] [stdout] 227 |                 frame.submit();
[INFO] [stdout]     |                       ^^^^^^ method not found in `SurfaceTexture`
[INFO] [stdout] 
[INFO] [stdout] 
[INFO] [stdout] error: aborting due to 2 previous errors
[INFO] [stdout] 
[INFO] [stdout] 
[INFO] [stdout] Some errors have detailed explanations: E0599, E0609.
[INFO] [stdout] 
[INFO] [stdout] For more information about an error, try `rustc --explain E0599`.
[INFO] [stdout] 
[INFO] [stderr] error: could not compile `imgui-wgpu` due to 3 previous errors
[INFO] [stderr] warning: build failed, waiting for other jobs to finish...
[INFO] [stdout] error[E0599]: no method named `get_current_frame` found for struct `Surface` in the current scope
[INFO] [stdout]    --> examples/custom-texture.rs:183:43
[INFO] [stdout]     |
[INFO] [stdout] 183 |                 let frame = match surface.get_current_frame() {
[INFO] [stdout]     |                                           ^^^^^^^^^^^^^^^^^ method not found in `Surface`
[INFO] [stdout] 
[INFO] [stdout] 
[INFO] [stdout] error: aborting due to 3 previous errors
[INFO] [stdout] 
[INFO] [stdout] 
[INFO] [stdout] Some errors have detailed explanations: E0063, E0599.
[INFO] [stdout] 
[INFO] [stdout] For more information about an error, try `rustc --explain E0063`.
[INFO] [stdout] 
[INFO] [stdout] error[E0599]: no method named `get_current_frame` found for struct `Surface` in the current scope
[INFO] [stdout]    --> examples/cube.rs:484:43
[INFO] [stdout]     |
[INFO] [stdout] 484 |                 let frame = match surface.get_current_frame() {
[INFO] [stdout]     |                                           ^^^^^^^^^^^^^^^^^ method not found in `Surface`
[INFO] [stdout] 
[INFO] [stdout] 
[INFO] [stdout] error: aborting due to 3 previous errors
[INFO] [stdout] 
[INFO] [stdout] 
[INFO] [stdout] Some errors have detailed explanations: E0063, E0599.
[INFO] [stdout] 
[INFO] [stdout] For more information about an error, try `rustc --explain E0063`.
[INFO] [stdout] 
[INFO] [stderr] error: build failed
[INFO] running `Command { std: "docker" "inspect" "24bffa4502b3cde61a5b6d6f8c6ddeaf7129119afc7ffa07df52cc8ce115fc6f", kill_on_drop: false }`
[INFO] running `Command { std: "docker" "rm" "-f" "24bffa4502b3cde61a5b6d6f8c6ddeaf7129119afc7ffa07df52cc8ce115fc6f", kill_on_drop: false }`
[INFO] [stdout] 24bffa4502b3cde61a5b6d6f8c6ddeaf7129119afc7ffa07df52cc8ce115fc6f
