[INFO] fetching crate imageproc 0.22.0...
[INFO] checking imageproc-0.22.0 against 1.55.0 for beta-1.56-3
[INFO] extracting crate imageproc 0.22.0 into /workspace/builds/worker-11/source
[INFO] validating manifest of crates.io crate imageproc 0.22.0 on toolchain 1.55.0
[INFO] running `Command { std: "/workspace/cargo-home/bin/cargo" "+1.55.0" "metadata" "--manifest-path" "Cargo.toml" "--no-deps", kill_on_drop: false }`
[INFO] removed /workspace/builds/worker-11/source/.cargo/config
[INFO] started tweaking crates.io crate imageproc 0.22.0
[INFO] finished tweaking crates.io crate imageproc 0.22.0
[INFO] tweaked toml for crates.io crate imageproc 0.22.0 written to /workspace/builds/worker-11/source/Cargo.toml
[INFO] crate crates.io crate imageproc 0.22.0 already has a lockfile, it will not be regenerated
[INFO] running `Command { std: "/workspace/cargo-home/bin/cargo" "+1.55.0" "fetch" "--manifest-path" "Cargo.toml", kill_on_drop: false }`
[INFO] [stderr]     Blocking waiting for file lock on package cache
[INFO] running `Command { std: "docker" "create" "-v" "/var/lib/crater-agent-workspace/builds/worker-11/target:/opt/rustwide/target:rw,Z" "-v" "/var/lib/crater-agent-workspace/builds/worker-11/source:/opt/rustwide/workdir:ro,Z" "-v" "/var/lib/crater-agent-workspace/cargo-home:/opt/rustwide/cargo-home:ro,Z" "-v" "/var/lib/crater-agent-workspace/rustup-home:/opt/rustwide/rustup-home:ro,Z" "-e" "SOURCE_DIR=/opt/rustwide/workdir" "-e" "CARGO_TARGET_DIR=/opt/rustwide/target" "-e" "CARGO_HOME=/opt/rustwide/cargo-home" "-e" "RUSTUP_HOME=/opt/rustwide/rustup-home" "-w" "/opt/rustwide/workdir" "-m" "1610612736" "--user" "0:0" "--network" "none" "ghcr.io/rust-lang/crates-build-env/linux@sha256:a89201d6b5b9fd45c15d5952ece0a0129e7e80cb26ec023fd59cf09bc26f1604" "/opt/rustwide/cargo-home/bin/cargo" "+1.55.0" "metadata" "--no-deps" "--format-version=1", kill_on_drop: false }`
[INFO] [stdout] 8ea8d7efb78550326f715669c36e44d323b34e4f6d6e28d37d922d4a8ae01264
[INFO] [stderr] WARNING: Your kernel does not support swap limit capabilities or the cgroup is not mounted. Memory limited without swap.
[INFO] running `Command { std: "docker" "start" "-a" "8ea8d7efb78550326f715669c36e44d323b34e4f6d6e28d37d922d4a8ae01264", kill_on_drop: false }`
[INFO] running `Command { std: "docker" "inspect" "8ea8d7efb78550326f715669c36e44d323b34e4f6d6e28d37d922d4a8ae01264", kill_on_drop: false }`
[INFO] running `Command { std: "docker" "rm" "-f" "8ea8d7efb78550326f715669c36e44d323b34e4f6d6e28d37d922d4a8ae01264", kill_on_drop: false }`
[INFO] [stdout] 8ea8d7efb78550326f715669c36e44d323b34e4f6d6e28d37d922d4a8ae01264
[INFO] running `Command { std: "docker" "create" "-v" "/var/lib/crater-agent-workspace/builds/worker-11/target:/opt/rustwide/target:rw,Z" "-v" "/var/lib/crater-agent-workspace/builds/worker-11/source:/opt/rustwide/workdir:ro,Z" "-v" "/var/lib/crater-agent-workspace/cargo-home:/opt/rustwide/cargo-home:ro,Z" "-v" "/var/lib/crater-agent-workspace/rustup-home:/opt/rustwide/rustup-home:ro,Z" "-e" "SOURCE_DIR=/opt/rustwide/workdir" "-e" "CARGO_TARGET_DIR=/opt/rustwide/target" "-e" "CARGO_INCREMENTAL=0" "-e" "RUST_BACKTRACE=full" "-e" "RUSTFLAGS=--cap-lints=warn" "-e" "CARGO_HOME=/opt/rustwide/cargo-home" "-e" "RUSTUP_HOME=/opt/rustwide/rustup-home" "-w" "/opt/rustwide/workdir" "-m" "1610612736" "--user" "0:0" "--network" "none" "ghcr.io/rust-lang/crates-build-env/linux@sha256:a89201d6b5b9fd45c15d5952ece0a0129e7e80cb26ec023fd59cf09bc26f1604" "/opt/rustwide/cargo-home/bin/cargo" "+1.55.0" "check" "--frozen" "--all" "--all-targets" "--message-format=json", kill_on_drop: false }`
[INFO] [stderr] WARNING: Your kernel does not support swap limit capabilities or the cgroup is not mounted. Memory limited without swap.
[INFO] [stdout] 4995b4e86d2f985c4bf5374293d24f9052fc0fcfce856da56e8274631a8ab6b4
[INFO] running `Command { std: "docker" "start" "-a" "4995b4e86d2f985c4bf5374293d24f9052fc0fcfce856da56e8274631a8ab6b4", kill_on_drop: false }`
[INFO] [stderr]    Compiling wasm-bindgen-shared v0.2.64
[INFO] [stderr]    Compiling syn v1.0.33
[INFO] [stderr]    Compiling bumpalo v3.4.0
[INFO] [stderr]    Compiling wasm-bindgen v0.2.64
[INFO] [stderr]     Checking adler32 v1.1.0
[INFO] [stderr]    Compiling matrixmultiply v0.1.15
[INFO] [stderr]     Checking rawpointer v0.1.0
[INFO] [stderr]     Checking ab_glyph_rasterizer v0.1.2
[INFO] [stderr]     Checking custom_derive v0.1.7
[INFO] [stderr]     Checking bytemuck v1.2.0
[INFO] [stderr]     Checking assert_approx_eq v1.1.0
[INFO] [stderr]    Compiling num-traits v0.2.12
[INFO] [stderr]    Compiling num-integer v0.1.43
[INFO] [stderr]    Compiling memoffset v0.5.5
[INFO] [stderr]    Compiling num-iter v0.1.41
[INFO] [stderr]    Compiling num-bigint v0.3.0
[INFO] [stderr]    Compiling num-rational v0.3.0
[INFO] [stderr]    Compiling rayon v1.3.1
[INFO] [stderr]     Checking itertools v0.9.0
[INFO] [stderr]    Compiling crossbeam-epoch v0.8.2
[INFO] [stderr]    Compiling proc-macro2 v1.0.18
[INFO] [stderr]    Compiling log v0.4.8
[INFO] [stderr]     Checking rusttype v0.9.2
[INFO] [stderr]     Checking conv v0.3.3
[INFO] [stderr]     Checking getrandom v0.1.14
[INFO] [stderr]     Checking num_cpus v1.13.0
[INFO] [stderr]     Checking miniz_oxide v0.3.7
[INFO] [stderr]     Checking deflate v0.8.6
[INFO] [stderr]     Checking crossbeam-queue v0.2.3
[INFO] [stderr]     Checking env_logger v0.7.1
[INFO] [stderr]     Checking rand_core v0.5.1
[INFO] [stderr]    Compiling quote v1.0.7
[INFO] [stderr]     Checking rand_chacha v0.2.2
[INFO] [stderr]    Compiling wasm-bindgen-test-macro v0.3.14
[INFO] [stderr]     Checking png v0.16.6
[INFO] [stderr]     Checking tiff v0.5.0
[INFO] [stderr]     Checking crossbeam-deque v0.7.3
[INFO] [stderr]     Checking rand v0.7.3
[INFO] [stderr]     Checking rayon-core v1.7.1
[INFO] [stderr]     Checking num-complex v0.3.0
[INFO] [stderr]     Checking rand_distr v0.2.2
[INFO] [stderr]     Checking quickcheck v0.9.2
[INFO] [stderr]     Checking num v0.1.42
[INFO] [stderr]     Checking rulinalg v0.4.2
[INFO] [stderr]     Checking num v0.3.0
[INFO] [stderr]    Compiling wasm-bindgen-backend v0.2.64
[INFO] [stderr]     Checking jpeg-decoder v0.1.20
[INFO] [stderr]     Checking image v0.23.6
[INFO] [stderr]    Compiling wasm-bindgen-macro-support v0.2.64
[INFO] [stderr]    Compiling wasm-bindgen-macro v0.2.64
[INFO] [stderr]     Checking imageproc v0.22.0 (/opt/rustwide/workdir)
[INFO] [stderr]     Checking js-sys v0.3.41
[INFO] [stderr]     Checking console_error_panic_hook v0.1.6
[INFO] [stdout] warning: panic message is not a string literal
[INFO] [stdout]   --> src/filter/mod.rs:94:13
[INFO] [stdout]    |
[INFO] [stdout] 94 | /             format!(
[INFO] [stdout] 95 | |                 "Invalid kernel len: expecting {}, found {}",
[INFO] [stdout] 96 | |                 width * height,
[INFO] [stdout] 97 | |                 data.len()
[INFO] [stdout] 98 | |             )
[INFO] [stdout]    | |_____________^
[INFO] [stdout]    |
[INFO] [stdout]    = note: `#[warn(non_fmt_panics)]` on by default
[INFO] [stdout]    = note: this usage of panic!() is deprecated; it will be a hard error in Rust 2021
[INFO] [stdout]    = note: for more information, see <https://doc.rust-lang.org/nightly/edition-guide/rust-2021/panic-macro-consistency.html>
[INFO] [stdout]    = note: the assert!() macro supports formatting, so there's no need for the format!() macro here
[INFO] [stdout] help: remove the `format!(..)` macro call
[INFO] [stdout]    |
[INFO] [stdout] 94 |             
[INFO] [stdout] 95 |                 "Invalid kernel len: expecting {}, found {}",
[INFO] [stdout] 96 |                 width * height,
[INFO] [stdout] 97 |                 data.len()
[INFO] [stdout] 98 |             
[INFO] [stdout]    |
[INFO] [stdout] 
[INFO] [stdout] 
[INFO] [stdout] warning: 1 warning emitted
[INFO] [stdout] 
[INFO] [stdout] 
[INFO] [stderr]     Checking wasm-bindgen-futures v0.4.14
[INFO] [stderr]     Checking wasm-bindgen-test v0.3.14
[INFO] [stdout] error: couldn't read examples/DejaVuSans.ttf: No such file or directory (os error 2)
[INFO] [stdout]   --> examples/font.rs:20:26
[INFO] [stdout]    |
[INFO] [stdout] 20 |     let font = Vec::from(include_bytes!("DejaVuSans.ttf") as &[u8]);
[INFO] [stdout]    |                          ^^^^^^^^^^^^^^^^^^^^^^^^^^^^^^^^
[INFO] [stdout]    |
[INFO] [stdout]    = note: this error originates in the macro `include_bytes` (in Nightly builds, run with -Z macro-backtrace for more info)
[INFO] [stdout] 
[INFO] [stdout] 
[INFO] [stdout] error[E0554]: `#![feature]` may not be used on the stable release channel
[INFO] [stdout]   --> tests/regression.rs:13:1
[INFO] [stdout]    |
[INFO] [stdout] 13 | #![feature(test)]
[INFO] [stdout]    | ^^^^^^^^^^^^^^^^^
[INFO] [stdout] 
[INFO] [stdout] 
[INFO] [stdout] error[E0554]: `#![feature]` may not be used on the stable release channel
[INFO] [stdout]   --> tests/regression.rs:14:1
[INFO] [stdout]    |
[INFO] [stdout] 14 | #![feature(unboxed_closures)]
[INFO] [stdout]    | ^^^^^^^^^^^^^^^^^^^^^^^^^^^^^
[INFO] [stdout] 
[INFO] [stdout] 
[INFO] [stdout] error[E0554]: `#![feature]` may not be used on the stable release channel
[INFO] [stdout]   --> tests/regression.rs:15:1
[INFO] [stdout]    |
[INFO] [stdout] 15 | #![feature(fn_traits)]
[INFO] [stdout]    | ^^^^^^^^^^^^^^^^^^^^^^
[INFO] [stdout] 
[INFO] [stdout] 
[INFO] [stdout] error: aborting due to previous error
[INFO] [stdout] 
[INFO] [stdout] 
[INFO] [stderr] error: could not compile `imageproc` due to 2 previous errors
[INFO] [stderr] warning: build failed, waiting for other jobs to finish...
[INFO] [stdout] error: aborting due to 3 previous errors
[INFO] [stdout] 
[INFO] [stdout] 
[INFO] [stdout] For more information about this error, try `rustc --explain E0554`.
[INFO] [stdout] 
[INFO] [stdout] error[E0554]: `#![feature]` may not be used on the stable release channel
[INFO] [stdout]   --> src/lib.rs:11:19
[INFO] [stdout]    |
[INFO] [stdout] 11 | #![cfg_attr(test, feature(test))]
[INFO] [stdout]    |                   ^^^^^^^^^^^^^
[INFO] [stdout] 
[INFO] [stdout] 
[INFO] [stdout] error: aborting due to previous error
[INFO] [stdout] 
[INFO] [stdout] 
[INFO] [stdout] For more information about this error, try `rustc --explain E0554`.
[INFO] [stdout] 
[INFO] [stderr] error: build failed
[INFO] running `Command { std: "docker" "inspect" "4995b4e86d2f985c4bf5374293d24f9052fc0fcfce856da56e8274631a8ab6b4", kill_on_drop: false }`
[INFO] running `Command { std: "docker" "rm" "-f" "4995b4e86d2f985c4bf5374293d24f9052fc0fcfce856da56e8274631a8ab6b4", kill_on_drop: false }`
[INFO] [stdout] 4995b4e86d2f985c4bf5374293d24f9052fc0fcfce856da56e8274631a8ab6b4
