[INFO] fetching crate iced_incremental 0.0.0...
[INFO] checking iced_incremental-0.0.0 against 1.55.0 for beta-1.56-3
[INFO] extracting crate iced_incremental 0.0.0 into /workspace/builds/worker-6/source
[INFO] validating manifest of crates.io crate iced_incremental 0.0.0 on toolchain 1.55.0
[INFO] running `Command { std: "/workspace/cargo-home/bin/cargo" "+1.55.0" "metadata" "--manifest-path" "Cargo.toml" "--no-deps", kill_on_drop: false }`
[INFO] started tweaking crates.io crate iced_incremental 0.0.0
[INFO] finished tweaking crates.io crate iced_incremental 0.0.0
[INFO] tweaked toml for crates.io crate iced_incremental 0.0.0 written to /workspace/builds/worker-6/source/Cargo.toml
[INFO] running `Command { std: "/workspace/cargo-home/bin/cargo" "+1.55.0" "generate-lockfile" "--manifest-path" "Cargo.toml" "-Zno-index-update", kill_on_drop: false }`
[INFO] running `Command { std: "/workspace/cargo-home/bin/cargo" "+1.55.0" "fetch" "--manifest-path" "Cargo.toml", kill_on_drop: false }`
[INFO] running `Command { std: "docker" "create" "-v" "/var/lib/crater-agent-workspace/builds/worker-6/target:/opt/rustwide/target:rw,Z" "-v" "/var/lib/crater-agent-workspace/builds/worker-6/source:/opt/rustwide/workdir:ro,Z" "-v" "/var/lib/crater-agent-workspace/cargo-home:/opt/rustwide/cargo-home:ro,Z" "-v" "/var/lib/crater-agent-workspace/rustup-home:/opt/rustwide/rustup-home:ro,Z" "-e" "SOURCE_DIR=/opt/rustwide/workdir" "-e" "CARGO_TARGET_DIR=/opt/rustwide/target" "-e" "CARGO_HOME=/opt/rustwide/cargo-home" "-e" "RUSTUP_HOME=/opt/rustwide/rustup-home" "-w" "/opt/rustwide/workdir" "-m" "1610612736" "--user" "0:0" "--network" "none" "ghcr.io/rust-lang/crates-build-env/linux@sha256:a89201d6b5b9fd45c15d5952ece0a0129e7e80cb26ec023fd59cf09bc26f1604" "/opt/rustwide/cargo-home/bin/cargo" "+1.55.0" "metadata" "--no-deps" "--format-version=1", kill_on_drop: false }`
[INFO] [stdout] 59cef07c665ba18f396911e65c9d716e7b8ab03aea3af6436b88f2a6a7731ae0
[INFO] [stderr] WARNING: Your kernel does not support swap limit capabilities or the cgroup is not mounted. Memory limited without swap.
[INFO] running `Command { std: "docker" "start" "-a" "59cef07c665ba18f396911e65c9d716e7b8ab03aea3af6436b88f2a6a7731ae0", kill_on_drop: false }`
[INFO] running `Command { std: "docker" "inspect" "59cef07c665ba18f396911e65c9d716e7b8ab03aea3af6436b88f2a6a7731ae0", kill_on_drop: false }`
[INFO] running `Command { std: "docker" "rm" "-f" "59cef07c665ba18f396911e65c9d716e7b8ab03aea3af6436b88f2a6a7731ae0", kill_on_drop: false }`
[INFO] [stdout] 59cef07c665ba18f396911e65c9d716e7b8ab03aea3af6436b88f2a6a7731ae0
[INFO] running `Command { std: "docker" "create" "-v" "/var/lib/crater-agent-workspace/builds/worker-6/target:/opt/rustwide/target:rw,Z" "-v" "/var/lib/crater-agent-workspace/builds/worker-6/source:/opt/rustwide/workdir:ro,Z" "-v" "/var/lib/crater-agent-workspace/cargo-home:/opt/rustwide/cargo-home:ro,Z" "-v" "/var/lib/crater-agent-workspace/rustup-home:/opt/rustwide/rustup-home:ro,Z" "-e" "SOURCE_DIR=/opt/rustwide/workdir" "-e" "CARGO_TARGET_DIR=/opt/rustwide/target" "-e" "CARGO_INCREMENTAL=0" "-e" "RUST_BACKTRACE=full" "-e" "RUSTFLAGS=--cap-lints=warn" "-e" "CARGO_HOME=/opt/rustwide/cargo-home" "-e" "RUSTUP_HOME=/opt/rustwide/rustup-home" "-w" "/opt/rustwide/workdir" "-m" "1610612736" "--user" "0:0" "--network" "none" "ghcr.io/rust-lang/crates-build-env/linux@sha256:a89201d6b5b9fd45c15d5952ece0a0129e7e80cb26ec023fd59cf09bc26f1604" "/opt/rustwide/cargo-home/bin/cargo" "+1.55.0" "check" "--frozen" "--all" "--all-targets" "--message-format=json", kill_on_drop: false }`
[INFO] [stdout] ffb7219679f09db6e955136d8bf62378b7a08db468fdcb2862fb8d602adecb2a
[INFO] [stderr] WARNING: Your kernel does not support swap limit capabilities or the cgroup is not mounted. Memory limited without swap.
[INFO] running `Command { std: "docker" "start" "-a" "ffb7219679f09db6e955136d8bf62378b7a08db468fdcb2862fb8d602adecb2a", kill_on_drop: false }`
[INFO] [stderr]     Checking iced_core v0.2.1
[INFO] [stderr]    Compiling glam v0.8.7
[INFO] [stderr]     Checking svg_fmt v0.2.1
[INFO] [stderr]     Checking iced_graphics v0.0.0
[INFO] [stderr]    Compiling wayland-sys v0.28.6
[INFO] [stderr]    Compiling x11 v2.19.1
[INFO] [stderr]     Checking hibitset v0.6.3
[INFO] [stderr]     Checking dlib v0.5.0
[INFO] [stderr]    Compiling servo-freetype-sys v4.0.5
[INFO] [stderr]    Compiling expat-sys v2.1.6
[INFO] [stderr]     Checking getrandom v0.2.3
[INFO] [stderr]     Checking iovec v0.1.4
[INFO] [stderr]     Checking net2 v0.2.37
[INFO] [stderr]     Checking nix v0.14.1
[INFO] [stderr]     Checking relevant v0.4.2
[INFO] [stderr]     Checking dirs-sys v0.3.6
[INFO] [stderr]     Checking memmap2 v0.2.3
[INFO] [stderr]     Checking memmap v0.7.0
[INFO] [stderr]     Checking gethostname v0.2.1
[INFO] [stderr]     Checking parking_lot_core v0.7.2
[INFO] [stderr]     Checking dirs v1.0.5
[INFO] [stderr]     Checking wayland-sys v0.23.6
[INFO] [stderr]    Compiling wayland-scanner v0.28.6
[INFO] [stderr]     Checking ordered-float v1.1.1
[INFO] [stderr]     Checking approx v0.3.2
[INFO] [stderr]    Compiling wayland-scanner v0.23.6
[INFO] [stderr]     Checking euclid v0.20.14
[INFO] [stderr]     Checking line_drawing v0.7.0
[INFO] [stderr]     Checking nix v0.20.2
[INFO] [stderr]     Checking gfx-hal v0.4.1
[INFO] [stderr]     Checking ash v0.29.0
[INFO] [stderr]     Checking dirs v3.0.2
[INFO] [stderr]     Checking iced_style v0.1.0
[INFO] [stderr]     Checking xcursor v0.3.4
[INFO] [stderr]     Checking rand_core v0.6.3
[INFO] [stderr]    Compiling thiserror-impl v1.0.30
[INFO] [stderr]    Compiling euclid_macros v0.1.0
[INFO] [stderr]     Checking mio v0.6.23
[INFO] [stderr]     Checking parking_lot_core v0.6.2
[INFO] [stderr]     Checking parking_lot v0.10.2
[INFO] [stderr]    Compiling zerocopy-derive v0.1.4
[INFO] [stderr]     Checking xdg v2.4.0
[INFO] [stderr]     Checking rusttype v0.8.3
[INFO] [stderr]     Checking futures-executor v0.3.17
[INFO] [stderr]     Checking rand_chacha v0.3.1
[INFO] [stderr]     Checking parking_lot v0.9.0
[INFO] [stderr]     Checking futures v0.3.17
[INFO] [stderr]    Compiling servo-fontconfig-sys v4.0.9
[INFO] [stderr]     Checking lyon_geom v0.14.1
[INFO] [stderr]     Checking mio-extras v2.0.6
[INFO] [stderr]     Checking rand v0.8.4
[INFO] [stderr]     Checking rusttype v0.7.9
[INFO] [stderr]     Checking glyph_brush_layout v0.1.9
[INFO] [stderr]     Checking iced_futures v0.1.2
[INFO] [stderr]     Checking andrew v0.2.1
[INFO] [stderr]     Checking freetype v0.4.1
[INFO] [stderr]     Checking servo-fontconfig v0.4.0
[INFO] [stderr]     Checking twox-hash v1.6.1
[INFO] [stderr]     Checking iced_native v0.2.2
[INFO] [stderr]     Checking glyph_brush v0.6.3
[INFO] [stderr]     Checking lyon_path v0.14.0
[INFO] [stderr]    Compiling wayland-client v0.23.6
[INFO] [stderr]    Compiling wayland-protocols v0.23.6
[INFO] [stderr]    Compiling wayland-client v0.28.6
[INFO] [stderr]    Compiling wayland-protocols v0.28.6
[INFO] [stderr]     Checking font-kit v0.4.0
[INFO] [stderr]     Checking euclid v0.19.9
[INFO] [stderr]     Checking zerocopy v0.2.8
[INFO] [stderr]     Checking rendy-memory v0.5.2
[INFO] [stderr]     Checking rendy-descriptor v0.5.1
[INFO] [stderr]     Checking gfx-backend-empty v0.4.0
[INFO] [stderr]     Checking calloop v0.4.4
[INFO] [stderr]     Checking wayland-commons v0.23.6
[INFO] [stderr]     Checking guillotiere v0.4.4
[INFO] [stderr]     Checking thiserror v1.0.30
[INFO] [stderr]     Checking wayland-commons v0.28.6
[INFO] [stderr]     Checking x11rb v0.8.1
[INFO] [stderr]     Checking wayland-cursor v0.28.6
[INFO] [stderr]     Checking gfx-backend-vulkan v0.4.3
[INFO] [stderr]     Checking wgpu-native v0.4.3
[INFO] [stderr]     Checking clipboard_x11 v0.2.0
[INFO] [stderr]     Checking wgpu v0.4.0
[INFO] [stderr]     Checking wgpu_glyph v0.7.0
[INFO] [stderr]     Checking iced_wgpu v0.2.3
[INFO] [stderr]     Checking smithay-client-toolkit v0.6.6
[INFO] [stderr]     Checking winit v0.22.2
[INFO] [stderr]     Checking smithay-client-toolkit v0.14.0
[INFO] [stderr]     Checking smithay-clipboard v0.6.4
[INFO] [stderr]     Checking clipboard_wayland v0.1.2
[INFO] [stderr]     Checking window_clipboard v0.1.4
[INFO] [stderr]     Checking iced_winit v0.1.0
[INFO] [stderr]     Checking iced v0.1.1
[INFO] [stderr]     Checking iced_incremental v0.0.0 (/opt/rustwide/workdir)
[INFO] [stderr] error: could not compile `iced_incremental` due to 3 previous errors
[INFO] [stdout] error[E0432]: unresolved imports `iced_graphics::Backend`, `iced_graphics::Defaults`, `iced_graphics::Primitive`, `iced_graphics::Renderer`
[INFO] [stdout]  --> src/iced_widget.rs:1:21
[INFO] [stdout]   |
[INFO] [stdout] 1 | use iced_graphics::{Backend, Defaults, Primitive, Renderer};
[INFO] [stdout]   |                     ^^^^^^^  ^^^^^^^^  ^^^^^^^^^  ^^^^^^^^ no `Renderer` in the root
[INFO] [stdout]   |                     |        |         |
[INFO] [stdout]   |                     |        |         no `Primitive` in the root
[INFO] [stdout]   |                     |        no `Defaults` in the root
[INFO] [stdout]   |                     no `Backend` in the root
[INFO] [stdout] 
[INFO] [stdout] 
[INFO] [stderr] warning: build failed, waiting for other jobs to finish...
[INFO] [stdout] error[E0432]: unresolved import `iced_native::mouse`
[INFO] [stdout]  --> src/iced_widget.rs:3:13
[INFO] [stdout]   |
[INFO] [stdout] 3 |     layout, mouse, Clipboard, Element, Event, Hasher, Layout, Length, Point, Widget,
[INFO] [stdout]   |             ^^^^^ no `mouse` in the root
[INFO] [stdout] 
[INFO] [stdout] 
[INFO] [stdout] error: aborting due to 2 previous errors
[INFO] [stdout] 
[INFO] [stdout] 
[INFO] [stdout] For more information about this error, try `rustc --explain E0432`.
[INFO] [stdout] 
[INFO] [stdout] error[E0432]: unresolved imports `iced_graphics::Backend`, `iced_graphics::Defaults`, `iced_graphics::Primitive`, `iced_graphics::Renderer`
[INFO] [stdout]  --> src/iced_widget.rs:1:21
[INFO] [stdout]   |
[INFO] [stdout] 1 | use iced_graphics::{Backend, Defaults, Primitive, Renderer};
[INFO] [stdout]   |                     ^^^^^^^  ^^^^^^^^  ^^^^^^^^^  ^^^^^^^^ no `Renderer` in the root
[INFO] [stdout]   |                     |        |         |
[INFO] [stdout]   |                     |        |         no `Primitive` in the root
[INFO] [stdout]   |                     |        no `Defaults` in the root
[INFO] [stdout]   |                     no `Backend` in the root
[INFO] [stdout] 
[INFO] [stdout] 
[INFO] [stdout] error[E0432]: unresolved import `iced_native::mouse`
[INFO] [stdout]  --> src/iced_widget.rs:3:13
[INFO] [stdout]   |
[INFO] [stdout] 3 |     layout, mouse, Clipboard, Element, Event, Hasher, Layout, Length, Point, Widget,
[INFO] [stdout]   |             ^^^^^ no `mouse` in the root
[INFO] [stdout] 
[INFO] [stdout] 
[INFO] [stdout] error: aborting due to 2 previous errors
[INFO] [stdout] 
[INFO] [stdout] 
[INFO] [stdout] For more information about this error, try `rustc --explain E0432`.
[INFO] [stdout] 
[INFO] [stderr] error: build failed
[INFO] running `Command { std: "docker" "inspect" "ffb7219679f09db6e955136d8bf62378b7a08db468fdcb2862fb8d602adecb2a", kill_on_drop: false }`
[INFO] running `Command { std: "docker" "rm" "-f" "ffb7219679f09db6e955136d8bf62378b7a08db468fdcb2862fb8d602adecb2a", kill_on_drop: false }`
[INFO] [stdout] ffb7219679f09db6e955136d8bf62378b7a08db468fdcb2862fb8d602adecb2a
