[INFO] fetching crate humpty_dumpty 0.0.1...
[INFO] checking humpty_dumpty-0.0.1 against 1.55.0 for beta-1.56-3
[INFO] extracting crate humpty_dumpty 0.0.1 into /workspace/builds/worker-8/source
[INFO] validating manifest of crates.io crate humpty_dumpty 0.0.1 on toolchain 1.55.0
[INFO] running `Command { std: "/workspace/cargo-home/bin/cargo" "+1.55.0" "metadata" "--manifest-path" "Cargo.toml" "--no-deps", kill_on_drop: false }`
[INFO] started tweaking crates.io crate humpty_dumpty 0.0.1
[INFO] finished tweaking crates.io crate humpty_dumpty 0.0.1
[INFO] tweaked toml for crates.io crate humpty_dumpty 0.0.1 written to /workspace/builds/worker-8/source/Cargo.toml
[INFO] running `Command { std: "/workspace/cargo-home/bin/cargo" "+1.55.0" "generate-lockfile" "--manifest-path" "Cargo.toml" "-Zno-index-update", kill_on_drop: false }`
[INFO] running `Command { std: "/workspace/cargo-home/bin/cargo" "+1.55.0" "fetch" "--manifest-path" "Cargo.toml", kill_on_drop: false }`
[INFO] running `Command { std: "docker" "create" "-v" "/var/lib/crater-agent-workspace/builds/worker-8/target:/opt/rustwide/target:rw,Z" "-v" "/var/lib/crater-agent-workspace/builds/worker-8/source:/opt/rustwide/workdir:ro,Z" "-v" "/var/lib/crater-agent-workspace/cargo-home:/opt/rustwide/cargo-home:ro,Z" "-v" "/var/lib/crater-agent-workspace/rustup-home:/opt/rustwide/rustup-home:ro,Z" "-e" "SOURCE_DIR=/opt/rustwide/workdir" "-e" "CARGO_TARGET_DIR=/opt/rustwide/target" "-e" "CARGO_HOME=/opt/rustwide/cargo-home" "-e" "RUSTUP_HOME=/opt/rustwide/rustup-home" "-w" "/opt/rustwide/workdir" "-m" "1610612736" "--user" "0:0" "--network" "none" "ghcr.io/rust-lang/crates-build-env/linux@sha256:a89201d6b5b9fd45c15d5952ece0a0129e7e80cb26ec023fd59cf09bc26f1604" "/opt/rustwide/cargo-home/bin/cargo" "+1.55.0" "metadata" "--no-deps" "--format-version=1", kill_on_drop: false }`
[INFO] [stdout] ad2714e0b4f92a37511e012d11d149d1b20e5e4c519f20b0e032da68076b7933
[INFO] [stderr] WARNING: Your kernel does not support swap limit capabilities or the cgroup is not mounted. Memory limited without swap.
[INFO] running `Command { std: "docker" "start" "-a" "ad2714e0b4f92a37511e012d11d149d1b20e5e4c519f20b0e032da68076b7933", kill_on_drop: false }`
[INFO] running `Command { std: "docker" "inspect" "ad2714e0b4f92a37511e012d11d149d1b20e5e4c519f20b0e032da68076b7933", kill_on_drop: false }`
[INFO] running `Command { std: "docker" "rm" "-f" "ad2714e0b4f92a37511e012d11d149d1b20e5e4c519f20b0e032da68076b7933", kill_on_drop: false }`
[INFO] [stdout] ad2714e0b4f92a37511e012d11d149d1b20e5e4c519f20b0e032da68076b7933
[INFO] running `Command { std: "docker" "create" "-v" "/var/lib/crater-agent-workspace/builds/worker-8/target:/opt/rustwide/target:rw,Z" "-v" "/var/lib/crater-agent-workspace/builds/worker-8/source:/opt/rustwide/workdir:ro,Z" "-v" "/var/lib/crater-agent-workspace/cargo-home:/opt/rustwide/cargo-home:ro,Z" "-v" "/var/lib/crater-agent-workspace/rustup-home:/opt/rustwide/rustup-home:ro,Z" "-e" "SOURCE_DIR=/opt/rustwide/workdir" "-e" "CARGO_TARGET_DIR=/opt/rustwide/target" "-e" "CARGO_INCREMENTAL=0" "-e" "RUST_BACKTRACE=full" "-e" "RUSTFLAGS=--cap-lints=warn" "-e" "CARGO_HOME=/opt/rustwide/cargo-home" "-e" "RUSTUP_HOME=/opt/rustwide/rustup-home" "-w" "/opt/rustwide/workdir" "-m" "1610612736" "--user" "0:0" "--network" "none" "ghcr.io/rust-lang/crates-build-env/linux@sha256:a89201d6b5b9fd45c15d5952ece0a0129e7e80cb26ec023fd59cf09bc26f1604" "/opt/rustwide/cargo-home/bin/cargo" "+1.55.0" "check" "--frozen" "--all" "--all-targets" "--message-format=json", kill_on_drop: false }`
[INFO] [stdout] 3067b6f9dcfd6dfd1dfc59291d6eaa168fffb894815bc176da60f2c73ddc40f8
[INFO] [stderr] WARNING: Your kernel does not support swap limit capabilities or the cgroup is not mounted. Memory limited without swap.
[INFO] running `Command { std: "docker" "start" "-a" "3067b6f9dcfd6dfd1dfc59291d6eaa168fffb894815bc176da60f2c73ddc40f8", kill_on_drop: false }`
[INFO] [stderr]    Compiling compiletest_rs v0.7.0
[INFO] [stderr]    Compiling humpty_dumpty v0.0.1 (/opt/rustwide/workdir)
[INFO] [stderr]     Checking filetime v0.2.15
[INFO] [stderr]     Checking tester v0.9.0
[INFO] [stderr]     Checking rustfix v0.5.1
[INFO] [stdout] error[E0557]: feature has been removed
[INFO] [stdout]  --> src/lib.rs:1:30
[INFO] [stdout]   |
[INFO] [stdout] 1 | #![feature(plugin_registrar, quote, plugin, box_syntax, rustc_private,
[INFO] [stdout]   |                              ^^^^^ feature has been removed
[INFO] [stdout] 
[INFO] [stdout] 
[INFO] [stdout] error[E0463]: can't find crate for `syntax`
[INFO] [stdout]  --> src/lib.rs:4:11
[INFO] [stdout]   |
[INFO] [stdout] 4 | #![plugin(syntax)]
[INFO] [stdout]   |           ^^^^^^ can't find crate
[INFO] [stdout] 
[INFO] [stdout] 
[INFO] [stdout] error: aborting due to 2 previous errors
[INFO] [stdout] 
[INFO] [stdout] 
[INFO] [stdout] Some errors have detailed explanations: E0463, E0557.
[INFO] [stdout] 
[INFO] [stdout] For more information about an error, try `rustc --explain E0463`.
[INFO] [stdout] 
[INFO] [stderr] error: could not compile `humpty_dumpty` due to 3 previous errors
[INFO] [stdout] error[E0557]: feature has been removed
[INFO] [stdout]  --> src/lib.rs:1:30
[INFO] [stdout]   |
[INFO] [stdout] 1 | #![feature(plugin_registrar, quote, plugin, box_syntax, rustc_private,
[INFO] [stdout]   |                              ^^^^^ feature has been removed
[INFO] [stdout] 
[INFO] [stdout] 
[INFO] [stderr] warning: build failed, waiting for other jobs to finish...
[INFO] [stdout] error[E0463]: can't find crate for `syntax`
[INFO] [stdout]  --> src/lib.rs:4:11
[INFO] [stdout]   |
[INFO] [stdout] 4 | #![plugin(syntax)]
[INFO] [stdout]   |           ^^^^^^ can't find crate
[INFO] [stdout] 
[INFO] [stdout] 
[INFO] [stdout] error: aborting due to 2 previous errors
[INFO] [stdout] 
[INFO] [stdout] 
[INFO] [stdout] Some errors have detailed explanations: E0463, E0557.
[INFO] [stdout] 
[INFO] [stdout] For more information about an error, try `rustc --explain E0463`.
[INFO] [stdout] 
[INFO] [stderr] error: build failed
[INFO] running `Command { std: "docker" "inspect" "3067b6f9dcfd6dfd1dfc59291d6eaa168fffb894815bc176da60f2c73ddc40f8", kill_on_drop: false }`
[INFO] running `Command { std: "docker" "rm" "-f" "3067b6f9dcfd6dfd1dfc59291d6eaa168fffb894815bc176da60f2c73ddc40f8", kill_on_drop: false }`
[INFO] [stdout] 3067b6f9dcfd6dfd1dfc59291d6eaa168fffb894815bc176da60f2c73ddc40f8
