[INFO] fetching crate hstrace 0.0.5...
[INFO] checking hstrace-0.0.5 against beta-2021-10-15 for beta-1.56-3
[INFO] extracting crate hstrace 0.0.5 into /workspace/builds/worker-2/source
[INFO] validating manifest of crates.io crate hstrace 0.0.5 on toolchain beta-2021-10-15
[INFO] running `Command { std: "/workspace/cargo-home/bin/cargo" "+beta-2021-10-15" "metadata" "--manifest-path" "Cargo.toml" "--no-deps", kill_on_drop: false }`
[INFO] started tweaking crates.io crate hstrace 0.0.5
[INFO] finished tweaking crates.io crate hstrace 0.0.5
[INFO] tweaked toml for crates.io crate hstrace 0.0.5 written to /workspace/builds/worker-2/source/Cargo.toml
[INFO] crate crates.io crate hstrace 0.0.5 already has a lockfile, it will not be regenerated
[INFO] running `Command { std: "/workspace/cargo-home/bin/cargo" "+beta-2021-10-15" "fetch" "--manifest-path" "Cargo.toml", kill_on_drop: false }`
[INFO] [stderr]     Blocking waiting for file lock on package cache
[INFO] [stderr]  Downloading crates ...
[INFO] [stderr]   Downloaded hstrace_derive v0.0.1
[INFO] running `Command { std: "docker" "create" "-v" "/var/lib/crater-agent-workspace/builds/worker-2/target:/opt/rustwide/target:rw,Z" "-v" "/var/lib/crater-agent-workspace/builds/worker-2/source:/opt/rustwide/workdir:ro,Z" "-v" "/var/lib/crater-agent-workspace/cargo-home:/opt/rustwide/cargo-home:ro,Z" "-v" "/var/lib/crater-agent-workspace/rustup-home:/opt/rustwide/rustup-home:ro,Z" "-e" "SOURCE_DIR=/opt/rustwide/workdir" "-e" "CARGO_TARGET_DIR=/opt/rustwide/target" "-e" "CARGO_HOME=/opt/rustwide/cargo-home" "-e" "RUSTUP_HOME=/opt/rustwide/rustup-home" "-w" "/opt/rustwide/workdir" "-m" "1610612736" "--user" "0:0" "--network" "none" "ghcr.io/rust-lang/crates-build-env/linux@sha256:a89201d6b5b9fd45c15d5952ece0a0129e7e80cb26ec023fd59cf09bc26f1604" "/opt/rustwide/cargo-home/bin/cargo" "+beta-2021-10-15" "metadata" "--no-deps" "--format-version=1", kill_on_drop: false }`
[INFO] [stdout] 8503ea2adbb41a7d004782e6165bbef7b90d7983eeaab9d42acbee9886fadb98
[INFO] [stderr] WARNING: Your kernel does not support swap limit capabilities or the cgroup is not mounted. Memory limited without swap.
[INFO] running `Command { std: "docker" "start" "-a" "8503ea2adbb41a7d004782e6165bbef7b90d7983eeaab9d42acbee9886fadb98", kill_on_drop: false }`
[INFO] running `Command { std: "docker" "inspect" "8503ea2adbb41a7d004782e6165bbef7b90d7983eeaab9d42acbee9886fadb98", kill_on_drop: false }`
[INFO] running `Command { std: "docker" "rm" "-f" "8503ea2adbb41a7d004782e6165bbef7b90d7983eeaab9d42acbee9886fadb98", kill_on_drop: false }`
[INFO] [stdout] 8503ea2adbb41a7d004782e6165bbef7b90d7983eeaab9d42acbee9886fadb98
[INFO] running `Command { std: "docker" "create" "-v" "/var/lib/crater-agent-workspace/builds/worker-2/target:/opt/rustwide/target:rw,Z" "-v" "/var/lib/crater-agent-workspace/builds/worker-2/source:/opt/rustwide/workdir:ro,Z" "-v" "/var/lib/crater-agent-workspace/cargo-home:/opt/rustwide/cargo-home:ro,Z" "-v" "/var/lib/crater-agent-workspace/rustup-home:/opt/rustwide/rustup-home:ro,Z" "-e" "SOURCE_DIR=/opt/rustwide/workdir" "-e" "CARGO_TARGET_DIR=/opt/rustwide/target" "-e" "CARGO_INCREMENTAL=0" "-e" "RUST_BACKTRACE=full" "-e" "RUSTFLAGS=--cap-lints=warn" "-e" "CARGO_HOME=/opt/rustwide/cargo-home" "-e" "RUSTUP_HOME=/opt/rustwide/rustup-home" "-w" "/opt/rustwide/workdir" "-m" "1610612736" "--user" "0:0" "--network" "none" "ghcr.io/rust-lang/crates-build-env/linux@sha256:a89201d6b5b9fd45c15d5952ece0a0129e7e80cb26ec023fd59cf09bc26f1604" "/opt/rustwide/cargo-home/bin/cargo" "+beta-2021-10-15" "check" "--frozen" "--all" "--all-targets" "--message-format=json", kill_on_drop: false }`
[INFO] [stdout] 72dadb137b6e5ea5dd71b97fbd4c9ddd407c8a3b6738c639508d9f70d232e106
[INFO] [stderr] WARNING: Your kernel does not support swap limit capabilities or the cgroup is not mounted. Memory limited without swap.
[INFO] running `Command { std: "docker" "start" "-a" "72dadb137b6e5ea5dd71b97fbd4c9ddd407c8a3b6738c639508d9f70d232e106", kill_on_drop: false }`
[INFO] [stderr]    Compiling syn v1.0.69
[INFO] [stderr]    Compiling regex-syntax v0.6.23
[INFO] [stderr]    Compiling shlex v1.0.0
[INFO] [stderr]    Compiling nix v0.17.0
[INFO] [stderr]    Compiling clang-sys v1.2.0
[INFO] [stderr]    Compiling libloading v0.7.0
[INFO] [stderr]    Compiling libc v0.2.93
[INFO] [stderr]    Compiling nom v5.1.2
[INFO] [stderr]     Checking parking_lot_core v0.8.3
[INFO] [stderr]     Checking clap v2.33.3
[INFO] [stderr]     Checking colored v2.0.0
[INFO] [stderr]     Checking ctrlc v3.1.8
[INFO] [stderr]     Checking parking_lot v0.11.1
[INFO] [stderr]    Compiling bindgen v0.58.1
[INFO] [stderr]    Compiling atty v0.2.14
[INFO] [stderr]    Compiling which v3.1.1
[INFO] [stderr]    Compiling cexpr v0.4.0
[INFO] [stderr]     Checking regex v1.4.5
[INFO] [stderr]     Checking env_logger v0.8.3
[INFO] [stderr]    Compiling serde_derive v1.0.125
[INFO] [stderr]    Compiling hstrace_derive v0.0.1
[INFO] [stderr]    Compiling num-derive v0.3.3
[INFO] [stderr]    Compiling serial_test_derive v0.5.1
[INFO] [stderr]     Checking serial_test v0.5.1
[INFO] [stderr]     Checking serde v1.0.125
[INFO] [stderr]    Compiling hstrace v0.0.5 (/opt/rustwide/workdir)
[INFO] [stderr]     Checking serde_json v1.0.64
[INFO] [stdout] error[E0554]: `#![feature]` may not be used on the beta release channel
[INFO] [stdout]   --> src/lib.rs:30:1
[INFO] [stdout]    |
[INFO] [stdout] 30 | #![feature(test)]
[INFO] [stdout]    | ^^^^^^^^^^^^^^^^^
[INFO] [stdout] 
[INFO] [stdout] 
[INFO] [stdout] error[E0554]: `#![feature]` may not be used on the beta release channel
[INFO] [stdout]   --> src/lib.rs:31:1
[INFO] [stdout]    |
[INFO] [stdout] 31 | #![feature(core_intrinsics)]
[INFO] [stdout]    | ^^^^^^^^^^^^^^^^^^^^^^^^^^^^
[INFO] [stdout] 
[INFO] [stdout] 
[INFO] [stdout] error[E0554]: `#![feature]` may not be used on the beta release channel
[INFO] [stdout]   --> src/lib.rs:32:1
[INFO] [stdout]    |
[INFO] [stdout] 32 | #![feature(arbitrary_enum_discriminant)]
[INFO] [stdout]    | ^^^^^^^^^^^^^^^^^^^^^^^^^^^^^^^^^^^^^^^^
[INFO] [stdout] 
[INFO] [stdout] 
[INFO] [stdout] error[E0554]: `#![feature]` may not be used on the beta release channel
[INFO] [stdout]   --> src/lib.rs:30:1
[INFO] [stdout]    |
[INFO] [stdout] 30 | #![feature(test)]
[INFO] [stdout]    | ^^^^^^^^^^^^^^^^^
[INFO] [stdout] 
[INFO] [stdout] 
[INFO] [stdout] error[E0554]: `#![feature]` may not be used on the beta release channel
[INFO] [stdout]   --> src/lib.rs:31:1
[INFO] [stdout]    |
[INFO] [stdout] 31 | #![feature(core_intrinsics)]
[INFO] [stdout]    | ^^^^^^^^^^^^^^^^^^^^^^^^^^^^
[INFO] [stdout] 
[INFO] [stdout] 
[INFO] [stdout] error[E0554]: `#![feature]` may not be used on the beta release channel
[INFO] [stdout]   --> src/lib.rs:32:1
[INFO] [stdout]    |
[INFO] [stdout] 32 | #![feature(arbitrary_enum_discriminant)]
[INFO] [stdout]    | ^^^^^^^^^^^^^^^^^^^^^^^^^^^^^^^^^^^^^^^^
[INFO] [stdout] 
[INFO] [stdout] 
[INFO] [stdout] warning: use of deprecated function `nix::sys::ptrace::ptrace`: usages of `ptrace()` should be replaced with the specialized helper functions instead
[INFO] [stdout]    --> src/ptrace/syscall_ptrace.rs:197:21
[INFO] [stdout]     |
[INFO] [stdout] 197 |             ptrace::ptrace(
[INFO] [stdout]     |                     ^^^^^^
[INFO] [stdout]     |
[INFO] [stdout]     = note: `#[warn(deprecated)]` on by default
[INFO] [stdout] 
[INFO] [stdout] 
[INFO] [stdout] warning: use of deprecated function `nix::sys::ptrace::ptrace`: usages of `ptrace()` should be replaced with the specialized helper functions instead
[INFO] [stdout]    --> src/ptrace/syscall_ptrace.rs:197:21
[INFO] [stdout]     |
[INFO] [stdout] 197 |             ptrace::ptrace(
[INFO] [stdout]     |                     ^^^^^^
[INFO] [stdout]     |
[INFO] [stdout]     = note: `#[warn(deprecated)]` on by default
[INFO] [stdout] 
[INFO] [stdout] 
[INFO] [stdout] error: aborting due to 3 previous errors; 1 warning emitted
[INFO] [stdout] 
[INFO] [stdout] 
[INFO] [stdout] For more information about this error, try `rustc --explain E0554`.
[INFO] [stdout] 
[INFO] [stderr] error: could not compile `hstrace` due to 4 previous errors; 1 warning emitted
[INFO] [stderr] warning: build failed, waiting for other jobs to finish...
[INFO] [stdout] error: aborting due to 3 previous errors; 1 warning emitted
[INFO] [stdout] 
[INFO] [stdout] 
[INFO] [stderr] error: build failed
[INFO] [stdout] For more information about this error, try `rustc --explain E0554`.
[INFO] [stdout] 
[INFO] running `Command { std: "docker" "inspect" "72dadb137b6e5ea5dd71b97fbd4c9ddd407c8a3b6738c639508d9f70d232e106", kill_on_drop: false }`
[INFO] running `Command { std: "docker" "rm" "-f" "72dadb137b6e5ea5dd71b97fbd4c9ddd407c8a3b6738c639508d9f70d232e106", kill_on_drop: false }`
[INFO] [stdout] 72dadb137b6e5ea5dd71b97fbd4c9ddd407c8a3b6738c639508d9f70d232e106
