[INFO] fetching crate hotdrink-rs 0.1.3...
[INFO] checking hotdrink-rs-0.1.3 against beta-2021-10-15 for beta-1.56-3
[INFO] extracting crate hotdrink-rs 0.1.3 into /workspace/builds/worker-0/source
[INFO] validating manifest of crates.io crate hotdrink-rs 0.1.3 on toolchain beta-2021-10-15
[INFO] running `Command { std: "/workspace/cargo-home/bin/cargo" "+beta-2021-10-15" "metadata" "--manifest-path" "Cargo.toml" "--no-deps", kill_on_drop: false }`
[INFO] started tweaking crates.io crate hotdrink-rs 0.1.3
[INFO] finished tweaking crates.io crate hotdrink-rs 0.1.3
[INFO] tweaked toml for crates.io crate hotdrink-rs 0.1.3 written to /workspace/builds/worker-0/source/Cargo.toml
[INFO] crate crates.io crate hotdrink-rs 0.1.3 already has a lockfile, it will not be regenerated
[INFO] running `Command { std: "/workspace/cargo-home/bin/cargo" "+beta-2021-10-15" "fetch" "--manifest-path" "Cargo.toml", kill_on_drop: false }`
[INFO] [stderr]     Blocking waiting for file lock on package cache
[INFO] [stderr]     Blocking waiting for file lock on package cache
[INFO] running `Command { std: "docker" "create" "-v" "/var/lib/crater-agent-workspace/builds/worker-0/target:/opt/rustwide/target:rw,Z" "-v" "/var/lib/crater-agent-workspace/builds/worker-0/source:/opt/rustwide/workdir:ro,Z" "-v" "/var/lib/crater-agent-workspace/cargo-home:/opt/rustwide/cargo-home:ro,Z" "-v" "/var/lib/crater-agent-workspace/rustup-home:/opt/rustwide/rustup-home:ro,Z" "-e" "SOURCE_DIR=/opt/rustwide/workdir" "-e" "CARGO_TARGET_DIR=/opt/rustwide/target" "-e" "CARGO_HOME=/opt/rustwide/cargo-home" "-e" "RUSTUP_HOME=/opt/rustwide/rustup-home" "-w" "/opt/rustwide/workdir" "-m" "1610612736" "--user" "0:0" "--network" "none" "ghcr.io/rust-lang/crates-build-env/linux@sha256:a89201d6b5b9fd45c15d5952ece0a0129e7e80cb26ec023fd59cf09bc26f1604" "/opt/rustwide/cargo-home/bin/cargo" "+beta-2021-10-15" "metadata" "--no-deps" "--format-version=1", kill_on_drop: false }`
[INFO] [stdout] d7dd22675b31cadedfc5e3b52eb60157cbc88721a0bd761ce39582e5bc0961c1
[INFO] [stderr] WARNING: Your kernel does not support swap limit capabilities or the cgroup is not mounted. Memory limited without swap.
[INFO] running `Command { std: "docker" "start" "-a" "d7dd22675b31cadedfc5e3b52eb60157cbc88721a0bd761ce39582e5bc0961c1", kill_on_drop: false }`
[INFO] running `Command { std: "docker" "inspect" "d7dd22675b31cadedfc5e3b52eb60157cbc88721a0bd761ce39582e5bc0961c1", kill_on_drop: false }`
[INFO] running `Command { std: "docker" "rm" "-f" "d7dd22675b31cadedfc5e3b52eb60157cbc88721a0bd761ce39582e5bc0961c1", kill_on_drop: false }`
[INFO] [stdout] d7dd22675b31cadedfc5e3b52eb60157cbc88721a0bd761ce39582e5bc0961c1
[INFO] running `Command { std: "docker" "create" "-v" "/var/lib/crater-agent-workspace/builds/worker-0/target:/opt/rustwide/target:rw,Z" "-v" "/var/lib/crater-agent-workspace/builds/worker-0/source:/opt/rustwide/workdir:ro,Z" "-v" "/var/lib/crater-agent-workspace/cargo-home:/opt/rustwide/cargo-home:ro,Z" "-v" "/var/lib/crater-agent-workspace/rustup-home:/opt/rustwide/rustup-home:ro,Z" "-e" "SOURCE_DIR=/opt/rustwide/workdir" "-e" "CARGO_TARGET_DIR=/opt/rustwide/target" "-e" "CARGO_INCREMENTAL=0" "-e" "RUST_BACKTRACE=full" "-e" "RUSTFLAGS=--cap-lints=warn" "-e" "CARGO_HOME=/opt/rustwide/cargo-home" "-e" "RUSTUP_HOME=/opt/rustwide/rustup-home" "-w" "/opt/rustwide/workdir" "-m" "1610612736" "--user" "0:0" "--network" "none" "ghcr.io/rust-lang/crates-build-env/linux@sha256:a89201d6b5b9fd45c15d5952ece0a0129e7e80cb26ec023fd59cf09bc26f1604" "/opt/rustwide/cargo-home/bin/cargo" "+beta-2021-10-15" "check" "--frozen" "--all" "--all-targets" "--message-format=json", kill_on_drop: false }`
[INFO] [stdout] c58f6a9178fe0727319177d62735485f6a8d3b08838f18cf9880b7fd75a12f62
[INFO] [stderr] WARNING: Your kernel does not support swap limit capabilities or the cgroup is not mounted. Memory limited without swap.
[INFO] running `Command { std: "docker" "start" "-a" "c58f6a9178fe0727319177d62735485f6a8d3b08838f18cf9880b7fd75a12f62", kill_on_drop: false }`
[INFO] [stderr]    Compiling getrandom v0.2.2
[INFO] [stderr]     Checking futures-core v0.3.14
[INFO] [stderr]     Checking futures-task v0.3.14
[INFO] [stderr]     Checking futures-io v0.3.14
[INFO] [stderr]     Checking plotters-backend v0.3.0
[INFO] [stderr]    Compiling crossbeam-utils v0.8.4
[INFO] [stderr]     Checking itertools v0.10.0
[INFO] [stderr]     Checking regex-automata v0.1.9
[INFO] [stderr]    Compiling cast v0.2.5
[INFO] [stderr]     Checking num_cpus v1.13.0
[INFO] [stderr]     Checking atty v0.2.14
[INFO] [stderr]     Checking csv-core v0.1.10
[INFO] [stderr]     Checking serde_cbor v0.11.1
[INFO] [stderr]     Checking serde_json v1.0.64
[INFO] [stderr]    Compiling futures-macro v0.3.14
[INFO] [stderr]     Checking regex v1.5.3
[INFO] [stderr]    Compiling derivative v2.2.0
[INFO] [stderr]     Checking futures-channel v0.3.14
[INFO] [stderr]     Checking plotters-svg v0.3.0
[INFO] [stderr]     Checking bstr v0.2.16
[INFO] [stderr]     Checking plotters v0.3.0
[INFO] [stderr]     Checking rand_core v0.6.2
[INFO] [stderr]     Checking criterion-plot v0.4.3
[INFO] [stderr]     Checking rand_chacha v0.3.0
[INFO] [stderr]     Checking csv v1.1.6
[INFO] [stderr]     Checking tinytemplate v1.2.1
[INFO] [stderr]     Checking rand v0.8.3
[INFO] [stderr]     Checking env_logger v0.8.3
[INFO] [stderr]     Checking crossbeam-epoch v0.9.4
[INFO] [stderr]     Checking crossbeam-channel v0.5.1
[INFO] [stderr]     Checking crossbeam-deque v0.8.0
[INFO] [stderr]     Checking futures-util v0.3.14
[INFO] [stderr]     Checking rayon-core v1.9.0
[INFO] [stderr]     Checking rayon v1.5.0
[INFO] [stderr]     Checking futures-executor v0.3.14
[INFO] [stderr]     Checking futures v0.3.14
[INFO] [stderr]     Checking hotdrink-rs v0.1.3 (/opt/rustwide/workdir)
[INFO] [stdout] error[E0554]: `#![feature]` may not be used on the beta release channel
[INFO] [stdout]    --> src/lib.rs:105:1
[INFO] [stdout]     |
[INFO] [stdout] 105 | #![feature(test)]
[INFO] [stdout]     | ^^^^^^^^^^^^^^^^^
[INFO] [stdout] 
[INFO] [stdout] 
[INFO] [stdout] error[E0554]: `#![feature]` may not be used on the beta release channel
[INFO] [stdout]    --> src/lib.rs:106:1
[INFO] [stdout]     |
[INFO] [stdout] 106 | #![feature(result_flattening)]
[INFO] [stdout]     | ^^^^^^^^^^^^^^^^^^^^^^^^^^^^^^
[INFO] [stdout] 
[INFO] [stdout] 
[INFO] [stdout] error[E0554]: `#![feature]` may not be used on the beta release channel
[INFO] [stdout]    --> src/lib.rs:107:1
[INFO] [stdout]     |
[INFO] [stdout] 107 | #![feature(stmt_expr_attributes)]
[INFO] [stdout]     | ^^^^^^^^^^^^^^^^^^^^^^^^^^^^^^^^^
[INFO] [stdout] 
[INFO] [stdout] 
[INFO] [stdout] error[E0554]: `#![feature]` may not be used on the beta release channel
[INFO] [stdout]    --> src/lib.rs:108:1
[INFO] [stdout]     |
[INFO] [stdout] 108 | #![feature(drain_filter)]
[INFO] [stdout]     | ^^^^^^^^^^^^^^^^^^^^^^^^^
[INFO] [stdout] 
[INFO] [stdout] 
[INFO] [stdout] error[E0554]: `#![feature]` may not be used on the beta release channel
[INFO] [stdout]    --> src/lib.rs:109:1
[INFO] [stdout]     |
[INFO] [stdout] 109 | #![feature(concat_idents)]
[INFO] [stdout]     | ^^^^^^^^^^^^^^^^^^^^^^^^^^
[INFO] [stdout] 
[INFO] [stdout] 
[INFO] [stdout] error[E0554]: `#![feature]` may not be used on the beta release channel
[INFO] [stdout]    --> src/lib.rs:110:1
[INFO] [stdout]     |
[INFO] [stdout] 110 | #![feature(vec_into_raw_parts)]
[INFO] [stdout]     | ^^^^^^^^^^^^^^^^^^^^^^^^^^^^^^^
[INFO] [stdout] 
[INFO] [stdout] 
[INFO] [stdout] error: aborting due to 6 previous errors
[INFO] [stdout] 
[INFO] [stdout] 
[INFO] [stdout] For more information about this error, try `rustc --explain E0554`.
[INFO] [stdout] 
[INFO] [stderr] error: could not compile `hotdrink-rs` due to 7 previous errors
[INFO] [stderr] warning: build failed, waiting for other jobs to finish...
[INFO] [stderr] error: build failed
[INFO] running `Command { std: "docker" "inspect" "c58f6a9178fe0727319177d62735485f6a8d3b08838f18cf9880b7fd75a12f62", kill_on_drop: false }`
[INFO] running `Command { std: "docker" "rm" "-f" "c58f6a9178fe0727319177d62735485f6a8d3b08838f18cf9880b7fd75a12f62", kill_on_drop: false }`
[INFO] [stdout] c58f6a9178fe0727319177d62735485f6a8d3b08838f18cf9880b7fd75a12f62
