[INFO] fetching crate holochain_serialized_bytes 0.0.51...
[INFO] checking holochain_serialized_bytes-0.0.51 against beta-2021-10-15 for beta-1.56-3
[INFO] extracting crate holochain_serialized_bytes 0.0.51 into /workspace/builds/worker-11/source
[INFO] validating manifest of crates.io crate holochain_serialized_bytes 0.0.51 on toolchain beta-2021-10-15
[INFO] running `Command { std: "/workspace/cargo-home/bin/cargo" "+beta-2021-10-15" "metadata" "--manifest-path" "Cargo.toml" "--no-deps", kill_on_drop: false }`
[INFO] started tweaking crates.io crate holochain_serialized_bytes 0.0.51
[INFO] finished tweaking crates.io crate holochain_serialized_bytes 0.0.51
[INFO] tweaked toml for crates.io crate holochain_serialized_bytes 0.0.51 written to /workspace/builds/worker-11/source/Cargo.toml
[INFO] running `Command { std: "/workspace/cargo-home/bin/cargo" "+beta-2021-10-15" "generate-lockfile" "--manifest-path" "Cargo.toml" "-Zno-index-update", kill_on_drop: false }`
[INFO] [stderr]     Blocking waiting for file lock on package cache
[INFO] running `Command { std: "/workspace/cargo-home/bin/cargo" "+beta-2021-10-15" "fetch" "--manifest-path" "Cargo.toml", kill_on_drop: false }`
[INFO] running `Command { std: "docker" "create" "-v" "/var/lib/crater-agent-workspace/builds/worker-11/target:/opt/rustwide/target:rw,Z" "-v" "/var/lib/crater-agent-workspace/builds/worker-11/source:/opt/rustwide/workdir:ro,Z" "-v" "/var/lib/crater-agent-workspace/cargo-home:/opt/rustwide/cargo-home:ro,Z" "-v" "/var/lib/crater-agent-workspace/rustup-home:/opt/rustwide/rustup-home:ro,Z" "-e" "SOURCE_DIR=/opt/rustwide/workdir" "-e" "CARGO_TARGET_DIR=/opt/rustwide/target" "-e" "CARGO_HOME=/opt/rustwide/cargo-home" "-e" "RUSTUP_HOME=/opt/rustwide/rustup-home" "-w" "/opt/rustwide/workdir" "-m" "1610612736" "--user" "0:0" "--network" "none" "ghcr.io/rust-lang/crates-build-env/linux@sha256:a89201d6b5b9fd45c15d5952ece0a0129e7e80cb26ec023fd59cf09bc26f1604" "/opt/rustwide/cargo-home/bin/cargo" "+beta-2021-10-15" "metadata" "--no-deps" "--format-version=1", kill_on_drop: false }`
[INFO] [stderr] WARNING: Your kernel does not support swap limit capabilities or the cgroup is not mounted. Memory limited without swap.
[INFO] [stdout] 4d5b66379ae48992050348bd21dfadb0d7862e1d0e9129347f3e98fb6f525d29
[INFO] running `Command { std: "docker" "start" "-a" "4d5b66379ae48992050348bd21dfadb0d7862e1d0e9129347f3e98fb6f525d29", kill_on_drop: false }`
[INFO] running `Command { std: "docker" "inspect" "4d5b66379ae48992050348bd21dfadb0d7862e1d0e9129347f3e98fb6f525d29", kill_on_drop: false }`
[INFO] running `Command { std: "docker" "rm" "-f" "4d5b66379ae48992050348bd21dfadb0d7862e1d0e9129347f3e98fb6f525d29", kill_on_drop: false }`
[INFO] [stdout] 4d5b66379ae48992050348bd21dfadb0d7862e1d0e9129347f3e98fb6f525d29
[INFO] running `Command { std: "docker" "create" "-v" "/var/lib/crater-agent-workspace/builds/worker-11/target:/opt/rustwide/target:rw,Z" "-v" "/var/lib/crater-agent-workspace/builds/worker-11/source:/opt/rustwide/workdir:ro,Z" "-v" "/var/lib/crater-agent-workspace/cargo-home:/opt/rustwide/cargo-home:ro,Z" "-v" "/var/lib/crater-agent-workspace/rustup-home:/opt/rustwide/rustup-home:ro,Z" "-e" "SOURCE_DIR=/opt/rustwide/workdir" "-e" "CARGO_TARGET_DIR=/opt/rustwide/target" "-e" "CARGO_INCREMENTAL=0" "-e" "RUST_BACKTRACE=full" "-e" "RUSTFLAGS=--cap-lints=warn" "-e" "CARGO_HOME=/opt/rustwide/cargo-home" "-e" "RUSTUP_HOME=/opt/rustwide/rustup-home" "-w" "/opt/rustwide/workdir" "-m" "1610612736" "--user" "0:0" "--network" "none" "ghcr.io/rust-lang/crates-build-env/linux@sha256:a89201d6b5b9fd45c15d5952ece0a0129e7e80cb26ec023fd59cf09bc26f1604" "/opt/rustwide/cargo-home/bin/cargo" "+beta-2021-10-15" "check" "--frozen" "--all" "--all-targets" "--message-format=json", kill_on_drop: false }`
[INFO] [stdout] 682cf78b3d29b031889ad072b17a605cccce546f55c23261e7915d102efcf34c
[INFO] [stderr] WARNING: Your kernel does not support swap limit capabilities or the cgroup is not mounted. Memory limited without swap.
[INFO] running `Command { std: "docker" "start" "-a" "682cf78b3d29b031889ad072b17a605cccce546f55c23261e7915d102efcf34c", kill_on_drop: false }`
[INFO] [stderr]     Checking chrono v0.4.19
[INFO] [stderr]    Compiling holochain_serialized_bytes_derive v0.0.51
[INFO] [stderr]     Checking serde v1.0.130
[INFO] [stderr]     Checking serde_json v1.0.68
[INFO] [stderr]     Checking bstr v0.2.17
[INFO] [stderr]     Checking serde_bytes v0.11.5
[INFO] [stderr]     Checking tracing-serde v0.1.2
[INFO] [stderr]     Checking rmp-serde v0.15.5
[INFO] [stderr]     Checking serde-transcode v1.1.1
[INFO] [stderr]     Checking serde_cbor v0.11.2
[INFO] [stderr]     Checking csv v1.1.6
[INFO] [stderr]     Checking tinytemplate v1.2.1
[INFO] [stderr]     Checking tracing-subscriber v0.2.25
[INFO] [stderr]     Checking holochain_serialized_bytes v0.0.51 (/opt/rustwide/workdir)
[INFO] [stderr]     Checking criterion v0.3.5
[INFO] [stdout] warning: unnecessary trailing semicolon
[INFO] [stdout]   --> benches/bench.rs:54:6
[INFO] [stdout]    |
[INFO] [stdout] 54 |     };
[INFO] [stdout]    |      ^ help: remove this semicolon
[INFO] [stdout]    |
[INFO] [stdout]    = note: `#[warn(redundant_semicolons)]` on by default
[INFO] [stdout] 
[INFO] [stdout] 
[INFO] [stdout] warning: unnecessary trailing semicolon
[INFO] [stdout]   --> benches/bench.rs:86:6
[INFO] [stdout]    |
[INFO] [stdout] 86 |     };
[INFO] [stdout]    |      ^ help: remove this semicolon
[INFO] [stdout] 
[INFO] [stdout] 
[INFO] [stdout] error[E0277]: `StringNewType` doesn't implement `Debug`
[INFO] [stdout]   --> benches/bench.rs:6:48
[INFO] [stdout]    |
[INFO] [stdout] 6  | #[derive(serde::Serialize, serde::Deserialize, SerializedBytes)]
[INFO] [stdout]    |                                                ^^^^^^^^^^^^^^^ `StringNewType` cannot be formatted using `{:?}`
[INFO] [stdout]    |
[INFO] [stdout]    = help: the trait `Debug` is not implemented for `StringNewType`
[INFO] [stdout]    = note: add `#[derive(Debug)]` to `StringNewType` or manually `impl Debug for StringNewType`
[INFO] [stdout] note: required by a bound in `encode`
[INFO] [stdout]   --> /opt/rustwide/workdir/src/lib.rs:13:37
[INFO] [stdout]    |
[INFO] [stdout] 13 | pub fn encode<T: serde::Serialize + std::fmt::Debug>(
[INFO] [stdout]    |                                     ^^^^^^^^^^^^^^^ required by this bound in `encode`
[INFO] [stdout]    = note: this error originates in the macro `holochain_serial` (in Nightly builds, run with -Z macro-backtrace for more info)
[INFO] [stdout] 
[INFO] [stdout] 
[INFO] [stdout] error[E0277]: `StringNewType` doesn't implement `Debug`
[INFO] [stdout]   --> benches/bench.rs:6:48
[INFO] [stdout]    |
[INFO] [stdout] 6  | #[derive(serde::Serialize, serde::Deserialize, SerializedBytes)]
[INFO] [stdout]    |                                                ^^^^^^^^^^^^^^^ `StringNewType` cannot be formatted using `{:?}`
[INFO] [stdout]    |
[INFO] [stdout]    = help: the trait `Debug` is not implemented for `StringNewType`
[INFO] [stdout]    = note: add `#[derive(Debug)]` to `StringNewType` or manually `impl Debug for StringNewType`
[INFO] [stdout] note: required by a bound in `decode`
[INFO] [stdout]   --> /opt/rustwide/workdir/src/lib.rs:39:26
[INFO] [stdout]    |
[INFO] [stdout] 39 |     T: Deserialize<'a> + std::fmt::Debug,
[INFO] [stdout]    |                          ^^^^^^^^^^^^^^^ required by this bound in `decode`
[INFO] [stdout]    = note: this error originates in the macro `holochain_serial` (in Nightly builds, run with -Z macro-backtrace for more info)
[INFO] [stdout] 
[INFO] [stdout] 
[INFO] [stdout] error[E0277]: `GenericBytesNewType` doesn't implement `Debug`
[INFO] [stdout]   --> benches/bench.rs:29:48
[INFO] [stdout]    |
[INFO] [stdout] 29 | #[derive(serde::Serialize, serde::Deserialize, SerializedBytes)]
[INFO] [stdout]    |                                                ^^^^^^^^^^^^^^^ `GenericBytesNewType` cannot be formatted using `{:?}`
[INFO] [stdout]    |
[INFO] [stdout]    = help: the trait `Debug` is not implemented for `GenericBytesNewType`
[INFO] [stdout]    = note: add `#[derive(Debug)]` to `GenericBytesNewType` or manually `impl Debug for GenericBytesNewType`
[INFO] [stdout] note: required by a bound in `encode`
[INFO] [stdout]   --> /opt/rustwide/workdir/src/lib.rs:13:37
[INFO] [stdout]    |
[INFO] [stdout] 13 | pub fn encode<T: serde::Serialize + std::fmt::Debug>(
[INFO] [stdout]    |                                     ^^^^^^^^^^^^^^^ required by this bound in `encode`
[INFO] [stdout]    = note: this error originates in the macro `holochain_serial` (in Nightly builds, run with -Z macro-backtrace for more info)
[INFO] [stdout] 
[INFO] [stdout] 
[INFO] [stdout] error[E0277]: `GenericBytesNewType` doesn't implement `Debug`
[INFO] [stdout]   --> benches/bench.rs:29:48
[INFO] [stdout]    |
[INFO] [stdout] 29 | #[derive(serde::Serialize, serde::Deserialize, SerializedBytes)]
[INFO] [stdout]    |                                                ^^^^^^^^^^^^^^^ `GenericBytesNewType` cannot be formatted using `{:?}`
[INFO] [stdout]    |
[INFO] [stdout]    = help: the trait `Debug` is not implemented for `GenericBytesNewType`
[INFO] [stdout]    = note: add `#[derive(Debug)]` to `GenericBytesNewType` or manually `impl Debug for GenericBytesNewType`
[INFO] [stdout] note: required by a bound in `decode`
[INFO] [stdout]   --> /opt/rustwide/workdir/src/lib.rs:39:26
[INFO] [stdout]    |
[INFO] [stdout] 39 |     T: Deserialize<'a> + std::fmt::Debug,
[INFO] [stdout]    |                          ^^^^^^^^^^^^^^^ required by this bound in `decode`
[INFO] [stdout]    = note: this error originates in the macro `holochain_serial` (in Nightly builds, run with -Z macro-backtrace for more info)
[INFO] [stdout] 
[INFO] [stdout] 
[INFO] [stdout] error[E0277]: `SpecializedBytesNewType` doesn't implement `Debug`
[INFO] [stdout]   --> benches/bench.rs:31:48
[INFO] [stdout]    |
[INFO] [stdout] 31 | #[derive(serde::Serialize, serde::Deserialize, SerializedBytes)]
[INFO] [stdout]    |                                                ^^^^^^^^^^^^^^^ `SpecializedBytesNewType` cannot be formatted using `{:?}`
[INFO] [stdout]    |
[INFO] [stdout]    = help: the trait `Debug` is not implemented for `SpecializedBytesNewType`
[INFO] [stdout]    = note: add `#[derive(Debug)]` to `SpecializedBytesNewType` or manually `impl Debug for SpecializedBytesNewType`
[INFO] [stdout] note: required by a bound in `encode`
[INFO] [stdout]   --> /opt/rustwide/workdir/src/lib.rs:13:37
[INFO] [stdout]    |
[INFO] [stdout] 13 | pub fn encode<T: serde::Serialize + std::fmt::Debug>(
[INFO] [stdout]    |                                     ^^^^^^^^^^^^^^^ required by this bound in `encode`
[INFO] [stdout]    = note: this error originates in the macro `holochain_serial` (in Nightly builds, run with -Z macro-backtrace for more info)
[INFO] [stdout] 
[INFO] [stdout] 
[INFO] [stdout] error[E0277]: `SpecializedBytesNewType` doesn't implement `Debug`
[INFO] [stdout]   --> benches/bench.rs:31:48
[INFO] [stdout]    |
[INFO] [stdout] 31 | #[derive(serde::Serialize, serde::Deserialize, SerializedBytes)]
[INFO] [stdout]    |                                                ^^^^^^^^^^^^^^^ `SpecializedBytesNewType` cannot be formatted using `{:?}`
[INFO] [stdout]    |
[INFO] [stdout]    = help: the trait `Debug` is not implemented for `SpecializedBytesNewType`
[INFO] [stdout]    = note: add `#[derive(Debug)]` to `SpecializedBytesNewType` or manually `impl Debug for SpecializedBytesNewType`
[INFO] [stdout] note: required by a bound in `decode`
[INFO] [stdout]   --> /opt/rustwide/workdir/src/lib.rs:39:26
[INFO] [stdout]    |
[INFO] [stdout] 39 |     T: Deserialize<'a> + std::fmt::Debug,
[INFO] [stdout]    |                          ^^^^^^^^^^^^^^^ required by this bound in `decode`
[INFO] [stdout]    = note: this error originates in the macro `holochain_serial` (in Nightly builds, run with -Z macro-backtrace for more info)
[INFO] [stdout] 
[INFO] [stdout] 
[INFO] [stdout] error[E0277]: `SerializedBytesNewType` doesn't implement `Debug`
[INFO] [stdout]   --> benches/bench.rs:62:48
[INFO] [stdout]    |
[INFO] [stdout] 62 | #[derive(serde::Serialize, serde::Deserialize, SerializedBytes)]
[INFO] [stdout]    |                                                ^^^^^^^^^^^^^^^ `SerializedBytesNewType` cannot be formatted using `{:?}`
[INFO] [stdout]    |
[INFO] [stdout]    = help: the trait `Debug` is not implemented for `SerializedBytesNewType`
[INFO] [stdout]    = note: add `#[derive(Debug)]` to `SerializedBytesNewType` or manually `impl Debug for SerializedBytesNewType`
[INFO] [stdout] note: required by a bound in `encode`
[INFO] [stdout]   --> /opt/rustwide/workdir/src/lib.rs:13:37
[INFO] [stdout]    |
[INFO] [stdout] 13 | pub fn encode<T: serde::Serialize + std::fmt::Debug>(
[INFO] [stdout]    |                                     ^^^^^^^^^^^^^^^ required by this bound in `encode`
[INFO] [stdout]    = note: this error originates in the macro `holochain_serial` (in Nightly builds, run with -Z macro-backtrace for more info)
[INFO] [stdout] 
[INFO] [stdout] 
[INFO] [stdout] error[E0277]: `SerializedBytesNewType` doesn't implement `Debug`
[INFO] [stdout]   --> benches/bench.rs:62:48
[INFO] [stdout]    |
[INFO] [stdout] 62 | #[derive(serde::Serialize, serde::Deserialize, SerializedBytes)]
[INFO] [stdout]    |                                                ^^^^^^^^^^^^^^^ `SerializedBytesNewType` cannot be formatted using `{:?}`
[INFO] [stdout]    |
[INFO] [stdout]    = help: the trait `Debug` is not implemented for `SerializedBytesNewType`
[INFO] [stdout]    = note: add `#[derive(Debug)]` to `SerializedBytesNewType` or manually `impl Debug for SerializedBytesNewType`
[INFO] [stdout] note: required by a bound in `decode`
[INFO] [stdout]   --> /opt/rustwide/workdir/src/lib.rs:39:26
[INFO] [stdout]    |
[INFO] [stdout] 39 |     T: Deserialize<'a> + std::fmt::Debug,
[INFO] [stdout]    |                          ^^^^^^^^^^^^^^^ required by this bound in `decode`
[INFO] [stdout]    = note: this error originates in the macro `holochain_serial` (in Nightly builds, run with -Z macro-backtrace for more info)
[INFO] [stdout] 
[INFO] [stdout] 
[INFO] [stdout] error: aborting due to 8 previous errors; 2 warnings emitted
[INFO] [stdout] 
[INFO] [stdout] 
[INFO] [stdout] For more information about this error, try `rustc --explain E0277`.
[INFO] [stdout] 
[INFO] [stderr] error: could not compile `holochain_serialized_bytes` due to 9 previous errors; 2 warnings emitted
[INFO] [stderr] warning: build failed, waiting for other jobs to finish...
[INFO] [stderr] error: build failed
[INFO] running `Command { std: "docker" "inspect" "682cf78b3d29b031889ad072b17a605cccce546f55c23261e7915d102efcf34c", kill_on_drop: false }`
[INFO] running `Command { std: "docker" "rm" "-f" "682cf78b3d29b031889ad072b17a605cccce546f55c23261e7915d102efcf34c", kill_on_drop: false }`
[INFO] [stdout] 682cf78b3d29b031889ad072b17a605cccce546f55c23261e7915d102efcf34c
