[INFO] fetching crate hitbox 0.1.1...
[INFO] checking hitbox-0.1.1 against 1.55.0 for beta-1.56-3
[INFO] extracting crate hitbox 0.1.1 into /workspace/builds/worker-2/source
[INFO] validating manifest of crates.io crate hitbox 0.1.1 on toolchain 1.55.0
[INFO] running `Command { std: "/workspace/cargo-home/bin/cargo" "+1.55.0" "metadata" "--manifest-path" "Cargo.toml" "--no-deps", kill_on_drop: false }`
[INFO] started tweaking crates.io crate hitbox 0.1.1
[INFO] finished tweaking crates.io crate hitbox 0.1.1
[INFO] tweaked toml for crates.io crate hitbox 0.1.1 written to /workspace/builds/worker-2/source/Cargo.toml
[INFO] running `Command { std: "/workspace/cargo-home/bin/cargo" "+1.55.0" "generate-lockfile" "--manifest-path" "Cargo.toml" "-Zno-index-update", kill_on_drop: false }`
[INFO] running `Command { std: "/workspace/cargo-home/bin/cargo" "+1.55.0" "fetch" "--manifest-path" "Cargo.toml", kill_on_drop: false }`
[INFO] [stderr]     Blocking waiting for file lock on package cache
[INFO] running `Command { std: "docker" "create" "-v" "/var/lib/crater-agent-workspace/builds/worker-2/target:/opt/rustwide/target:rw,Z" "-v" "/var/lib/crater-agent-workspace/builds/worker-2/source:/opt/rustwide/workdir:ro,Z" "-v" "/var/lib/crater-agent-workspace/cargo-home:/opt/rustwide/cargo-home:ro,Z" "-v" "/var/lib/crater-agent-workspace/rustup-home:/opt/rustwide/rustup-home:ro,Z" "-e" "SOURCE_DIR=/opt/rustwide/workdir" "-e" "CARGO_TARGET_DIR=/opt/rustwide/target" "-e" "CARGO_HOME=/opt/rustwide/cargo-home" "-e" "RUSTUP_HOME=/opt/rustwide/rustup-home" "-w" "/opt/rustwide/workdir" "-m" "1610612736" "--user" "0:0" "--network" "none" "ghcr.io/rust-lang/crates-build-env/linux@sha256:a89201d6b5b9fd45c15d5952ece0a0129e7e80cb26ec023fd59cf09bc26f1604" "/opt/rustwide/cargo-home/bin/cargo" "+1.55.0" "metadata" "--no-deps" "--format-version=1", kill_on_drop: false }`
[INFO] [stdout] 84636c09117895a4400783c9df4dab8a3503af8598f69cfa66e9e5aac251c14e
[INFO] [stderr] WARNING: Your kernel does not support swap limit capabilities or the cgroup is not mounted. Memory limited without swap.
[INFO] running `Command { std: "docker" "start" "-a" "84636c09117895a4400783c9df4dab8a3503af8598f69cfa66e9e5aac251c14e", kill_on_drop: false }`
[INFO] running `Command { std: "docker" "inspect" "84636c09117895a4400783c9df4dab8a3503af8598f69cfa66e9e5aac251c14e", kill_on_drop: false }`
[INFO] running `Command { std: "docker" "rm" "-f" "84636c09117895a4400783c9df4dab8a3503af8598f69cfa66e9e5aac251c14e", kill_on_drop: false }`
[INFO] [stdout] 84636c09117895a4400783c9df4dab8a3503af8598f69cfa66e9e5aac251c14e
[INFO] running `Command { std: "docker" "create" "-v" "/var/lib/crater-agent-workspace/builds/worker-2/target:/opt/rustwide/target:rw,Z" "-v" "/var/lib/crater-agent-workspace/builds/worker-2/source:/opt/rustwide/workdir:ro,Z" "-v" "/var/lib/crater-agent-workspace/cargo-home:/opt/rustwide/cargo-home:ro,Z" "-v" "/var/lib/crater-agent-workspace/rustup-home:/opt/rustwide/rustup-home:ro,Z" "-e" "SOURCE_DIR=/opt/rustwide/workdir" "-e" "CARGO_TARGET_DIR=/opt/rustwide/target" "-e" "CARGO_INCREMENTAL=0" "-e" "RUST_BACKTRACE=full" "-e" "RUSTFLAGS=--cap-lints=warn" "-e" "CARGO_HOME=/opt/rustwide/cargo-home" "-e" "RUSTUP_HOME=/opt/rustwide/rustup-home" "-w" "/opt/rustwide/workdir" "-m" "1610612736" "--user" "0:0" "--network" "none" "ghcr.io/rust-lang/crates-build-env/linux@sha256:a89201d6b5b9fd45c15d5952ece0a0129e7e80cb26ec023fd59cf09bc26f1604" "/opt/rustwide/cargo-home/bin/cargo" "+1.55.0" "check" "--frozen" "--all" "--all-targets" "--message-format=json", kill_on_drop: false }`
[INFO] [stderr] WARNING: Your kernel does not support swap limit capabilities or the cgroup is not mounted. Memory limited without swap.
[INFO] [stdout] ec75ffbd98c13bece130b5a8d6df3bec4a3fdc1347e2d65caaae94b35f572f03
[INFO] running `Command { std: "docker" "start" "-a" "ec75ffbd98c13bece130b5a8d6df3bec4a3fdc1347e2d65caaae94b35f572f03", kill_on_drop: false }`
[INFO] [stderr]     Checking bytestring v1.0.0
[INFO] [stderr]    Compiling brotli-sys v0.3.2
[INFO] [stderr]     Checking time v0.1.44
[INFO] [stderr]     Checking threadpool v1.8.1
[INFO] [stderr]     Checking resolv-conf v0.7.0
[INFO] [stderr]     Checking mio-uds v0.6.8
[INFO] [stderr]    Compiling actix-macros v0.1.3
[INFO] [stderr]    Compiling enum-as-inner v0.3.3
[INFO] [stderr]    Compiling actix_derive v0.5.0
[INFO] [stderr]    Compiling actix-web-codegen v0.4.0
[INFO] [stderr]     Checking futures-util v0.3.17
[INFO] [stderr]     Checking tracing-futures v0.2.5
[INFO] [stderr]     Checking time v0.2.27
[INFO] [stderr]     Checking actix-threadpool v0.3.3
[INFO] [stderr]     Checking tokio v0.2.25
[INFO] [stderr]     Checking actix-router v0.2.7
[INFO] [stderr]     Checking chrono v0.4.19
[INFO] [stderr]     Checking cookie v0.14.4
[INFO] [stderr]     Checking futures v0.3.17
[INFO] [stderr]     Checking actix-service v1.0.6
[INFO] [stderr]     Checking tokio-util v0.3.1
[INFO] [stderr]     Checking actix-rt v1.1.1
[INFO] [stderr]     Checking trust-dns-proto v0.19.7
[INFO] [stderr]     Checking actix-codec v0.3.0
[INFO] [stderr]     Checking h2 v0.2.7
[INFO] [stderr]     Checking actix-utils v2.0.0
[INFO] [stderr]     Checking brotli2 v0.3.2
[INFO] [stderr]     Checking trust-dns-resolver v0.19.7
[INFO] [stderr]     Checking actix-server v1.0.4
[INFO] [stderr]     Checking actix-tls v2.0.0
[INFO] [stderr]     Checking actix-testing v1.0.1
[INFO] [stderr]     Checking actix-connect v2.0.0
[INFO] [stderr]     Checking actix v0.10.0
[INFO] [stderr]     Checking hitbox-backend v0.1.1
[INFO] [stderr]     Checking hitbox v0.1.1 (/opt/rustwide/workdir)
[INFO] [stderr]     Checking actix-http v2.2.1
[INFO] [stderr]     Checking awc v2.0.3
[INFO] [stderr]     Checking actix-web v3.3.2
[INFO] [stdout] error: cannot find derive macro `CacheableResponse` in this scope
[INFO] [stdout]  --> tests/cacheable_response_derive.rs:4:10
[INFO] [stdout]   |
[INFO] [stdout] 4 | #[derive(CacheableResponse, Serialize, Clone, Debug, Eq, PartialEq)]
[INFO] [stdout]   |          ^^^^^^^^^^^^^^^^^
[INFO] [stdout] 
[INFO] [stdout] 
[INFO] [stdout] error: cannot find derive macro `CacheableResponse` in this scope
[INFO] [stdout]   --> tests/cacheable_response_derive.rs:23:10
[INFO] [stdout]    |
[INFO] [stdout] 23 | #[derive(CacheableResponse, Serialize, Clone, Debug, Eq, PartialEq)]
[INFO] [stdout]    |          ^^^^^^^^^^^^^^^^^
[INFO] [stdout] 
[INFO] [stdout] 
[INFO] [stdout] error: cannot find derive macro `Cacheable` in this scope
[INFO] [stdout]  --> tests/cacheable_derive.rs:4:10
[INFO] [stdout]   |
[INFO] [stdout] 4 | #[derive(Cacheable, Serialize)]
[INFO] [stdout]   |          ^^^^^^^^^
[INFO] [stdout] 
[INFO] [stdout] 
[INFO] [stdout] error: cannot find derive macro `Cacheable` in this scope
[INFO] [stdout]   --> tests/cacheable_derive.rs:22:10
[INFO] [stdout]    |
[INFO] [stdout] 22 | #[derive(Cacheable, Serialize)]
[INFO] [stdout]    |          ^^^^^^^^^
[INFO] [stdout] 
[INFO] [stdout] 
[INFO] [stdout] error: cannot find derive macro `Cacheable` in this scope
[INFO] [stdout]   --> tests/cacheable_derive.rs:42:10
[INFO] [stdout]    |
[INFO] [stdout] 42 | #[derive(Cacheable, Serialize)]
[INFO] [stdout]    |          ^^^^^^^^^
[INFO] [stdout] 
[INFO] [stdout] 
[INFO] [stdout] error: cannot find derive macro `Cacheable` in this scope
[INFO] [stdout]   --> tests/cacheable_derive.rs:61:10
[INFO] [stdout]    |
[INFO] [stdout] 61 | #[derive(Cacheable, Serialize)]
[INFO] [stdout]    |          ^^^^^^^^^
[INFO] [stdout] 
[INFO] [stdout] 
[INFO] [stdout] error: cannot find derive macro `Cacheable` in this scope
[INFO] [stdout]   --> tests/cacheable_derive.rs:82:10
[INFO] [stdout]    |
[INFO] [stdout] 82 | #[derive(Cacheable, Serialize)]
[INFO] [stdout]    |          ^^^^^^^^^
[INFO] [stdout] 
[INFO] [stdout] 
[INFO] [stdout] error: cannot find derive macro `Cacheable` in this scope
[INFO] [stdout]   --> tests/cacheable_derive.rs:99:10
[INFO] [stdout]    |
[INFO] [stdout] 99 | #[derive(Cacheable, Serialize)]
[INFO] [stdout]    |          ^^^^^^^^^
[INFO] [stdout] 
[INFO] [stdout] 
[INFO] [stdout] error: cannot find derive macro `Cacheable` in this scope
[INFO] [stdout]    --> tests/cacheable_derive.rs:108:10
[INFO] [stdout]     |
[INFO] [stdout] 108 | #[derive(Cacheable, Serialize)]
[INFO] [stdout]     |          ^^^^^^^^^
[INFO] [stdout] 
[INFO] [stdout] 
[INFO] [stdout] error: cannot find attribute `cache_ttl` in this scope
[INFO] [stdout]    --> tests/cacheable_derive.rs:109:3
[INFO] [stdout]     |
[INFO] [stdout] 109 | #[cache_ttl(42)]
[INFO] [stdout]     |   ^^^^^^^^^
[INFO] [stdout] 
[INFO] [stdout] 
[INFO] [stdout] error: cannot find attribute `cache_stale_ttl` in this scope
[INFO] [stdout]    --> tests/cacheable_derive.rs:110:3
[INFO] [stdout]     |
[INFO] [stdout] 110 | #[cache_stale_ttl(30)]
[INFO] [stdout]     |   ^^^^^^^^^^^^^^^
[INFO] [stdout] 
[INFO] [stdout] 
[INFO] [stdout] error: cannot find attribute `cache_version` in this scope
[INFO] [stdout]    --> tests/cacheable_derive.rs:111:3
[INFO] [stdout]     |
[INFO] [stdout] 111 | #[cache_version(1)]
[INFO] [stdout]     |   ^^^^^^^^^^^^^
[INFO] [stdout] 
[INFO] [stdout] 
[INFO] [stdout] error: cannot find derive macro `Cacheable` in this scope
[INFO] [stdout]    --> tests/cacheable_derive.rs:128:10
[INFO] [stdout]     |
[INFO] [stdout] 128 | #[derive(Cacheable, Serialize)]
[INFO] [stdout]     |          ^^^^^^^^^
[INFO] [stdout] 
[INFO] [stdout] 
[INFO] [stdout] error[E0599]: no method named `into_cache_policy` found for struct `Message` in the current scope
[INFO] [stdout]   --> tests/cacheable_response_derive.rs:16:34
[INFO] [stdout]    |
[INFO] [stdout] 5  | struct Message {
[INFO] [stdout]    | -------------- method `into_cache_policy` not found for this
[INFO] [stdout] ...
[INFO] [stdout] 16 |     let policy = message.clone().into_cache_policy();
[INFO] [stdout]    |                                  ^^^^^^^^^^^^^^^^^ method not found in `Message`
[INFO] [stdout]    |
[INFO] [stdout]    = help: items from traits can only be used if the trait is implemented and in scope
[INFO] [stdout]    = note: the following trait defines an item `into_cache_policy`, perhaps you need to implement it:
[INFO] [stdout]            candidate #1: `CacheableResponse`
[INFO] [stdout] 
[INFO] [stdout] 
[INFO] [stdout] error[E0599]: no method named `cache_key` found for struct `Message` in the current scope
[INFO] [stdout]   --> tests/cacheable_derive.rs:17:17
[INFO] [stdout]    |
[INFO] [stdout] 5  | struct Message {
[INFO] [stdout]    | -------------- method `cache_key` not found for this
[INFO] [stdout] ...
[INFO] [stdout] 17 |         message.cache_key().unwrap(),
[INFO] [stdout]    |                 ^^^^^^^^^ method not found in `Message`
[INFO] [stdout]    |
[INFO] [stdout]    = help: items from traits can only be used if the trait is implemented and in scope
[INFO] [stdout]    = note: the following trait defines an item `cache_key`, perhaps you need to implement it:
[INFO] [stdout]            candidate #1: `hitbox::Cacheable`
[INFO] [stdout] 
[INFO] [stdout] 
[INFO] [stdout] error[E0599]: no method named `into_cache_policy` found for enum `EnumMessage` in the current scope
[INFO] [stdout]   --> tests/cacheable_response_derive.rs:31:34
[INFO] [stdout]    |
[INFO] [stdout] 24 | enum EnumMessage {
[INFO] [stdout]    | ---------------- method `into_cache_policy` not found for this
[INFO] [stdout] ...
[INFO] [stdout] 31 |     let policy = message.clone().into_cache_policy();
[INFO] [stdout]    |                                  ^^^^^^^^^^^^^^^^^ method not found in `EnumMessage`
[INFO] [stdout]    |
[INFO] [stdout]    = help: items from traits can only be used if the trait is implemented and in scope
[INFO] [stdout]    = note: the following trait defines an item `into_cache_policy`, perhaps you need to implement it:
[INFO] [stdout]            candidate #1: `CacheableResponse`
[INFO] [stdout] 
[INFO] [stdout] 
[INFO] [stdout] warning: unused import: `CacheableResponse`
[INFO] [stdout]  --> tests/cacheable_response_derive.rs:1:27
[INFO] [stdout]   |
[INFO] [stdout] 1 | use hitbox::{CachePolicy, CacheableResponse};
[INFO] [stdout]   |                           ^^^^^^^^^^^^^^^^^
[INFO] [stdout]   |
[INFO] [stdout]   = note: `#[warn(unused_imports)]` on by default
[INFO] [stdout] 
[INFO] [stdout] 
[INFO] [stdout] error[E0599]: no method named `cache_key` found for struct `PartialSerializeMessage` in the current scope
[INFO] [stdout]   --> tests/cacheable_derive.rs:37:17
[INFO] [stdout]    |
[INFO] [stdout] 24 | struct PartialSerializeMessage {
[INFO] [stdout]    | ------------------------------ method `cache_key` not found for this
[INFO] [stdout] ...
[INFO] [stdout] 37 |         message.cache_key().unwrap(),
[INFO] [stdout]    |                 ^^^^^^^^^ method not found in `PartialSerializeMessage`
[INFO] [stdout]    |
[INFO] [stdout]    = help: items from traits can only be used if the trait is implemented and in scope
[INFO] [stdout]    = note: the following trait defines an item `cache_key`, perhaps you need to implement it:
[INFO] [stdout]            candidate #1: `hitbox::Cacheable`
[INFO] [stdout] 
[INFO] [stdout] 
[INFO] [stdout] error: aborting due to 4 previous errors; 1 warning emitted
[INFO] [stdout] 
[INFO] [stdout] 
[INFO] [stdout] For more information about this error, try `rustc --explain E0599`.
[INFO] [stdout] 
[INFO] [stdout] error[E0599]: no method named `cache_key` found for struct `VecMessage` in the current scope
[INFO] [stdout]   --> tests/cacheable_derive.rs:51:17
[INFO] [stdout]    |
[INFO] [stdout] 43 | struct VecMessage {
[INFO] [stdout]    | ----------------- method `cache_key` not found for this
[INFO] [stdout] ...
[INFO] [stdout] 51 |         message.cache_key().unwrap(),
[INFO] [stdout]    |                 ^^^^^^^^^ method not found in `VecMessage`
[INFO] [stdout]    |
[INFO] [stdout]    = help: items from traits can only be used if the trait is implemented and in scope
[INFO] [stdout]    = note: the following trait defines an item `cache_key`, perhaps you need to implement it:
[INFO] [stdout]            candidate #1: `hitbox::Cacheable`
[INFO] [stdout] 
[INFO] [stdout] 
[INFO] [stderr] error: could not compile `hitbox` due to 5 previous errors; 1 warning emitted
[INFO] [stderr] warning: build failed, waiting for other jobs to finish...
[INFO] [stdout] error[E0599]: no method named `cache_key` found for struct `EnumMessage` in the current scope
[INFO] [stdout]   --> tests/cacheable_derive.rs:72:17
[INFO] [stdout]    |
[INFO] [stdout] 62 | struct EnumMessage {
[INFO] [stdout]    | ------------------ method `cache_key` not found for this
[INFO] [stdout] ...
[INFO] [stdout] 72 |         message.cache_key().unwrap(),
[INFO] [stdout]    |                 ^^^^^^^^^ method not found in `EnumMessage`
[INFO] [stdout]    |
[INFO] [stdout]    = help: items from traits can only be used if the trait is implemented and in scope
[INFO] [stdout]    = note: the following trait defines an item `cache_key`, perhaps you need to implement it:
[INFO] [stdout]            candidate #1: `hitbox::Cacheable`
[INFO] [stdout] 
[INFO] [stdout] 
[INFO] [stdout] error[E0599]: no method named `cache_key` found for struct `TupleEnumMessage` in the current scope
[INFO] [stdout]   --> tests/cacheable_derive.rs:93:17
[INFO] [stdout]    |
[INFO] [stdout] 83 | struct TupleEnumMessage {
[INFO] [stdout]    | ----------------------- method `cache_key` not found for this
[INFO] [stdout] ...
[INFO] [stdout] 93 |         message.cache_key().unwrap(),
[INFO] [stdout]    |                 ^^^^^^^^^ method not found in `TupleEnumMessage`
[INFO] [stdout]    |
[INFO] [stdout]    = help: items from traits can only be used if the trait is implemented and in scope
[INFO] [stdout]    = note: the following trait defines an item `cache_key`, perhaps you need to implement it:
[INFO] [stdout]            candidate #1: `hitbox::Cacheable`
[INFO] [stdout] 
[INFO] [stdout] 
[INFO] [stdout] error[E0599]: no method named `cache_key` found for struct `TupleMessage` in the current scope
[INFO] [stdout]    --> tests/cacheable_derive.rs:105:21
[INFO] [stdout]     |
[INFO] [stdout] 100 | struct TupleMessage(i32);
[INFO] [stdout]     | ------------------------- method `cache_key` not found for this
[INFO] [stdout] ...
[INFO] [stdout] 105 |     assert!(message.cache_key().is_err());
[INFO] [stdout]     |                     ^^^^^^^^^ method not found in `TupleMessage`
[INFO] [stdout]     |
[INFO] [stdout]     = help: items from traits can only be used if the trait is implemented and in scope
[INFO] [stdout]     = note: the following trait defines an item `cache_key`, perhaps you need to implement it:
[INFO] [stdout]             candidate #1: `hitbox::Cacheable`
[INFO] [stdout] 
[INFO] [stdout] 
[INFO] [stdout] error[E0599]: no method named `cache_ttl` found for struct `MacroHelpersMessage` in the current scope
[INFO] [stdout]    --> tests/cacheable_derive.rs:119:24
[INFO] [stdout]     |
[INFO] [stdout] 112 | struct MacroHelpersMessage {
[INFO] [stdout]     | -------------------------- method `cache_ttl` not found for this
[INFO] [stdout] ...
[INFO] [stdout] 119 |     assert_eq!(message.cache_ttl(), 42);
[INFO] [stdout]     |                        ^^^^^^^^^ method not found in `MacroHelpersMessage`
[INFO] [stdout]     |
[INFO] [stdout]     = help: items from traits can only be used if the trait is implemented and in scope
[INFO] [stdout]     = note: the following trait defines an item `cache_ttl`, perhaps you need to implement it:
[INFO] [stdout]             candidate #1: `hitbox::Cacheable`
[INFO] [stdout] 
[INFO] [stdout] 
[INFO] [stdout] error[E0599]: no method named `cache_stale_ttl` found for struct `MacroHelpersMessage` in the current scope
[INFO] [stdout]    --> tests/cacheable_derive.rs:120:24
[INFO] [stdout]     |
[INFO] [stdout] 112 | struct MacroHelpersMessage {
[INFO] [stdout]     | -------------------------- method `cache_stale_ttl` not found for this
[INFO] [stdout] ...
[INFO] [stdout] 120 |     assert_eq!(message.cache_stale_ttl(), 30);
[INFO] [stdout]     |                        ^^^^^^^^^^^^^^^ method not found in `MacroHelpersMessage`
[INFO] [stdout]     |
[INFO] [stdout]     = help: items from traits can only be used if the trait is implemented and in scope
[INFO] [stdout]     = note: the following trait defines an item `cache_stale_ttl`, perhaps you need to implement it:
[INFO] [stdout]             candidate #1: `hitbox::Cacheable`
[INFO] [stdout] 
[INFO] [stdout] 
[INFO] [stdout] error[E0599]: no method named `cache_version` found for struct `MacroHelpersMessage` in the current scope
[INFO] [stdout]    --> tests/cacheable_derive.rs:121:24
[INFO] [stdout]     |
[INFO] [stdout] 112 | struct MacroHelpersMessage {
[INFO] [stdout]     | -------------------------- method `cache_version` not found for this
[INFO] [stdout] ...
[INFO] [stdout] 121 |     assert_eq!(message.cache_version(), 1);
[INFO] [stdout]     |                        ^^^^^^^^^^^^^ method not found in `MacroHelpersMessage`
[INFO] [stdout]     |
[INFO] [stdout]     = help: items from traits can only be used if the trait is implemented and in scope
[INFO] [stdout]     = note: the following trait defines an item `cache_version`, perhaps you need to implement it:
[INFO] [stdout]             candidate #1: `hitbox::Cacheable`
[INFO] [stdout] 
[INFO] [stdout] 
[INFO] [stdout] error[E0599]: no method named `cache_key` found for struct `MacroHelpersMessage` in the current scope
[INFO] [stdout]    --> tests/cacheable_derive.rs:123:17
[INFO] [stdout]     |
[INFO] [stdout] 112 | struct MacroHelpersMessage {
[INFO] [stdout]     | -------------------------- method `cache_key` not found for this
[INFO] [stdout] ...
[INFO] [stdout] 123 |         message.cache_key().unwrap(),
[INFO] [stdout]     |                 ^^^^^^^^^ method not found in `MacroHelpersMessage`
[INFO] [stdout]     |
[INFO] [stdout]     = help: items from traits can only be used if the trait is implemented and in scope
[INFO] [stdout]     = note: the following trait defines an item `cache_key`, perhaps you need to implement it:
[INFO] [stdout]             candidate #1: `hitbox::Cacheable`
[INFO] [stdout] 
[INFO] [stdout] 
[INFO] [stdout] error[E0599]: no method named `cache_ttl` found for struct `DefaultMessage` in the current scope
[INFO] [stdout]    --> tests/cacheable_derive.rs:136:24
[INFO] [stdout]     |
[INFO] [stdout] 129 | struct DefaultMessage {
[INFO] [stdout]     | --------------------- method `cache_ttl` not found for this
[INFO] [stdout] ...
[INFO] [stdout] 136 |     assert_eq!(message.cache_ttl(), 60);
[INFO] [stdout]     |                        ^^^^^^^^^ method not found in `DefaultMessage`
[INFO] [stdout]     |
[INFO] [stdout]     = help: items from traits can only be used if the trait is implemented and in scope
[INFO] [stdout]     = note: the following trait defines an item `cache_ttl`, perhaps you need to implement it:
[INFO] [stdout]             candidate #1: `hitbox::Cacheable`
[INFO] [stdout] 
[INFO] [stdout] 
[INFO] [stdout] error[E0599]: no method named `cache_stale_ttl` found for struct `DefaultMessage` in the current scope
[INFO] [stdout]    --> tests/cacheable_derive.rs:137:24
[INFO] [stdout]     |
[INFO] [stdout] 129 | struct DefaultMessage {
[INFO] [stdout]     | --------------------- method `cache_stale_ttl` not found for this
[INFO] [stdout] ...
[INFO] [stdout] 137 |     assert_eq!(message.cache_stale_ttl(), 55);
[INFO] [stdout]     |                        ^^^^^^^^^^^^^^^ method not found in `DefaultMessage`
[INFO] [stdout]     |
[INFO] [stdout]     = help: items from traits can only be used if the trait is implemented and in scope
[INFO] [stdout]     = note: the following trait defines an item `cache_stale_ttl`, perhaps you need to implement it:
[INFO] [stdout]             candidate #1: `hitbox::Cacheable`
[INFO] [stdout] 
[INFO] [stdout] 
[INFO] [stdout] error[E0599]: no method named `cache_version` found for struct `DefaultMessage` in the current scope
[INFO] [stdout]    --> tests/cacheable_derive.rs:138:24
[INFO] [stdout]     |
[INFO] [stdout] 129 | struct DefaultMessage {
[INFO] [stdout]     | --------------------- method `cache_version` not found for this
[INFO] [stdout] ...
[INFO] [stdout] 138 |     assert_eq!(message.cache_version(), 0);
[INFO] [stdout]     |                        ^^^^^^^^^^^^^ method not found in `DefaultMessage`
[INFO] [stdout]     |
[INFO] [stdout]     = help: items from traits can only be used if the trait is implemented and in scope
[INFO] [stdout]     = note: the following trait defines an item `cache_version`, perhaps you need to implement it:
[INFO] [stdout]             candidate #1: `hitbox::Cacheable`
[INFO] [stdout] 
[INFO] [stdout] 
[INFO] [stdout] warning: unused import: `hitbox::prelude`
[INFO] [stdout]  --> tests/cacheable_derive.rs:1:5
[INFO] [stdout]   |
[INFO] [stdout] 1 | use hitbox::prelude::*;
[INFO] [stdout]   |     ^^^^^^^^^^^^^^^
[INFO] [stdout]   |
[INFO] [stdout]   = note: `#[warn(unused_imports)]` on by default
[INFO] [stdout] 
[INFO] [stdout] 
[INFO] [stdout] error: aborting due to 24 previous errors; 1 warning emitted
[INFO] [stdout] 
[INFO] [stdout] 
[INFO] [stdout] For more information about this error, try `rustc --explain E0599`.
[INFO] [stdout] 
[INFO] [stderr] error: build failed
[INFO] running `Command { std: "docker" "inspect" "ec75ffbd98c13bece130b5a8d6df3bec4a3fdc1347e2d65caaae94b35f572f03", kill_on_drop: false }`
[INFO] running `Command { std: "docker" "rm" "-f" "ec75ffbd98c13bece130b5a8d6df3bec4a3fdc1347e2d65caaae94b35f572f03", kill_on_drop: false }`
[INFO] [stdout] ec75ffbd98c13bece130b5a8d6df3bec4a3fdc1347e2d65caaae94b35f572f03
